flight 184686 linux-linus real [real] flight 184690 linux-linus real-retest [real] http://logs.test-lab.xenproject.org/osstest/logs/184686/ http://logs.test-lab.xenproject.org/osstest/logs/184690/
Failures :-/ but no regressions. Tests which are failing intermittently (not blocking): test-armhf-armhf-examine 8 reboot fail pass in 184690-retest Tests which did not succeed, but are not blocking: test-amd64-amd64-xl-qemut-win7-amd64 19 guest-stop fail like 184683 test-amd64-amd64-xl-qemuu-win7-amd64 19 guest-stop fail like 184683 test-amd64-amd64-xl-qemuu-ws16-amd64 19 guest-stop fail like 184683 test-armhf-armhf-libvirt-raw 15 saverestore-support-check fail like 184683 test-armhf-armhf-libvirt 16 saverestore-support-check fail like 184683 test-amd64-amd64-xl-qemut-ws16-amd64 19 guest-stop fail like 184683 test-armhf-armhf-libvirt-qcow2 15 saverestore-support-check fail like 184683 test-amd64-amd64-qemuu-nested-amd 20 debian-hvm-install/l1/l2 fail like 184683 test-amd64-amd64-libvirt-xsm 15 migrate-support-check fail never pass test-amd64-amd64-libvirt 15 migrate-support-check fail never pass test-arm64-arm64-xl-thunderx 15 migrate-support-check fail never pass test-arm64-arm64-xl-thunderx 16 saverestore-support-check fail never pass test-arm64-arm64-xl-credit1 15 migrate-support-check fail never pass test-arm64-arm64-xl-credit1 16 saverestore-support-check fail never pass test-arm64-arm64-xl-xsm 15 migrate-support-check fail never pass test-arm64-arm64-xl-xsm 16 saverestore-support-check fail never pass test-arm64-arm64-xl-credit2 15 migrate-support-check fail never pass test-arm64-arm64-xl-credit2 16 saverestore-support-check fail never pass test-arm64-arm64-xl 15 migrate-support-check fail never pass test-arm64-arm64-xl 16 saverestore-support-check fail never pass test-arm64-arm64-libvirt-xsm 15 migrate-support-check fail never pass test-arm64-arm64-libvirt-xsm 16 saverestore-support-check fail never pass test-armhf-armhf-xl-multivcpu 15 migrate-support-check fail never pass test-armhf-armhf-xl-multivcpu 16 saverestore-support-check fail never pass test-armhf-armhf-xl-credit2 15 migrate-support-check fail never pass test-armhf-armhf-xl-credit2 16 saverestore-support-check fail never pass test-amd64-amd64-libvirt-qcow2 14 migrate-support-check fail never pass test-armhf-armhf-xl-arndale 15 migrate-support-check fail never pass test-armhf-armhf-xl-arndale 16 saverestore-support-check fail never pass test-amd64-amd64-libvirt-raw 14 migrate-support-check fail never pass test-arm64-arm64-libvirt-raw 14 migrate-support-check fail never pass test-arm64-arm64-libvirt-raw 15 saverestore-support-check fail never pass test-arm64-arm64-xl-vhd 14 migrate-support-check fail never pass test-arm64-arm64-xl-vhd 15 saverestore-support-check fail never pass test-armhf-armhf-libvirt-raw 14 migrate-support-check fail never pass test-amd64-amd64-libvirt-qemuu-debianhvm-amd64-xsm 13 migrate-support-check fail never pass test-armhf-armhf-xl 15 migrate-support-check fail never pass test-armhf-armhf-xl 16 saverestore-support-check fail never pass test-armhf-armhf-xl-rtds 15 migrate-support-check fail never pass test-armhf-armhf-xl-rtds 16 saverestore-support-check fail never pass test-armhf-armhf-xl-credit1 15 migrate-support-check fail never pass test-armhf-armhf-xl-credit1 16 saverestore-support-check fail never pass test-armhf-armhf-libvirt 15 migrate-support-check fail never pass test-armhf-armhf-libvirt-qcow2 14 migrate-support-check fail never pass test-armhf-armhf-xl-vhd 14 migrate-support-check fail never pass test-armhf-armhf-xl-vhd 15 saverestore-support-check fail never pass version targeted for testing: linux 0f1dd5e91e2ba3990143645faff2bcce2d99778e baseline version: linux 4f5e5092fdbf5cec6bedc19fbe69cce4f5f08372 Last test of basis 184683 2024-02-16 05:59:12 Z 1 days Testing same since 184686 2024-02-16 18:12:10 Z 0 days 1 attempts ------------------------------------------------------------ People who touched revisions under test: Alex Deucher <[email protected]> Alexandru Gagniuc <[email protected]> Alexey Khoroshilov <[email protected]> Amadeusz Sławiński <[email protected]> Arnd Bergmann <[email protected]> Arunpravin Paneer Selvam <[email protected]> Attila Tőkés <[email protected]> Aurabindo Pillai <[email protected]> Bartosz Golaszewski <[email protected]> bo liu <[email protected]> Casey Schaufler <[email protected]> Cezary Rojewski <[email protected]> Charles Keepax <[email protected]> Christian König <[email protected]> Cristian Ciocaltea <[email protected]> Curtis Malainey <[email protected]> Dan Carpenter <[email protected]> Daniel Wheeler <[email protected]> Danilo Krummrich <[email protected]> Dave Airlie <[email protected]> Dmitry Baryshkov <[email protected]> Dmitry Baryshkov <[email protected]> # sc7180, sdm845 Eniac Zhang <[email protected]> Felix Kuehling <[email protected]> Gergo Koteles <[email protected]> Hamza Mahfooz <[email protected]> Hans de Goede <[email protected]> Harshit Mogalapalli <[email protected]> Heiko Stuebner <[email protected]> Jacek Lawrynowicz <[email protected]> Jani Nikula <[email protected]> Jann Horn <[email protected]> Jean-Loïc Charroud <[email protected]> Jeffrey Hugo <[email protected]> Joonas Lahtinen <[email protected]> Kent Russell <[email protected]> Krzysztof Kozlowski <[email protected]> Linus Torvalds <[email protected]> Lukas Bulwahn <[email protected]> Manasi Navare <[email protected]> Mario Limonciello <[email protected]> Mark Brown <[email protected]> Matthew Auld <[email protected]> Maxime Ripard <[email protected]> Nicholas Kazlauskas <[email protected]> Paul Moore <[email protected]> Peter Ujfalusi <[email protected]> Philip Yang <[email protected]> Rajneesh Bhardwaj <[email protected]> Ranjani Sridharan <[email protected]> Richard Fitzgerald <[email protected]> Rob Clark <[email protected]> Rob Clark <[email protected]> Roman Li <[email protected]> Shuming Fan <[email protected]> Sohaib Nadeem <[email protected]> Srinivasan Shanmugam <[email protected]> Takashi Iwai <[email protected]> Thomas Hellstrom <[email protected]> Thomas Hellström <[email protected]> Thong <[email protected]> Timur Tabi <[email protected]> Tom Chung <[email protected]> Tomasz Kudela <[email protected]> Ville Syrjälä <[email protected]> Zhikai Zhai <[email protected]> jobs: build-amd64-xsm pass build-arm64-xsm pass build-i386-xsm pass build-amd64 pass build-arm64 pass build-armhf pass build-i386 pass build-amd64-libvirt pass build-arm64-libvirt pass build-armhf-libvirt pass build-i386-libvirt pass build-amd64-pvops pass build-arm64-pvops pass build-armhf-pvops pass build-i386-pvops pass test-amd64-amd64-xl pass test-amd64-coresched-amd64-xl pass test-arm64-arm64-xl pass test-armhf-armhf-xl pass test-amd64-amd64-libvirt-qemuu-debianhvm-amd64-xsm pass test-amd64-amd64-xl-qemut-stubdom-debianhvm-amd64-xsm pass test-amd64-amd64-xl-qemut-debianhvm-i386-xsm pass test-amd64-amd64-xl-qemuu-debianhvm-i386-xsm pass test-amd64-amd64-libvirt-xsm pass test-arm64-arm64-libvirt-xsm pass test-amd64-amd64-xl-xsm pass test-arm64-arm64-xl-xsm pass test-amd64-amd64-qemuu-nested-amd fail test-amd64-amd64-xl-pvhv2-amd pass test-amd64-amd64-dom0pvh-xl-amd pass test-amd64-amd64-xl-qemut-debianhvm-amd64 pass test-amd64-amd64-xl-qemuu-debianhvm-amd64 pass test-amd64-amd64-freebsd11-amd64 pass test-amd64-amd64-freebsd12-amd64 pass test-amd64-amd64-xl-qemuu-ovmf-amd64 pass test-amd64-amd64-xl-qemut-win7-amd64 fail test-amd64-amd64-xl-qemuu-win7-amd64 fail test-amd64-amd64-xl-qemut-ws16-amd64 fail test-amd64-amd64-xl-qemuu-ws16-amd64 fail test-armhf-armhf-xl-arndale pass test-amd64-amd64-examine-bios pass test-amd64-amd64-xl-credit1 pass test-arm64-arm64-xl-credit1 pass test-armhf-armhf-xl-credit1 pass test-amd64-amd64-xl-credit2 pass test-arm64-arm64-xl-credit2 pass test-armhf-armhf-xl-credit2 pass test-amd64-amd64-xl-qemuu-dmrestrict-amd64-dmrestrict pass test-amd64-amd64-examine pass test-arm64-arm64-examine pass test-armhf-armhf-examine fail test-amd64-amd64-qemuu-nested-intel pass test-amd64-amd64-xl-pvhv2-intel pass test-amd64-amd64-dom0pvh-xl-intel pass test-amd64-amd64-libvirt pass test-armhf-armhf-libvirt pass test-amd64-amd64-xl-multivcpu pass test-armhf-armhf-xl-multivcpu pass test-amd64-amd64-pair pass test-amd64-amd64-libvirt-pair pass test-amd64-amd64-xl-pvshim pass test-amd64-amd64-pygrub pass test-amd64-amd64-libvirt-qcow2 pass test-armhf-armhf-libvirt-qcow2 pass test-amd64-amd64-libvirt-raw pass test-arm64-arm64-libvirt-raw pass test-armhf-armhf-libvirt-raw pass test-amd64-amd64-xl-rtds pass test-armhf-armhf-xl-rtds pass test-amd64-amd64-xl-qemuu-debianhvm-amd64-shadow pass test-amd64-amd64-xl-shadow pass test-arm64-arm64-xl-thunderx pass test-amd64-amd64-examine-uefi pass test-amd64-amd64-xl-vhd pass test-arm64-arm64-xl-vhd pass test-armhf-armhf-xl-vhd pass ------------------------------------------------------------ sg-report-flight on osstest.test-lab.xenproject.org logs: /home/logs/logs images: /home/logs/images Logs, config files, etc. are available at http://logs.test-lab.xenproject.org/osstest/logs Explanation of these reports, and of osstest in general, is at http://xenbits.xen.org/gitweb/?p=osstest.git;a=blob;f=README.email;hb=master http://xenbits.xen.org/gitweb/?p=osstest.git;a=blob;f=README;hb=master Test harness code can be found at http://xenbits.xen.org/gitweb?p=osstest.git;a=summary Pushing revision : hint: The 'hooks/update' hook was ignored because it's not set as executable. hint: You can disable this warning with `git config advice.ignoredHook false`. hint: The 'hooks/post-receive' hook was ignored because it's not set as executable. hint: You can disable this warning with `git config advice.ignoredHook false`. hint: The 'hooks/post-update' hook was ignored because it's not set as executable. hint: You can disable this warning with `git config advice.ignoredHook false`. To xenbits.xen.org:/home/xen/git/linux-pvops.git 4f5e5092fdbf..0f1dd5e91e2b 0f1dd5e91e2ba3990143645faff2bcce2d99778e -> tested/linux-linus
