flight 184679 linux-linus real [real] http://logs.test-lab.xenproject.org/osstest/logs/184679/
Regressions :-( Tests which did not succeed and are blocking, including tests which could not be run: test-amd64-amd64-libvirt-raw <job status> broken test-amd64-amd64-libvirt-raw 5 host-install(5) broken REGR. vs. 184671 test-armhf-armhf-xl-credit1 8 xen-boot fail REGR. vs. 184671 Tests which did not succeed, but are not blocking: test-armhf-armhf-libvirt 16 saverestore-support-check fail like 184671 test-amd64-amd64-xl-qemut-win7-amd64 19 guest-stop fail like 184671 test-amd64-amd64-xl-qemuu-win7-amd64 19 guest-stop fail like 184671 test-amd64-amd64-xl-qemuu-ws16-amd64 19 guest-stop fail like 184671 test-armhf-armhf-libvirt-qcow2 15 saverestore-support-check fail like 184671 test-armhf-armhf-libvirt-raw 15 saverestore-support-check fail like 184671 test-amd64-amd64-xl-qemut-ws16-amd64 19 guest-stop fail like 184671 test-amd64-amd64-qemuu-nested-amd 20 debian-hvm-install/l1/l2 fail like 184671 test-amd64-amd64-libvirt-xsm 15 migrate-support-check fail never pass test-amd64-amd64-libvirt 15 migrate-support-check fail never pass test-arm64-arm64-xl-thunderx 15 migrate-support-check fail never pass test-arm64-arm64-xl-thunderx 16 saverestore-support-check fail never pass test-arm64-arm64-xl-credit1 15 migrate-support-check fail never pass test-arm64-arm64-xl-credit1 16 saverestore-support-check fail never pass test-arm64-arm64-xl-xsm 15 migrate-support-check fail never pass test-arm64-arm64-xl-xsm 16 saverestore-support-check fail never pass test-arm64-arm64-xl-credit2 15 migrate-support-check fail never pass test-arm64-arm64-xl-credit2 16 saverestore-support-check fail never pass test-arm64-arm64-xl 15 migrate-support-check fail never pass test-arm64-arm64-xl 16 saverestore-support-check fail never pass test-arm64-arm64-libvirt-xsm 15 migrate-support-check fail never pass test-arm64-arm64-libvirt-xsm 16 saverestore-support-check fail never pass test-armhf-armhf-xl-multivcpu 15 migrate-support-check fail never pass test-armhf-armhf-xl-multivcpu 16 saverestore-support-check fail never pass test-armhf-armhf-xl-credit2 15 migrate-support-check fail never pass test-armhf-armhf-xl-credit2 16 saverestore-support-check fail never pass test-armhf-armhf-xl 15 migrate-support-check fail never pass test-armhf-armhf-xl 16 saverestore-support-check fail never pass test-armhf-armhf-libvirt 15 migrate-support-check fail never pass test-amd64-amd64-libvirt-qcow2 14 migrate-support-check fail never pass test-armhf-armhf-xl-arndale 15 migrate-support-check fail never pass test-armhf-armhf-xl-arndale 16 saverestore-support-check fail never pass test-arm64-arm64-libvirt-raw 14 migrate-support-check fail never pass test-arm64-arm64-libvirt-raw 15 saverestore-support-check fail never pass test-arm64-arm64-xl-vhd 14 migrate-support-check fail never pass test-arm64-arm64-xl-vhd 15 saverestore-support-check fail never pass test-armhf-armhf-libvirt-qcow2 14 migrate-support-check fail never pass test-armhf-armhf-libvirt-raw 14 migrate-support-check fail never pass test-amd64-amd64-libvirt-qemuu-debianhvm-amd64-xsm 13 migrate-support-check fail never pass test-armhf-armhf-xl-rtds 15 migrate-support-check fail never pass test-armhf-armhf-xl-rtds 16 saverestore-support-check fail never pass test-armhf-armhf-xl-vhd 14 migrate-support-check fail never pass test-armhf-armhf-xl-vhd 15 saverestore-support-check fail never pass version targeted for testing: linux 4f5e5092fdbf5cec6bedc19fbe69cce4f5f08372 baseline version: linux 8d3dea210042f54b952b481838c1e7dfc4ec751d Last test of basis 184671 2024-02-15 00:41:18 Z 1 days Testing same since 184679 2024-02-15 20:11:16 Z 0 days 1 attempts ------------------------------------------------------------ People who touched revisions under test: Aaron Conole <[email protected]> Alexander Aring <[email protected]> Allison Henderson <[email protected]> André Draszik <[email protected]> Arnd Bergmann <[email protected]> Bartosz Golaszewski <[email protected]> Ben Wolsieffer <[email protected]> Breno Leitao <[email protected]> Carlos Song <[email protected]> Chandan Kumar Rout <[email protected]> (A Contingent Worker at Intel) Christian A. Ehrhardt <[email protected]> Christian Lamparter <[email protected]> Chuck Lever <[email protected]> Dan Carpenter <[email protected]> Daniel Gabay <[email protected]> Dave Ertman <[email protected]> David S. Miller <[email protected]> Dmitry Antipov <[email protected]> Dmitry Torokhov <[email protected]> Emmanuel Grumbach <[email protected]> Eric Dumazet <[email protected]> Even Xu <[email protected]> Felix Fietkau <[email protected]> Florian Fainelli <[email protected]> Florian Fainelli <[email protected]> Gavrilov Ilia <[email protected]> Geliang Tang <[email protected]> Geliang Tang <[email protected]> Guenter Roeck <[email protected]> Horatiu Vultur <[email protected]> Ido Schimmel <[email protected]> Ivan Vecera <[email protected]> Jakub Kicinski <[email protected]> Jamal Hadi Salim <[email protected]> Jason Gerecke <[email protected]> Jason Gerecke <[email protected]> Jiri Kosina <[email protected]> Jiri Pirko <[email protected]> Johannes Berg <[email protected]> Jonathan Cameron <[email protected]> Juergen Gross <[email protected]> Kees Cook <[email protected]> Keqi Wang <[email protected]> Krzysztof Kozlowski <[email protected]> Kuniyuki Iwashima <[email protected]> Kunwu Chan <[email protected]> Kyle Swenson <[email protected]> Linus Torvalds <[email protected]> Linux Kernel Functional Testing <[email protected]> Maciej Fijalkowski <[email protected]> Magnus Karlsson <[email protected]> Manuel Fombuena <[email protected]> Marc Kleine-Budde <[email protected]> Mark Brown <[email protected]> Markus Elfring <[email protected]> Matthieu Baerts (NGI0) <[email protected]> Maxim Galaganov <[email protected]> Maxime Jayat <[email protected]> Maximilian Heyne <[email protected]> Michal Simek <[email protected]> Mika Westerberg <[email protected]> Miri Korenblit <[email protected]> Mubin Sayyed <[email protected]> Naama Meir <[email protected]> Niklas Cassel <[email protected]> Nikolay Aleksandrov <[email protected]> Nuno Sa <[email protected]> Nícolas F. R. A. Prado <[email protected]> Oleksandr Natalenko <[email protected]> Oleksij Rempel <[email protected]> Pablo Neira Ayuso <[email protected]> Paolo Abeni <[email protected]> Parav Pandit <[email protected]> Paul Barker <[email protected]> Paul Durrant <[email protected]> Piyush Mehta <[email protected]> Pucha Himasekhar Reddy <[email protected]> (A Contingent worker at Intel) Radhey Shyam Pandey <[email protected]> Rafal Romanowski <[email protected]> Ralf Schlatterbeck <[email protected]> Randy Dunlap <[email protected]> Ricardo B. Marliere <[email protected]> Rob Herring <[email protected]> Sabrina Dubroca <[email protected]> Saravana Kannan <[email protected]> Sasha Neftin <[email protected]> SeongJae Park <[email protected]> Seth Forshee <[email protected]> Shannon Nelson <[email protected]> Simon Horman <[email protected]> Srinivas Pandruvada <[email protected]> Subbaraya Sundeep <[email protected]> Sujai Buvaneswaran <[email protected]> Tatsunosuke Tobita <[email protected]> Tony Nguyen <[email protected]> Uwe Kleine-König <[email protected]> Vadim Fedorenko <[email protected]> Vaishnav Achath <[email protected]> Victor Nogueira <[email protected]> Xin Long <[email protected]> Ziqi Zhao <[email protected]> jobs: build-amd64-xsm pass build-arm64-xsm pass build-i386-xsm pass build-amd64 pass build-arm64 pass build-armhf pass build-i386 pass build-amd64-libvirt pass build-arm64-libvirt pass build-armhf-libvirt pass build-i386-libvirt pass build-amd64-pvops pass build-arm64-pvops pass build-armhf-pvops pass build-i386-pvops pass test-amd64-amd64-xl pass test-amd64-coresched-amd64-xl pass test-arm64-arm64-xl pass test-armhf-armhf-xl pass test-amd64-amd64-libvirt-qemuu-debianhvm-amd64-xsm pass test-amd64-amd64-xl-qemut-stubdom-debianhvm-amd64-xsm pass test-amd64-amd64-xl-qemut-debianhvm-i386-xsm pass test-amd64-amd64-xl-qemuu-debianhvm-i386-xsm pass test-amd64-amd64-libvirt-xsm pass test-arm64-arm64-libvirt-xsm pass test-amd64-amd64-xl-xsm pass test-arm64-arm64-xl-xsm pass test-amd64-amd64-qemuu-nested-amd fail test-amd64-amd64-xl-pvhv2-amd pass test-amd64-amd64-dom0pvh-xl-amd pass test-amd64-amd64-xl-qemut-debianhvm-amd64 pass test-amd64-amd64-xl-qemuu-debianhvm-amd64 pass test-amd64-amd64-freebsd11-amd64 pass test-amd64-amd64-freebsd12-amd64 pass test-amd64-amd64-xl-qemuu-ovmf-amd64 pass test-amd64-amd64-xl-qemut-win7-amd64 fail test-amd64-amd64-xl-qemuu-win7-amd64 fail test-amd64-amd64-xl-qemut-ws16-amd64 fail test-amd64-amd64-xl-qemuu-ws16-amd64 fail test-armhf-armhf-xl-arndale pass test-amd64-amd64-examine-bios pass test-amd64-amd64-xl-credit1 pass test-arm64-arm64-xl-credit1 pass test-armhf-armhf-xl-credit1 fail test-amd64-amd64-xl-credit2 pass test-arm64-arm64-xl-credit2 pass test-armhf-armhf-xl-credit2 pass test-amd64-amd64-xl-qemuu-dmrestrict-amd64-dmrestrict pass test-amd64-amd64-examine pass test-arm64-arm64-examine pass test-armhf-armhf-examine pass test-amd64-amd64-qemuu-nested-intel pass test-amd64-amd64-xl-pvhv2-intel pass test-amd64-amd64-dom0pvh-xl-intel pass test-amd64-amd64-libvirt pass test-armhf-armhf-libvirt pass test-amd64-amd64-xl-multivcpu pass test-armhf-armhf-xl-multivcpu pass test-amd64-amd64-pair pass test-amd64-amd64-libvirt-pair pass test-amd64-amd64-xl-pvshim pass test-amd64-amd64-pygrub pass test-amd64-amd64-libvirt-qcow2 pass test-armhf-armhf-libvirt-qcow2 pass test-amd64-amd64-libvirt-raw broken test-arm64-arm64-libvirt-raw pass test-armhf-armhf-libvirt-raw pass test-amd64-amd64-xl-rtds pass test-armhf-armhf-xl-rtds pass test-amd64-amd64-xl-qemuu-debianhvm-amd64-shadow pass test-amd64-amd64-xl-shadow pass test-arm64-arm64-xl-thunderx pass test-amd64-amd64-examine-uefi pass test-amd64-amd64-xl-vhd pass test-arm64-arm64-xl-vhd pass test-armhf-armhf-xl-vhd pass ------------------------------------------------------------ sg-report-flight on osstest.test-lab.xenproject.org logs: /home/logs/logs images: /home/logs/images Logs, config files, etc. are available at http://logs.test-lab.xenproject.org/osstest/logs Explanation of these reports, and of osstest in general, is at http://xenbits.xen.org/gitweb/?p=osstest.git;a=blob;f=README.email;hb=master http://xenbits.xen.org/gitweb/?p=osstest.git;a=blob;f=README;hb=master Test harness code can be found at http://xenbits.xen.org/gitweb?p=osstest.git;a=summary broken-job test-amd64-amd64-libvirt-raw broken broken-step test-amd64-amd64-libvirt-raw host-install(5) Not pushing. (No revision log; it would be 3772 lines long.)
