flight 184595 linux-6.1 real [real]
http://logs.test-lab.xenproject.org/osstest/logs/184595/

Failures :-/ but no regressions.

Tests which did not succeed, but are not blocking:
 test-amd64-amd64-xl-qemut-win7-amd64 19 guest-stop            fail like 184570
 test-armhf-armhf-libvirt-qcow2 15 saverestore-support-check   fail like 184570
 test-armhf-armhf-libvirt-raw 15 saverestore-support-check    fail  like 184570
 test-armhf-armhf-libvirt     16 saverestore-support-check    fail  like 184570
 test-amd64-amd64-xl-qemuu-win7-amd64 19 guest-stop            fail like 184570
 test-amd64-amd64-xl-qemuu-ws16-amd64 19 guest-stop            fail like 184570
 test-amd64-amd64-qemuu-nested-amd 20 debian-hvm-install/l1/l2 fail like 184570
 test-amd64-amd64-xl-qemut-ws16-amd64 19 guest-stop            fail like 184570
 test-amd64-amd64-libvirt-xsm 15 migrate-support-check        fail   never pass
 test-amd64-amd64-libvirt     15 migrate-support-check        fail   never pass
 test-arm64-arm64-xl-thunderx 15 migrate-support-check        fail   never pass
 test-arm64-arm64-xl-thunderx 16 saverestore-support-check    fail   never pass
 test-arm64-arm64-xl-credit1  15 migrate-support-check        fail   never pass
 test-arm64-arm64-xl-credit1  16 saverestore-support-check    fail   never pass
 test-arm64-arm64-xl          15 migrate-support-check        fail   never pass
 test-arm64-arm64-xl          16 saverestore-support-check    fail   never pass
 test-arm64-arm64-libvirt-xsm 15 migrate-support-check        fail   never pass
 test-arm64-arm64-libvirt-xsm 16 saverestore-support-check    fail   never pass
 test-arm64-arm64-xl-credit2  15 migrate-support-check        fail   never pass
 test-arm64-arm64-xl-xsm      15 migrate-support-check        fail   never pass
 test-arm64-arm64-xl-credit2  16 saverestore-support-check    fail   never pass
 test-arm64-arm64-xl-xsm      16 saverestore-support-check    fail   never pass
 test-amd64-amd64-libvirt-qemuu-debianhvm-amd64-xsm 13 migrate-support-check 
fail never pass
 test-armhf-armhf-xl          15 migrate-support-check        fail   never pass
 test-armhf-armhf-xl          16 saverestore-support-check    fail   never pass
 test-armhf-armhf-xl-arndale  15 migrate-support-check        fail   never pass
 test-armhf-armhf-xl-rtds     15 migrate-support-check        fail   never pass
 test-armhf-armhf-xl-arndale  16 saverestore-support-check    fail   never pass
 test-armhf-armhf-xl-rtds     16 saverestore-support-check    fail   never pass
 test-amd64-amd64-libvirt-qcow2 14 migrate-support-check        fail never pass
 test-armhf-armhf-xl-multivcpu 15 migrate-support-check        fail  never pass
 test-armhf-armhf-xl-multivcpu 16 saverestore-support-check    fail  never pass
 test-armhf-armhf-xl-credit1  15 migrate-support-check        fail   never pass
 test-armhf-armhf-xl-credit1  16 saverestore-support-check    fail   never pass
 test-armhf-armhf-xl-credit2  15 migrate-support-check        fail   never pass
 test-armhf-armhf-xl-credit2  16 saverestore-support-check    fail   never pass
 test-amd64-amd64-libvirt-raw 14 migrate-support-check        fail   never pass
 test-arm64-arm64-libvirt-raw 14 migrate-support-check        fail   never pass
 test-arm64-arm64-libvirt-raw 15 saverestore-support-check    fail   never pass
 test-arm64-arm64-xl-vhd      14 migrate-support-check        fail   never pass
 test-arm64-arm64-xl-vhd      15 saverestore-support-check    fail   never pass
 test-armhf-armhf-libvirt-qcow2 14 migrate-support-check        fail never pass
 test-armhf-armhf-libvirt-raw 14 migrate-support-check        fail   never pass
 test-armhf-armhf-xl-vhd      14 migrate-support-check        fail   never pass
 test-armhf-armhf-xl-vhd      15 saverestore-support-check    fail   never pass
 test-armhf-armhf-libvirt     15 migrate-support-check        fail   never pass

version targeted for testing:
 linux                f1bb70486c9c11d7e2d55240d4557f9fc575fbac
baseline version:
 linux                e5c3b988b827c76f52d0f62343e863b9133a0cd2

Last test of basis   184570  2024-02-03 02:27:03 Z    3 days
Testing same since   184595  2024-02-05 20:44:35 Z    0 days    1 attempts

------------------------------------------------------------
People who touched revisions under test:
  "Guilherme G. Piccoli" <[email protected]>
  Abel Vesa <[email protected]>
  Abhinav Kumar <[email protected]>
  Adam Ford <[email protected]>  #imx8mp-beacon
  Adrian Reber <[email protected]>
  Ahmed Zaki <[email protected]>
  Al Viro <[email protected]>
  Alan Maguire <[email protected]>
  Aleksandr Loktionov <[email protected]>
  Alex Deucher <[email protected]>
  Alex Lyakas <[email protected]>
  Alexander Gordeev <[email protected]>
  Alexander Potapenko <[email protected]>
  Alexander Stein <[email protected]>
  Alexandre Belloni <[email protected]>
  Alexei Starovoitov <[email protected]>
  Alvin Lee <[email protected]>
  Amit Pundir <[email protected]>
  Andrei Vagin <[email protected]>
  Andrew Morton <[email protected]>
  Andrii Nakryiko <[email protected]>
  Andrii Staikov <[email protected]>
  Andrzej Hajda <[email protected]>
  Anna Schumaker <[email protected]>
  Anton Ivanov <[email protected]>
  Arnaldo Carvalho de Melo <[email protected]>
  Arnd Bergmann <[email protected]>
  Aurabindo Pillai <[email protected]>
  Bailey Forrest <[email protected]>
  Baochen Qiang <[email protected]>
  Baokun Li <[email protected]>
  Benjamin Berg <[email protected]>
  Benjamin Berg <[email protected]>
  Benjamin Poirier <[email protected]>
  Bharat Bhushan <[email protected]>
  Bjorn Andersson <[email protected]>
  Bjorn Helgaas <[email protected]>
  bo liu <[email protected]>
  Borislav Petkov (AMD) <[email protected]>
  Breno Leitao <[email protected]>
  Catalin Marinas <[email protected]>
  Celeste Liu <[email protected]>
  Changye Wu <[email protected]>
  Chanwoo Choi <[email protected]>
  Chao Yu <[email protected]>
  ching Huang <[email protected]>
  Chris Riches <[email protected]>
  Christian Brauner <[email protected]>
  Christian König <[email protected]>
  Christian Marangi <[email protected]>
  Christoph Hellwig <[email protected]>
  Christophe JAILLET <[email protected]>
  clancy shang <[email protected]>
  Cristian Ciocaltea <[email protected]>
  Daniel Borkmann <[email protected]>
  Daniel Stodden <[email protected]>
  Daniel Vacek <[email protected]>
  Daniel Vetter <[email protected]>
  Daniel Wheeler <[email protected]>
  Dave Hansen <[email protected]>
  Dave Kleikamp <[email protected]>
  David Howells <[email protected]>
  David S. Miller <[email protected]>
  Derek Barbosa <[email protected]>
  Dmitry Antipov <[email protected]>
  Dmitry Baryshkov <[email protected]>
  Dmitry Torokhov <[email protected]>
  Dominique Martinet <[email protected]>
  Douglas Anderson <[email protected]>
  Edward Adam Davis <[email protected]>
  Eric Dumazet <[email protected]>
  Fabio Estevam <[email protected]>
  Fei Shao <[email protected]>
  Felix Kuehling <[email protected]>
  Florian Fainelli <[email protected]>
  Frédéric Danis <[email protected]>
  Gabriel Krisman Bertazi <[email protected]>
  Gao Xiang <[email protected]>
  Ghanshyam Agrawal <[email protected]>
  Greg KH <[email protected]>
  Greg Kroah-Hartman <[email protected]>
  Guenter Roeck <[email protected]>
  Guilherme G. Piccoli <[email protected]>
  Guo Ren <[email protected]>
  Guoqing Jiang <[email protected]>
  H. Nikolaus Schaller <[email protected]>
  Halil Pasic <[email protected]>
  Hamza Mahfooz <[email protected]>
  Hannes Reinecke <[email protected]>
  Hans de Goede <[email protected]>
  Hans Verkuil <[email protected]>
  Harald Freudenberger <[email protected]>
  Hardik Gajjar <[email protected]>
  HariBabu Gattem <[email protected]>
  Harshit Shah <[email protected]>
  Heiko Carstens <[email protected]>
  Heiko Stuebner <[email protected]>
  Heiner Kallweit <[email protected]>
  Helge Deller <[email protected]>
  Helge Deller <[email protected]>
  Herb Wei <[email protected]>
  Herbert Xu <[email protected]>
  Horatiu Vultur <[email protected]>
  Hou Tao <[email protected]>
  Hsin-Yi Wang <[email protected]>
  Huacai Chen <[email protected]>
  Huang Shijie <[email protected]>
  Ian Rogers <[email protected]>
  Ido Schimmel <[email protected]>
  Igor Russkikh <[email protected]>
  Ilpo Järvinen <[email protected]>
  Ilya Dryomov <[email protected]>
  Ingo Molnar <[email protected]>
  Inki Dae <[email protected]>
  Jack Wang <[email protected]>
  Jaegeuk Kim <[email protected]>
  Jakub Kicinski <[email protected]>
  James Clark <[email protected]>
  Jassi Brar <[email protected]>
  Jay Buddhabhatti <[email protected]>
  Jay Vosburgh <[email protected]>
  Jedrzej Jagielski <[email protected]>
  Jeff Johnson <[email protected]>
  Jens Axboe <[email protected]>
  Jesse Brandeburg <[email protected]>
  Jiri Kosina <[email protected]>
  Jo Van Bulck <[email protected]>
  Johan Hovold <[email protected]>
  Johan Jonker <[email protected]>
  Johannes Berg <[email protected]>
  Jon Hunter <[email protected]>
  Jonathan Gray <[email protected]>
  Jose Ignacio Tornos Martinez <[email protected]>
  Josip Pavic <[email protected]>
  Juergen Gross <[email protected]>
  Jun'ichi Nomura <[email protected]>
  Justin Tee <[email protected]>
  Jérôme Pouiller <[email protected]>
  Kalle Valo <[email protected]>
  Kalle Valo <[email protected]>
  Kees Cook <[email protected]>
  kernelci.org bot <[email protected]>
  Kieran Bingham <[email protected]>
  Konrad Dybcio <[email protected]>
  Kuan-Wei Chiu <[email protected]>
  Kunwu Chan <[email protected]>
  Laurent Pinchart <[email protected]>
  Lee Jones <[email protected]>
  Leo Yan <[email protected]>
  Leon Romanovsky <[email protected]>
  Lin Ma <[email protected]>
  Linus Lüssing <[email protected]>
  Linus Torvalds <[email protected]>
  Linux Kernel Functional Testing <[email protected]>
  Luiz Augusto von Dentz <[email protected]>
  Ma Wupeng <[email protected]>
  Manas Ghandat <[email protected]>
  Mao Jinlong <[email protected]>
  Marc Dionne <[email protected]>
  Marco Elver <[email protected]>
  Marek Szyprowski <[email protected]>
  Mark Brown <[email protected]>
  Mark Rutland <[email protected]>
  Martin K. Petersen <[email protected]>
  Mateusz Jończyk <[email protected]>
  Matthias May <[email protected]>
  Mauro Carvalho Chehab <[email protected]>
  Max Kellermann <[email protected]>
  Maxime Ripard <[email protected]>
  Meenakshikumar Somasundaram <[email protected]>
  Michael Ellerman <[email protected]>
  Michael Tretter <[email protected]>
  Michal Simek <[email protected]>
  Michal Vokáč <[email protected]>
  Ming Lei <[email protected]>
  Ming Qian <[email protected]>
  Mingyi Zhang <[email protected]>
  Minsuk Kang <[email protected]>
  Miri Korenblit <[email protected]>
  Mukesh Ojha <[email protected]>
  MyungJoo Ham <[email protected]>
  Nathan Chancellor <[email protected]>
  Naveen N Rao <[email protected]>
  Neil Armstrong <[email protected]>
  Nicolas Dichtel <[email protected]>
  Nikolay Aleksandrov <[email protected]>
  Oleg Nesterov <[email protected]>
  Oleksandr Tyshchenko <[email protected]>
  Oliver F. Brown <[email protected]>
  Osama Muhammad <[email protected]>
  Pablo Neira Ayuso <[email protected]>
  Palmer Dabbelt <[email protected]>
  Paolo Abeni <[email protected]>
  Paul Moore <[email protected]>
  Pavel Machek (CIP) <[email protected]>
  Peter Robinson <[email protected]>
  Peter Zijlstra (Intel) <[email protected]>
  Peter Zijlstra <[email protected]>
  Petr Machata <[email protected]>
  Philip Yang <[email protected]>
  Pierre-Louis Bossart <[email protected]>
  Prarit Bhargava <[email protected]>
  Praveen Kaligineedi <[email protected]>
  Pucha Himasekhar Reddy <[email protected]> (A Contingent 
worker at Intel)
  Radhey Shyam Pandey <[email protected]>
  Rafael J. Wysocki <[email protected]>
  Rafal Romanowski <[email protected]>
  Ranjani Vaidyanathan <[email protected]>
  Richard Weinberger <[email protected]>
  Rob Clark <[email protected]>
  Robert Foss <[email protected]>
  Romain Naour <[email protected]>
  Ron Economos <[email protected]>
  Rui Zhang <[email protected]>
  Ryan Schaefer <[email protected]>
  Sakari Ailus <[email protected]>
  Salvatore Bonaccorso <[email protected]>
  Sasha Levin <[email protected]>
  Sathya Prakash Veerichetty <[email protected]>
  SeongJae Park <[email protected]>
  Shannon Nelson <[email protected]>
  Shawn Guo <[email protected]>
  Shiji Yang <[email protected]>
  Shuai Xue <[email protected]>
  Song Liu <[email protected]>
  Srinivasan Shanmugam <[email protected]>
  Stanislaw Gruszka <[email protected]>
  Stanley.Yang <[email protected]>
  Stephen Boyd <[email protected]>
  Stephen Rothwell <[email protected]>
  Su Hui <[email protected]>
  Suman Ghosh <[email protected]>
  Sumit Saxena <[email protected]>
  Sunitha Mekala <[email protected]> (A Contingent worker at Intel)
  Takashi Iwai <[email protected]>
  Tanmay Shah <[email protected]>
  Tejun Heo <[email protected]>
  Theodore Ts'o <[email protected]>
  Thomas Bourgoin <[email protected]>
  Thomas Gleixner <[email protected]>
  Thomas Richter <[email protected]>
  Tobias Waldekranz <[email protected]>
  Toke Høiland-Jørgensen <[email protected]>
  Tomi Valkeinen <[email protected]>
  Tony Krowiak <[email protected]>
  Tony Lindgren <[email protected]>
  Tony Nguyen <[email protected]>
  Venkata Prasad Potturu <[email protected]>
  Venky Shankar <[email protected]>
  Ville Syrjälä <[email protected]>
  Viresh Kumar <[email protected]>
  Vladimir Oltean <[email protected]>
  Wang, Beyond <[email protected]>
  Wayne Lin <[email protected]>
  Weichen Chen <[email protected]>
  Wen Gu <[email protected]>
  Wenchao Hao <[email protected]>
  Werner Fischer <[email protected]>
  Will Deacon <[email protected]>
  Wim Van Sebroeck <[email protected]>
  Xiang Chen <[email protected]>
  Xianwei Zhao <[email protected]>
  Xiaowu.ding <[email protected]>
  Xin Ji <[email protected]>
  Xin Liu <[email protected]>
  Xing Tong Wu <[email protected]>
  Xiubo Li <[email protected]>
  Yafang Shao <[email protected]>
  Yann Sionneau <[email protected]>
  Ye Bin <[email protected]>
  Yihang Li <[email protected]>
  Yonghong Song <[email protected]>
  Youquan Song <[email protected]>
  Yu-Che Cheng <[email protected]>
  Yuluo Qiu <[email protected]>
  Yuntao Wang <[email protected]>
  Zenm Chen <[email protected]>
  Zhengchao Shao <[email protected]>
  Zhipeng Lu <[email protected]>
  Zhiquan Li <[email protected]>
  Zhu Yanjun <[email protected]>
  Zijun Hu <[email protected]>

jobs:
 build-amd64-xsm                                              pass    
 build-arm64-xsm                                              pass    
 build-i386-xsm                                               pass    
 build-amd64                                                  pass    
 build-arm64                                                  pass    
 build-armhf                                                  pass    
 build-i386                                                   pass    
 build-amd64-libvirt                                          pass    
 build-arm64-libvirt                                          pass    
 build-armhf-libvirt                                          pass    
 build-i386-libvirt                                           pass    
 build-amd64-pvops                                            pass    
 build-arm64-pvops                                            pass    
 build-armhf-pvops                                            pass    
 build-i386-pvops                                             pass    
 test-amd64-amd64-xl                                          pass    
 test-amd64-coresched-amd64-xl                                pass    
 test-arm64-arm64-xl                                          pass    
 test-armhf-armhf-xl                                          pass    
 test-amd64-amd64-libvirt-qemuu-debianhvm-amd64-xsm           pass    
 test-amd64-amd64-xl-qemut-stubdom-debianhvm-amd64-xsm        pass    
 test-amd64-amd64-xl-qemut-debianhvm-i386-xsm                 pass    
 test-amd64-amd64-xl-qemuu-debianhvm-i386-xsm                 pass    
 test-amd64-amd64-libvirt-xsm                                 pass    
 test-arm64-arm64-libvirt-xsm                                 pass    
 test-amd64-amd64-xl-xsm                                      pass    
 test-arm64-arm64-xl-xsm                                      pass    
 test-amd64-amd64-qemuu-nested-amd                            fail    
 test-amd64-amd64-xl-pvhv2-amd                                pass    
 test-amd64-amd64-dom0pvh-xl-amd                              pass    
 test-amd64-amd64-xl-qemut-debianhvm-amd64                    pass    
 test-amd64-amd64-xl-qemuu-debianhvm-amd64                    pass    
 test-amd64-amd64-freebsd11-amd64                             pass    
 test-amd64-amd64-freebsd12-amd64                             pass    
 test-amd64-amd64-xl-qemuu-ovmf-amd64                         pass    
 test-amd64-amd64-xl-qemut-win7-amd64                         fail    
 test-amd64-amd64-xl-qemuu-win7-amd64                         fail    
 test-amd64-amd64-xl-qemut-ws16-amd64                         fail    
 test-amd64-amd64-xl-qemuu-ws16-amd64                         fail    
 test-armhf-armhf-xl-arndale                                  pass    
 test-amd64-amd64-examine-bios                                pass    
 test-amd64-amd64-xl-credit1                                  pass    
 test-arm64-arm64-xl-credit1                                  pass    
 test-armhf-armhf-xl-credit1                                  pass    
 test-amd64-amd64-xl-credit2                                  pass    
 test-arm64-arm64-xl-credit2                                  pass    
 test-armhf-armhf-xl-credit2                                  pass    
 test-amd64-amd64-xl-qemuu-dmrestrict-amd64-dmrestrict        pass    
 test-amd64-amd64-examine                                     pass    
 test-arm64-arm64-examine                                     pass    
 test-armhf-armhf-examine                                     pass    
 test-amd64-amd64-qemuu-nested-intel                          pass    
 test-amd64-amd64-xl-pvhv2-intel                              pass    
 test-amd64-amd64-dom0pvh-xl-intel                            pass    
 test-amd64-amd64-libvirt                                     pass    
 test-armhf-armhf-libvirt                                     pass    
 test-amd64-amd64-xl-multivcpu                                pass    
 test-armhf-armhf-xl-multivcpu                                pass    
 test-amd64-amd64-pair                                        pass    
 test-amd64-amd64-libvirt-pair                                pass    
 test-amd64-amd64-xl-pvshim                                   pass    
 test-amd64-amd64-pygrub                                      pass    
 test-amd64-amd64-libvirt-qcow2                               pass    
 test-armhf-armhf-libvirt-qcow2                               pass    
 test-amd64-amd64-libvirt-raw                                 pass    
 test-arm64-arm64-libvirt-raw                                 pass    
 test-armhf-armhf-libvirt-raw                                 pass    
 test-amd64-amd64-xl-rtds                                     pass    
 test-armhf-armhf-xl-rtds                                     pass    
 test-amd64-amd64-xl-qemuu-debianhvm-amd64-shadow             pass    
 test-amd64-amd64-xl-shadow                                   pass    
 test-arm64-arm64-xl-thunderx                                 pass    
 test-amd64-amd64-examine-uefi                                pass    
 test-amd64-amd64-xl-vhd                                      pass    
 test-arm64-arm64-xl-vhd                                      pass    
 test-armhf-armhf-xl-vhd                                      pass    


------------------------------------------------------------
sg-report-flight on osstest.test-lab.xenproject.org
logs: /home/logs/logs
images: /home/logs/images

Logs, config files, etc. are available at
    http://logs.test-lab.xenproject.org/osstest/logs

Explanation of these reports, and of osstest in general, is at
    http://xenbits.xen.org/gitweb/?p=osstest.git;a=blob;f=README.email;hb=master
    http://xenbits.xen.org/gitweb/?p=osstest.git;a=blob;f=README;hb=master

Test harness code can be found at
    http://xenbits.xen.org/gitweb?p=osstest.git;a=summary


Pushing revision :

hint: The 'hooks/update' hook was ignored because it's not set as executable.
hint: You can disable this warning with `git config advice.ignoredHook false`.
hint: The 'hooks/post-receive' hook was ignored because it's not set as 
executable.
hint: You can disable this warning with `git config advice.ignoredHook false`.
hint: The 'hooks/post-update' hook was ignored because it's not set as 
executable.
hint: You can disable this warning with `git config advice.ignoredHook false`.
To xenbits.xen.org:/home/xen/git/linux-pvops.git
   e5c3b988b827..f1bb70486c9c  f1bb70486c9c11d7e2d55240d4557f9fc575fbac -> 
tested/linux-6.1

Reply via email to