flight 184507 linux-5.4 real [real]
flight 184510 linux-5.4 real-retest [real]
http://logs.test-lab.xenproject.org/osstest/logs/184507/
http://logs.test-lab.xenproject.org/osstest/logs/184510/

Regressions :-(

Tests which did not succeed and are blocking,
including tests which could not be run:
 test-armhf-armhf-xl-credit1 18 guest-start/debian.repeat fail in 184500 REGR. 
vs. 184381

Tests which are failing intermittently (not blocking):
 test-armhf-armhf-xl-rtds     14 guest-start      fail in 184500 pass in 184507
 test-armhf-armhf-xl-credit1   8 xen-boot                   fail pass in 184500

Tests which did not succeed, but are not blocking:
 test-armhf-armhf-xl-credit1 15 migrate-support-check fail in 184500 never pass
 test-armhf-armhf-xl-credit1 16 saverestore-support-check fail in 184500 never 
pass
 test-armhf-armhf-xl-vhd     14 migrate-support-check fail in 184500 never pass
 test-armhf-armhf-xl-vhd 15 saverestore-support-check fail in 184500 never pass
 test-armhf-armhf-xl-rtds     18 guest-start/debian.repeat    fail  like 184362
 test-armhf-armhf-libvirt     16 saverestore-support-check    fail  like 184381
 test-amd64-amd64-xl-qemuu-win7-amd64 19 guest-stop            fail like 184381
 test-amd64-i386-xl-qemut-win7-amd64 19 guest-stop             fail like 184381
 test-amd64-i386-xl-qemuu-win7-amd64 19 guest-stop             fail like 184381
 test-armhf-armhf-xl-multivcpu 18 guest-start/debian.repeat    fail like 184381
 test-amd64-amd64-xl-qemut-win7-amd64 19 guest-stop            fail like 184381
 test-amd64-amd64-xl-qemuu-ws16-amd64 19 guest-stop            fail like 184381
 test-amd64-amd64-xl-qemut-ws16-amd64 19 guest-stop            fail like 184381
 test-amd64-i386-xl-qemut-ws16-amd64 19 guest-stop             fail like 184381
 test-armhf-armhf-xl-vhd      13 guest-start                  fail  like 184381
 test-armhf-armhf-libvirt-qcow2 15 saverestore-support-check   fail like 184381
 test-armhf-armhf-xl-credit2  18 guest-start/debian.repeat    fail  like 184381
 test-armhf-armhf-libvirt-raw 15 saverestore-support-check    fail  like 184381
 test-amd64-i386-xl-qemuu-ws16-amd64 19 guest-stop             fail like 184381
 test-amd64-amd64-qemuu-nested-amd 20 debian-hvm-install/l1/l2 fail like 184381
 test-amd64-i386-xl-pvshim    14 guest-start                  fail   never pass
 test-amd64-i386-libvirt      15 migrate-support-check        fail   never pass
 test-amd64-amd64-libvirt-xsm 15 migrate-support-check        fail   never pass
 test-amd64-i386-libvirt-xsm  15 migrate-support-check        fail   never pass
 test-amd64-i386-libvirt-qemuu-debianhvm-amd64-xsm 13 migrate-support-check 
fail never pass
 test-amd64-amd64-libvirt-qemuu-debianhvm-amd64-xsm 13 migrate-support-check 
fail never pass
 test-arm64-arm64-xl-xsm      15 migrate-support-check        fail   never pass
 test-arm64-arm64-xl-xsm      16 saverestore-support-check    fail   never pass
 test-arm64-arm64-xl          15 migrate-support-check        fail   never pass
 test-arm64-arm64-xl          16 saverestore-support-check    fail   never pass
 test-arm64-arm64-xl-credit2  15 migrate-support-check        fail   never pass
 test-arm64-arm64-libvirt-xsm 15 migrate-support-check        fail   never pass
 test-arm64-arm64-xl-thunderx 15 migrate-support-check        fail   never pass
 test-arm64-arm64-libvirt-xsm 16 saverestore-support-check    fail   never pass
 test-arm64-arm64-xl-credit2  16 saverestore-support-check    fail   never pass
 test-arm64-arm64-xl-thunderx 16 saverestore-support-check    fail   never pass
 test-arm64-arm64-xl-credit1  15 migrate-support-check        fail   never pass
 test-arm64-arm64-xl-credit1  16 saverestore-support-check    fail   never pass
 test-armhf-armhf-xl-multivcpu 15 migrate-support-check        fail  never pass
 test-armhf-armhf-xl-multivcpu 16 saverestore-support-check    fail  never pass
 test-amd64-amd64-libvirt     15 migrate-support-check        fail   never pass
 test-armhf-armhf-xl          15 migrate-support-check        fail   never pass
 test-armhf-armhf-xl          16 saverestore-support-check    fail   never pass
 test-armhf-armhf-xl-arndale  15 migrate-support-check        fail   never pass
 test-armhf-armhf-xl-arndale  16 saverestore-support-check    fail   never pass
 test-armhf-armhf-xl-rtds     15 migrate-support-check        fail   never pass
 test-armhf-armhf-xl-rtds     16 saverestore-support-check    fail   never pass
 test-armhf-armhf-libvirt     15 migrate-support-check        fail   never pass
 test-amd64-i386-libvirt-raw  14 migrate-support-check        fail   never pass
 test-arm64-arm64-libvirt-raw 14 migrate-support-check        fail   never pass
 test-arm64-arm64-libvirt-raw 15 saverestore-support-check    fail   never pass
 test-amd64-amd64-libvirt-vhd 14 migrate-support-check        fail   never pass
 test-arm64-arm64-xl-vhd      14 migrate-support-check        fail   never pass
 test-arm64-arm64-xl-vhd      15 saverestore-support-check    fail   never pass
 test-armhf-armhf-libvirt-qcow2 14 migrate-support-check        fail never pass
 test-armhf-armhf-xl-credit2  15 migrate-support-check        fail   never pass
 test-armhf-armhf-xl-credit2  16 saverestore-support-check    fail   never pass
 test-armhf-armhf-libvirt-raw 14 migrate-support-check        fail   never pass

version targeted for testing:
 linux                f0602893f43a54097fcf22bd8c2f7b8e75ca643e
baseline version:
 linux                9153fc9664959aa6bb35915b2bbd8fbc4c762962

Last test of basis   184381  2024-01-17 06:00:18 Z   11 days
Testing same since   184469  2024-01-25 22:43:10 Z    3 days    5 attempts

------------------------------------------------------------
People who touched revisions under test:
  "Christian A. Ehrhardt" <[email protected]>
  Alex Deucher <[email protected]>
  Alexander Gordeev <[email protected]>
  Alexei Starovoitov <[email protected]>
  Amit Cohen <[email protected]>
  Andreas Gruenbacher <[email protected]>
  Andrew Lunn <[email protected]>
  Andrii Nakryiko <[email protected]>
  Anna Schumaker <[email protected]>
  Arnaldo Carvalho de Melo <[email protected]>
  Arnd Bergmann <[email protected]>
  Arseniy Krasnov <[email protected]>
  Artem Chernyshev <[email protected]>
  Bartosz Golaszewski <[email protected]>
  Benjamin Coddington <[email protected]>
  Bhaskar Chowdhury <[email protected]>
  Bjorn Andersson <[email protected]>
  Borislav Petkov (AMD) <[email protected]>
  Brian Norris <[email protected]>
  Cameron Williams <[email protected]>
  Carlos Llamas <[email protected]>
  Chao Yu <[email protected]>
  Charles Keepax <[email protected]>
  Chengming Zhou <[email protected]>
  Chih-Kang Chang <[email protected]>
  Christian A. Ehrhardt <[email protected]>
  Christoph Hellwig <[email protected]>
  Christoph Niedermaier <[email protected]>
  Christophe JAILLET <[email protected]>
  Claudiu Beznea <[email protected]>
  Colin Ian King <[email protected]>
  Colin Ian King <[email protected]>
  Curtis Klein <[email protected]>
  Dan Carpenter <[email protected]>
  Daniel Thompson <[email protected]>
  Danilo Krummrich <[email protected]>
  Dario Binacchi <[email protected]>
  Dave Airlie <[email protected]>
  Dave Hansen <[email protected]>
  David Lin <[email protected]>
  David Lin <[email protected]>
  David Rau <[email protected]>
  David S. Miller <[email protected]>
  Dinghao Liu <[email protected]>
  Dmitry Baryshkov <[email protected]>
  Dmitry Torokhov <[email protected]>
  Eric Biggers <[email protected]>
  Eric Dumazet <[email protected]>
  Esther Shimanovich <[email protected]>
  Fedor Pchelkin <[email protected]>
  Florian Fainelli <[email protected]>
  Florian Lehner <[email protected]>
  Florian Westphal <[email protected]>
  Francesco Dolcini <[email protected]>
  Gavrilov Ilia <[email protected]>
  Geert Uytterhoeven <[email protected]>
  Gonglei (Arei) <[email protected]>
  Gonglei <[email protected]>
  Greg Kroah-Hartman <[email protected]>
  Gregory CLEMENT <[email protected]>
  Guanghui Feng <[email protected]>
  Guenter Roeck <[email protected]>
  Gui-Dong Han <[email protected]>
  Hangbin Liu <[email protected]>
  Hans de Goede <[email protected]>
  Hans Verkuil <[email protected]>
  Harshit Mogalapalli <[email protected]>
  Heikki Krogerus <[email protected]>
  Heiko Carstens <[email protected]>
  Heiko Stuebner <[email protected]>
  Helge Deller <[email protected]>
  Herbert Xu <[email protected]>
  Ian Rogers <[email protected]>
  Ido Schimmel <[email protected]>
  Ilpo Järvinen <[email protected]>
  Inki Dae <[email protected]>
  Jaegeuk Kim <[email protected]>
  Jakub Kicinski <[email protected]>
  James Clark <[email protected]>
  Jan Beulich <[email protected]>
  Jani Nikula <[email protected]>
  Jason Gerecke <[email protected]>
  Jay Buddhabhatti <[email protected]>
  Jerry Hoemann <[email protected]>
  Jiri Kosina <[email protected]>
  Jiri Olsa <[email protected]>
  Jiri Olsa <[email protected]>
  Joakim Zhang <[email protected]>
  Joe Perches <[email protected]>
  John Johansen <[email protected]>
  Jon Hunter <[email protected]>
  Judy Hsiao <[email protected]>
  Julian Anastasov <[email protected]>
  Kalle Valo <[email protected]>
  Kalle Valo <[email protected]>
  Kamil Duljas <[email protected]>
  Kees Cook <[email protected]>
  Keith Busch <[email protected]>
  kernelci.org bot <[email protected]>
  Kirill A. Shutemov <[email protected]>
  Konrad Dybcio <[email protected]>
  Krzysztof Kozlowski <[email protected]>
  Krzysztof Wilczyński <[email protected]>
  Kunwu Chan <[email protected]>
  Laurent Dufour <[email protected]>
  Leon Romanovsky <[email protected]>
  Li Jun <[email protected]>
  Lin Ma <[email protected]>
  Linus Torvalds <[email protected]>
  Linus Walleij <[email protected]>
  Linux Kernel Functional Testing <[email protected]>
  Luca Weiss <[email protected]>
  Luiz Augusto von Dentz <[email protected]>
  Maciej Strozek <[email protected]>
  Marek Szyprowski <[email protected]>
  Mark Brown <[email protected]>
  Martin K. Petersen <[email protected]>
  Masahiro Yamada <[email protected]>
  Matthew Wilcox (Oracle) <[email protected]>
  Maurizio Lombardi <[email protected]>
  Mauro Carvalho Chehab <[email protected]>
  Maxime Ripard <[email protected]>
  Michael Ellerman <[email protected]>
  Michael S. Tsirkin <[email protected]>
  Mickaël Salaün <[email protected]>
  Mike Isely <[email protected]>
  Mike Looijmans <[email protected]>
  Miquel Raynal <[email protected]>
  Muhammad Usama Anjum <[email protected]>
  Nam Cao <[email protected]>
  Namhyung Kim <[email protected]>
  Nathan Lynch <[email protected]>
  Nikita Kiryushin <[email protected]>
  Nikita Yushchenko <[email protected]>
  Nikita Zhandarovich <[email protected]>
  Niklas Schnelle <[email protected]>
  Nishanth Menon <[email protected]>
  Osama Muhammad <[email protected]>
  Ovidiu Panait <[email protected]>
  Pablo Neira Ayuso <[email protected]>
  Paolo Abeni <[email protected]>
  Paolo Bonzini <[email protected]>
  Paul Moore <[email protected]>
  Peter Chen <[email protected]>
  Peter Delevoryas <[email protected]>
  Peter Robinson <[email protected]>
  Petr Machata <[email protected]>
  Philipp Zabel <[email protected]>
  Ping Cheng <[email protected]>
  Ping-Ke Shih <[email protected]>
  Rafael Beims <[email protected]> # Verdin iMX8MP/SD8997 SD
  Rafael J. Wysocki <[email protected]>
  Ram Muthiah <[email protected]>
  Randy Dunlap <[email protected]>
  Ravi Gunasekaran <[email protected]>
  RD Babiera <[email protected]>
  Ricardo B. Marliere <[email protected]>
  Richard Weinberger <[email protected]>
  Rob Herring <[email protected]>
  Rob Landley <[email protected]>
  Robert Foss <[email protected]>
  Ronald Monthero <[email protected]>
  Sakari Ailus <[email protected]>
  Sasha Levin <[email protected]>
  Serge Semin <[email protected]>
  Sergey Shtylyov <[email protected]>
  Shuming Fan <[email protected]>
  Siddharth Vadapalli <[email protected]>
  Simon Horman <[email protected]>
  Sjoerd Simons <[email protected]>
  Song Liu <[email protected]>
  Stefan Berger <[email protected]>
  Stefan Wahren <[email protected]>
  Stephen Boyd <[email protected]>
  Steven Rostedt (Google) <[email protected]>
  Su Hui <[email protected]>
  Sudip Mukherjee <[email protected]>
  Suzuki K Poulose <[email protected]>
  Takashi Iwai <[email protected]>
  Tatsunosuke Tobita <[email protected]>
  Theodore Ts'o <[email protected]>
  Thinh Nguyen <[email protected]>
  Thinh Tran <[email protected]>
  Thomas Bogendoerfer <[email protected]>
  Thomas Gleixner <[email protected]>
  Tiezhu Yang <[email protected]>
  Tom Lendacky <[email protected]>
  Tomi Valkeinen <[email protected]>
  Trond Myklebust <[email protected]>
  Ulf Hansson <[email protected]>
  Uttkarsh Aggarwal <[email protected]>
  Uwe Kleine-König <[email protected]>
  Vasiliy Kovalev <[email protected]>
  Venkata Sai Duggi <[email protected]>
  Vineet Gupta <[email protected]>
  Vineeth Vijayan <[email protected]>
  wangyangxin <[email protected]>
  Weihao Li <[email protected]>
  Wim Van Sebroeck <[email protected]>
  Wolfram Sang <[email protected]>
  Wolfram Sang <[email protected]>
  Xiang Chen <[email protected]>
  Xiang Yang <[email protected]>
  Xu Yang <[email protected]>
  Yang Yingliang <[email protected]>
  Yihang Li <[email protected]>
  Zhang Yi <[email protected]>
  ZhaoLong Wang <[email protected]>
  Zheng Yejian <[email protected]>
  zhenwei pi <[email protected]>
  Zhipeng Lu <[email protected]>
  Ziqi Zhao <[email protected]>

jobs:
 build-amd64-xsm                                              pass    
 build-arm64-xsm                                              pass    
 build-i386-xsm                                               pass    
 build-amd64                                                  pass    
 build-arm64                                                  pass    
 build-armhf                                                  pass    
 build-i386                                                   pass    
 build-amd64-libvirt                                          pass    
 build-arm64-libvirt                                          pass    
 build-armhf-libvirt                                          pass    
 build-i386-libvirt                                           pass    
 build-amd64-pvops                                            pass    
 build-arm64-pvops                                            pass    
 build-armhf-pvops                                            pass    
 build-i386-pvops                                             pass    
 test-amd64-amd64-xl                                          pass    
 test-amd64-coresched-amd64-xl                                pass    
 test-arm64-arm64-xl                                          pass    
 test-armhf-armhf-xl                                          pass    
 test-amd64-i386-xl                                           pass    
 test-amd64-coresched-i386-xl                                 pass    
 test-amd64-amd64-libvirt-qemuu-debianhvm-amd64-xsm           pass    
 test-amd64-i386-libvirt-qemuu-debianhvm-amd64-xsm            pass    
 test-amd64-amd64-xl-qemut-stubdom-debianhvm-amd64-xsm        pass    
 test-amd64-i386-xl-qemut-stubdom-debianhvm-amd64-xsm         pass    
 test-amd64-amd64-xl-qemut-debianhvm-i386-xsm                 pass    
 test-amd64-i386-xl-qemut-debianhvm-i386-xsm                  pass    
 test-amd64-amd64-xl-qemuu-debianhvm-i386-xsm                 pass    
 test-amd64-i386-xl-qemuu-debianhvm-i386-xsm                  pass    
 test-amd64-amd64-libvirt-xsm                                 pass    
 test-arm64-arm64-libvirt-xsm                                 pass    
 test-amd64-i386-libvirt-xsm                                  pass    
 test-amd64-amd64-xl-xsm                                      pass    
 test-arm64-arm64-xl-xsm                                      pass    
 test-amd64-i386-xl-xsm                                       pass    
 test-amd64-amd64-qemuu-nested-amd                            fail    
 test-amd64-amd64-xl-pvhv2-amd                                pass    
 test-amd64-i386-qemut-rhel6hvm-amd                           pass    
 test-amd64-i386-qemuu-rhel6hvm-amd                           pass    
 test-amd64-amd64-dom0pvh-xl-amd                              pass    
 test-amd64-amd64-xl-qemut-debianhvm-amd64                    pass    
 test-amd64-i386-xl-qemut-debianhvm-amd64                     pass    
 test-amd64-amd64-xl-qemuu-debianhvm-amd64                    pass    
 test-amd64-i386-xl-qemuu-debianhvm-amd64                     pass    
 test-amd64-i386-freebsd10-amd64                              pass    
 test-amd64-amd64-qemuu-freebsd11-amd64                       pass    
 test-amd64-amd64-qemuu-freebsd12-amd64                       pass    
 test-amd64-amd64-xl-qemuu-ovmf-amd64                         pass    
 test-amd64-i386-xl-qemuu-ovmf-amd64                          pass    
 test-amd64-amd64-xl-qemut-win7-amd64                         fail    
 test-amd64-i386-xl-qemut-win7-amd64                          fail    
 test-amd64-amd64-xl-qemuu-win7-amd64                         fail    
 test-amd64-i386-xl-qemuu-win7-amd64                          fail    
 test-amd64-amd64-xl-qemut-ws16-amd64                         fail    
 test-amd64-i386-xl-qemut-ws16-amd64                          fail    
 test-amd64-amd64-xl-qemuu-ws16-amd64                         fail    
 test-amd64-i386-xl-qemuu-ws16-amd64                          fail    
 test-armhf-armhf-xl-arndale                                  pass    
 test-amd64-amd64-examine-bios                                pass    
 test-amd64-i386-examine-bios                                 pass    
 test-amd64-amd64-xl-credit1                                  pass    
 test-arm64-arm64-xl-credit1                                  pass    
 test-armhf-armhf-xl-credit1                                  fail    
 test-amd64-amd64-xl-credit2                                  pass    
 test-arm64-arm64-xl-credit2                                  pass    
 test-armhf-armhf-xl-credit2                                  fail    
 test-amd64-amd64-xl-qemuu-dmrestrict-amd64-dmrestrict        pass    
 test-amd64-i386-xl-qemuu-dmrestrict-amd64-dmrestrict         pass    
 test-amd64-amd64-examine                                     pass    
 test-arm64-arm64-examine                                     pass    
 test-armhf-armhf-examine                                     pass    
 test-amd64-i386-examine                                      pass    
 test-amd64-i386-freebsd10-i386                               pass    
 test-amd64-amd64-qemuu-nested-intel                          pass    
 test-amd64-amd64-xl-pvhv2-intel                              pass    
 test-amd64-i386-qemut-rhel6hvm-intel                         pass    
 test-amd64-i386-qemuu-rhel6hvm-intel                         pass    
 test-amd64-amd64-dom0pvh-xl-intel                            pass    
 test-amd64-amd64-libvirt                                     pass    
 test-armhf-armhf-libvirt                                     pass    
 test-amd64-i386-libvirt                                      pass    
 test-amd64-amd64-xl-multivcpu                                pass    
 test-armhf-armhf-xl-multivcpu                                fail    
 test-amd64-amd64-pair                                        pass    
 test-amd64-i386-pair                                         pass    
 test-amd64-amd64-libvirt-pair                                pass    
 test-amd64-i386-libvirt-pair                                 pass    
 test-amd64-amd64-xl-pvshim                                   pass    
 test-amd64-i386-xl-pvshim                                    fail    
 test-amd64-amd64-pygrub                                      pass    
 test-armhf-armhf-libvirt-qcow2                               pass    
 test-amd64-amd64-xl-qcow2                                    pass    
 test-arm64-arm64-libvirt-raw                                 pass    
 test-armhf-armhf-libvirt-raw                                 pass    
 test-amd64-i386-libvirt-raw                                  pass    
 test-amd64-amd64-xl-rtds                                     pass    
 test-armhf-armhf-xl-rtds                                     fail    
 test-amd64-amd64-xl-qemuu-debianhvm-amd64-shadow             pass    
 test-amd64-i386-xl-qemuu-debianhvm-amd64-shadow              pass    
 test-amd64-amd64-xl-shadow                                   pass    
 test-amd64-i386-xl-shadow                                    pass    
 test-arm64-arm64-xl-thunderx                                 pass    
 test-amd64-amd64-examine-uefi                                pass    
 test-amd64-i386-examine-uefi                                 pass    
 test-amd64-amd64-libvirt-vhd                                 pass    
 test-arm64-arm64-xl-vhd                                      pass    
 test-armhf-armhf-xl-vhd                                      fail    
 test-amd64-i386-xl-vhd                                       pass    


------------------------------------------------------------
sg-report-flight on osstest.test-lab.xenproject.org
logs: /home/logs/logs
images: /home/logs/images

Logs, config files, etc. are available at
    http://logs.test-lab.xenproject.org/osstest/logs

Explanation of these reports, and of osstest in general, is at
    http://xenbits.xen.org/gitweb/?p=osstest.git;a=blob;f=README.email;hb=master
    http://xenbits.xen.org/gitweb/?p=osstest.git;a=blob;f=README;hb=master

Test harness code can be found at
    http://xenbits.xen.org/gitweb?p=osstest.git;a=summary


Not pushing.

(No revision log; it would be 5292 lines long.)

Reply via email to