flight 184402 linux-linus real [real]
http://logs.test-lab.xenproject.org/osstest/logs/184402/

Failures :-/ but no regressions.

Tests which did not succeed, but are not blocking:
 test-armhf-armhf-libvirt     16 saverestore-support-check    fail  like 184396
 test-amd64-amd64-xl-qemut-win7-amd64 19 guest-stop            fail like 184396
 test-amd64-amd64-xl-qemuu-win7-amd64 19 guest-stop            fail like 184396
 test-amd64-amd64-xl-qemuu-ws16-amd64 19 guest-stop            fail like 184396
 test-armhf-armhf-libvirt-raw 15 saverestore-support-check    fail  like 184396
 test-amd64-amd64-xl-qemut-ws16-amd64 19 guest-stop            fail like 184396
 test-armhf-armhf-libvirt-qcow2 15 saverestore-support-check   fail like 184396
 test-amd64-amd64-qemuu-nested-amd 20 debian-hvm-install/l1/l2 fail like 184396
 test-amd64-amd64-libvirt     15 migrate-support-check        fail   never pass
 test-amd64-amd64-libvirt-xsm 15 migrate-support-check        fail   never pass
 test-arm64-arm64-xl-xsm      15 migrate-support-check        fail   never pass
 test-arm64-arm64-xl-credit1  15 migrate-support-check        fail   never pass
 test-arm64-arm64-xl-xsm      16 saverestore-support-check    fail   never pass
 test-arm64-arm64-xl-credit1  16 saverestore-support-check    fail   never pass
 test-arm64-arm64-xl          15 migrate-support-check        fail   never pass
 test-arm64-arm64-xl          16 saverestore-support-check    fail   never pass
 test-arm64-arm64-xl-thunderx 15 migrate-support-check        fail   never pass
 test-arm64-arm64-xl-thunderx 16 saverestore-support-check    fail   never pass
 test-arm64-arm64-libvirt-xsm 15 migrate-support-check        fail   never pass
 test-arm64-arm64-xl-credit2  15 migrate-support-check        fail   never pass
 test-arm64-arm64-libvirt-xsm 16 saverestore-support-check    fail   never pass
 test-arm64-arm64-xl-credit2  16 saverestore-support-check    fail   never pass
 test-armhf-armhf-xl-arndale  15 migrate-support-check        fail   never pass
 test-armhf-armhf-xl-arndale  16 saverestore-support-check    fail   never pass
 test-amd64-amd64-libvirt-qemuu-debianhvm-amd64-xsm 13 migrate-support-check 
fail never pass
 test-armhf-armhf-libvirt     15 migrate-support-check        fail   never pass
 test-armhf-armhf-xl-multivcpu 15 migrate-support-check        fail  never pass
 test-armhf-armhf-xl-multivcpu 16 saverestore-support-check    fail  never pass
 test-armhf-armhf-xl-rtds     15 migrate-support-check        fail   never pass
 test-armhf-armhf-xl-rtds     16 saverestore-support-check    fail   never pass
 test-armhf-armhf-xl-credit1  15 migrate-support-check        fail   never pass
 test-armhf-armhf-xl-credit1  16 saverestore-support-check    fail   never pass
 test-arm64-arm64-libvirt-raw 14 migrate-support-check        fail   never pass
 test-arm64-arm64-libvirt-raw 15 saverestore-support-check    fail   never pass
 test-amd64-amd64-libvirt-raw 14 migrate-support-check        fail   never pass
 test-arm64-arm64-xl-vhd      14 migrate-support-check        fail   never pass
 test-arm64-arm64-xl-vhd      15 saverestore-support-check    fail   never pass
 test-armhf-armhf-libvirt-raw 14 migrate-support-check        fail   never pass
 test-armhf-armhf-xl-vhd      14 migrate-support-check        fail   never pass
 test-armhf-armhf-xl-vhd      15 saverestore-support-check    fail   never pass
 test-amd64-amd64-libvirt-qcow2 14 migrate-support-check        fail never pass
 test-armhf-armhf-xl          15 migrate-support-check        fail   never pass
 test-armhf-armhf-xl          16 saverestore-support-check    fail   never pass
 test-armhf-armhf-xl-credit2  15 migrate-support-check        fail   never pass
 test-armhf-armhf-xl-credit2  16 saverestore-support-check    fail   never pass
 test-armhf-armhf-libvirt-qcow2 14 migrate-support-check        fail never pass

version targeted for testing:
 linux                9d1694dc91ce7b80bc96d6d8eaf1a1eca668d847
baseline version:
 linux                b0d326da462e20285236e11e4cbc32085de9f363

Last test of basis   184396  2024-01-18 20:42:11 Z    0 days
Testing same since   184402  2024-01-19 05:57:15 Z    0 days    1 attempts

------------------------------------------------------------
People who touched revisions under test:
  Abel Vesa <[email protected]>
  Akinobu Mita <[email protected]>
  Alain Volmat <[email protected]>
  Alejandro Jimenez <[email protected]>
  Alex Bee <[email protected]>
  Alex Deucher <[email protected]>
  Alex Williamson <[email protected]>
  Alexander Gordeev <[email protected]>
  Alexander Stein <[email protected]>
  Alexandra Winter <[email protected]>
  Alexandre Belloni <[email protected]>
  Alexandre Ghiti <[email protected]>
  Alexei Starovoitov <[email protected]>
  Alison Schofield <[email protected]>
  Amit Cohen <[email protected]>
  Andi Shyti <[email protected]>
  Andreas Kemnade <[email protected]>
  Andrew Halaney <[email protected]> # sa8775p-ride
  Andrii Nakryiko <[email protected]>
  Andy Shevchenko <[email protected]>
  Andy Yan <[email protected]>
  Anshul Dalal <[email protected]>
  Antoniu Miclaus <[email protected]>
  Ard Biesheuvel <[email protected]>
  Arnd Bergmann <[email protected]>
  Arpana Arland <[email protected]> (A Contingent worker at Intel)
  Arınç ÜNAL <[email protected]>
  Ashish Mhetre <[email protected]>
  Bard Liao <[email protected]>
  Bart Van Assche <[email protected]>
  Bartosz Golaszewski <[email protected]>
  Benjamin Poirier <[email protected]>
  Benjamin Poirier <[email protected]>
  Biju Das <[email protected]>
  Bjorn Helgaas <[email protected]>
  Boris Brezillon <[email protected]>
  Breno Leitao <[email protected]>
  Brett Creeley <[email protected]>
  Can Guo <[email protected]>
  Changyuan Lyu <[email protected]>
  Chintan Vankar <[email protected]>
  Christian Borntraeger <[email protected]>
  Christian Heusel <[email protected]>
  Christian Loehle <[email protected]>
  Christoph Hellwig <[email protected]>
  Christophe JAILLET <[email protected]>
  Christophe Leroy <[email protected]>
  Chunfeng Yun <[email protected]>
  Claudiu Beznea <[email protected]>
  Colin Ian King <[email protected]>
  Conor Dooley <[email protected]>
  Damien Le Moal <[email protected]>
  Dan Carpenter <[email protected]>
  Dan Williams <[email protected]>
  Daniel Borkmann <[email protected]>
  Daniel Wagner <[email protected]>
  Danny Lin <[email protected]>
  Dave Hansen <[email protected]>
  Dave Jiang <[email protected]>
  David Howells <[email protected]>
  David Rientjes <[email protected]>
  David S. Miller <[email protected]>
  David Stevens <[email protected]>
  Davidlohr Bueso <[email protected]>
  Dennis Zhou <[email protected]>
  Derek Chickles <[email protected]>
  Dhruva Gole <[email protected]>
  Dmitrii Bundin <[email protected]>
  Dmitry Antipov <[email protected]>
  Dmitry Baryshkov <[email protected]>
  Dmitry Safonov <[email protected]>
  Dmitry Torokhov <[email protected]>
  Dmytro Maluka <[email protected]>
  Dragos Tatulea <[email protected]>
  Eric Dumazet <[email protected]>
  Erick Archer <[email protected]>
  Esteban Blanc <[email protected]>
  Eugenio Pérez <[email protected]>
  Fedor Pchelkin <[email protected]>
  Feng Liu <[email protected]>
  Flavio Suligoi <[email protected]>
  Gao Xiang <[email protected]>
  Geert Uytterhoeven <[email protected]>
  Greg Kroah-Hartman <[email protected]>
  Guenter Roeck <[email protected]>
  Guixin Liu <[email protected]>
  Halil Pasic <[email protected]>
  Hangbin Liu <[email protected]>
  Hannes Reinecke <[email protected]>
  Hans de Goede <[email protected]>
  Hans Hu <[email protected]>
  Hans Verkuil <[email protected]>
  Hao Sun <[email protected]>
  Harry Wentland <[email protected]>
  Harshit Mogalapalli <[email protected]>
  Hector Martin <[email protected]>
  Heiko Carstens <[email protected]>
  Heiko Stuebner <[email protected]>
  Heiner Kallweit <[email protected]>
  Helge Deller <[email protected]>
  Hermes Zhang <[email protected]>
  Horatiu Vultur <[email protected]>
  Huang Ying <[email protected]>
  Huang, Ying <[email protected]>
  Ido Schimmel <[email protected]>
  Ira Weiny <[email protected]>
  Isaac J. Manjarres <[email protected]>
  Jacky Huang <[email protected]>
  Jakub Kicinski <[email protected]>
  Jamal Hadi Salim <[email protected]>
  Jani Nikula <[email protected]>
  Jason Gunthorpe <[email protected]>
  Jason Wang <[email protected]>
  Jean Delvare <[email protected]>
  Jeff LaBundy <[email protected]>
  Jens Axboe <[email protected]>
  Jernej Skrabec <[email protected]>
  Jim Cromie <[email protected]> # for SCX
  Jim Harris <[email protected]>
  Jim.Lin <[email protected]>
  Jim.Lin <[email protected]>
  Jiri Pirko <[email protected]>
  Jiri Valek - 2N <[email protected]>
  Jo Van Bulck <[email protected]>
  Jochen Friedrich <[email protected]>
  Joerg Roedel <[email protected]>
  Johan Hovold <[email protected]>
  John Crispin <[email protected]>
  John Fastabend <[email protected]>
  John Moon <[email protected]>
  Jorge Sanjuan Garcia <[email protected]>
  Julian Anastasov <[email protected]>
  Kai Huang <[email protected]>
  Kees Cook <[email protected]>
  Keith Busch <[email protected]>
  Kemeng Shi <[email protected]>
  Konrad Dybcio <[email protected]>
  Krzysztof Kozlowski <[email protected]>
  Kunwu Chan <[email protected]>
  Laurentiu Tudor <[email protected]>
  Lee Jones <[email protected]>
  Leonardo Bras <[email protected]>
  Li RongQing <[email protected]>
  Lin Ma <[email protected]>
  Linus Torvalds <[email protected]>
  Linus Walleij <[email protected]>
  Longfang Liu <[email protected]>
  Lu Baolu <[email protected]>
  Luca Weiss <[email protected]>
  Ludvig Pärsson <[email protected]>
  Lukas Wunner <[email protected]>
  Marc Kleine-Budde <[email protected]>
  Marcin Wojtas <[email protected]>
  Marcus Folkesson <[email protected]>
  Marek Szyprowski <[email protected]>
  Mario Limonciello <[email protected]>
  Mark Brown <[email protected]>
  Markus Schneider-Pargmann <[email protected]>
  Martin KaFai Lau <[email protected]>
  Masahiro Yamada <[email protected]>
  Masami Hiramatsu (Google) <[email protected]>
  Mateusz Jończyk <[email protected]>
  Matthew Wilcox (Oracle) <[email protected]>
  Maurizio Lombardi <[email protected]>
  Max Gurtovoy <[email protected]>
  Mete Durlu <[email protected]>
  Mia Lin <[email protected]>
  Michael S. Tsirkin <[email protected]>
  Michael Walle <[email protected]>
  Michal Simek <[email protected]>
  Mickaël Salaün <[email protected]>
  Mike Christie <[email protected]>
  Mike Rapoport (IBM) <[email protected]>
  Ming Lei <[email protected]>
  Muhammad Usama Anjum <[email protected]>
  Nathan Chancellor <[email protected]>
  Nathan Lynch <[email protected]>
  Naveen Mamindlapalli <[email protected]>
  Naveen N Rao <[email protected]>
  Neil Armstrong <[email protected]>
  Neil Armstrong <[email protected]> # on SM8550-QRD
  Nicky Chorley <[email protected]>
  Nicolas Dichtel <[email protected]>
  Nicolin Chen <[email protected]>
  Nikita Yushchenko <[email protected]>
  Nikita Zhandarovich <[email protected]>
  Niklas Schnelle <[email protected]>
  Nithin Dabilpuram <[email protected]>
  Oliver Graute <[email protected]>
  Pablo Neira Ayuso <[email protected]>
  Pali Rohár <[email protected]>
  Paolo Abeni <[email protected]>
  Pasha Tatashin <[email protected]>
  Paul Menzel <[email protected]>
  Pavel Begunkov <[email protected]>
  Pavel Tikhomirov <[email protected]>
  Petr Machata <[email protected]>
  Petr Vorel <[email protected]>
  Petr Vorel <[email protected]>
  Philipp Zabel <[email protected]>
  Pierre-Louis Bossart <[email protected]>
  Qiang Ma <[email protected]>
  Rafael J. Wysocki <[email protected]>
  Rajendra Nayak <[email protected]>
  Randy Dunlap <[email protected]>
  Rob Clark <[email protected]>
  Rob Herring <[email protected]>
  Robin Murphy <[email protected]>
  Rohit Agarwal <[email protected]>
  Roland Hieber <[email protected]>
  Romain Gantois <[email protected]>
  Russell King (Oracle) <[email protected]>
  Sam Ravnborg <[email protected]>
  Sanjuán García, Jorge <[email protected]>
  Sean Young <[email protected]>
  Sergey Senozhatsky <[email protected]>
  Shameer Kolothum <[email protected]>
  Shannon Nelson <[email protected]>
  Shin'ichiro Kawasaki <[email protected]>
  Shiyang Ruan <[email protected]>
  Shuah Khan <[email protected]>
  Sibi Sankar <[email protected]>
  Simon Horman <[email protected]>
  Smita-Koralahalli <[email protected]>
  Sneh Shah <[email protected]>
  Song Liu <[email protected]>
  Srinivas Kandagatla <[email protected]>
  Stefan Eichenberger <[email protected]>
  Steven Rostedt (Google) <[email protected]>
  Su Hui <[email protected]>
  Suravee Suthikulpanit <[email protected]>
  Sven Peter <[email protected]>
  Taehee Yoo <[email protected]>
  Theodore Ts'o <[email protected]>
  Thierry Reding <[email protected]>
  Thomas Petazzoni <[email protected]>
  Thomas Richard <[email protected]>
  Thomas Richter <[email protected]>
  Thomas Zimmermann <[email protected]>
  Thorsten Winkler <[email protected]>
  Tim Lunn <[email protected]>
  Tina Zhang <[email protected]>
  Tony Krowiak <[email protected]>
  Tony Lindgren <[email protected]>
  Tony Nguyen <[email protected]>
  Tzvetomir Stoyanov (VMware) <[email protected]>
  Uwe Kleine-König <[email protected]>
  Valentin Caron <[email protected]>
  Vasant Hegde <[email protected]>
  Victor Nogueira <[email protected]>
  Vijendar Mukunda <[email protected]>
  Vincent Mailhol <[email protected]>
  Vinod Koul <[email protected]>
  Vladimir Lypak <[email protected]>
  Vladimir Oltean <[email protected]>
  Wang Jinchao <[email protected]>
  Wenjia Zhang <[email protected]>
  Wenkai Lin <[email protected]>
  Will Deacon <[email protected]>
  William Butler <[email protected]>
  Wolfram Sang <[email protected]>
  Wolfram Sang <[email protected]>
  Xuan Zhuo <[email protected]>
  ye xingchen <[email protected]>
  Yi Liu <[email protected]>
  Yishai Hadas <[email protected]>
  Yonghong Song <[email protected]>
  Yu Kuai <[email protected]>
  Yuntao Wang <[email protected]>
  Zhangfei Gao <[email protected]>
  ZhangPeng <[email protected]>
  Zhao Mengmeng <[email protected]>
  Zhu Yanjun <[email protected]>
  Íñigo Huguet <[email protected]>

jobs:
 build-amd64-xsm                                              pass    
 build-arm64-xsm                                              pass    
 build-i386-xsm                                               pass    
 build-amd64                                                  pass    
 build-arm64                                                  pass    
 build-armhf                                                  pass    
 build-i386                                                   pass    
 build-amd64-libvirt                                          pass    
 build-arm64-libvirt                                          pass    
 build-armhf-libvirt                                          pass    
 build-i386-libvirt                                           pass    
 build-amd64-pvops                                            pass    
 build-arm64-pvops                                            pass    
 build-armhf-pvops                                            pass    
 build-i386-pvops                                             pass    
 test-amd64-amd64-xl                                          pass    
 test-amd64-coresched-amd64-xl                                pass    
 test-arm64-arm64-xl                                          pass    
 test-armhf-armhf-xl                                          pass    
 test-amd64-amd64-libvirt-qemuu-debianhvm-amd64-xsm           pass    
 test-amd64-amd64-xl-qemut-stubdom-debianhvm-amd64-xsm        pass    
 test-amd64-amd64-xl-qemut-debianhvm-i386-xsm                 pass    
 test-amd64-amd64-xl-qemuu-debianhvm-i386-xsm                 pass    
 test-amd64-amd64-libvirt-xsm                                 pass    
 test-arm64-arm64-libvirt-xsm                                 pass    
 test-amd64-amd64-xl-xsm                                      pass    
 test-arm64-arm64-xl-xsm                                      pass    
 test-amd64-amd64-qemuu-nested-amd                            fail    
 test-amd64-amd64-xl-pvhv2-amd                                pass    
 test-amd64-amd64-dom0pvh-xl-amd                              pass    
 test-amd64-amd64-xl-qemut-debianhvm-amd64                    pass    
 test-amd64-amd64-xl-qemuu-debianhvm-amd64                    pass    
 test-amd64-amd64-freebsd11-amd64                             pass    
 test-amd64-amd64-freebsd12-amd64                             pass    
 test-amd64-amd64-xl-qemuu-ovmf-amd64                         pass    
 test-amd64-amd64-xl-qemut-win7-amd64                         fail    
 test-amd64-amd64-xl-qemuu-win7-amd64                         fail    
 test-amd64-amd64-xl-qemut-ws16-amd64                         fail    
 test-amd64-amd64-xl-qemuu-ws16-amd64                         fail    
 test-armhf-armhf-xl-arndale                                  pass    
 test-amd64-amd64-examine-bios                                pass    
 test-amd64-amd64-xl-credit1                                  pass    
 test-arm64-arm64-xl-credit1                                  pass    
 test-armhf-armhf-xl-credit1                                  pass    
 test-amd64-amd64-xl-credit2                                  pass    
 test-arm64-arm64-xl-credit2                                  pass    
 test-armhf-armhf-xl-credit2                                  pass    
 test-amd64-amd64-xl-qemuu-dmrestrict-amd64-dmrestrict        pass    
 test-amd64-amd64-examine                                     pass    
 test-arm64-arm64-examine                                     pass    
 test-armhf-armhf-examine                                     pass    
 test-amd64-amd64-qemuu-nested-intel                          pass    
 test-amd64-amd64-xl-pvhv2-intel                              pass    
 test-amd64-amd64-dom0pvh-xl-intel                            pass    
 test-amd64-amd64-libvirt                                     pass    
 test-armhf-armhf-libvirt                                     pass    
 test-amd64-amd64-xl-multivcpu                                pass    
 test-armhf-armhf-xl-multivcpu                                pass    
 test-amd64-amd64-pair                                        pass    
 test-amd64-amd64-libvirt-pair                                pass    
 test-amd64-amd64-xl-pvshim                                   pass    
 test-amd64-amd64-pygrub                                      pass    
 test-amd64-amd64-libvirt-qcow2                               pass    
 test-armhf-armhf-libvirt-qcow2                               pass    
 test-amd64-amd64-libvirt-raw                                 pass    
 test-arm64-arm64-libvirt-raw                                 pass    
 test-armhf-armhf-libvirt-raw                                 pass    
 test-amd64-amd64-xl-rtds                                     pass    
 test-armhf-armhf-xl-rtds                                     pass    
 test-amd64-amd64-xl-qemuu-debianhvm-amd64-shadow             pass    
 test-amd64-amd64-xl-shadow                                   pass    
 test-arm64-arm64-xl-thunderx                                 pass    
 test-amd64-amd64-examine-uefi                                pass    
 test-amd64-amd64-xl-vhd                                      pass    
 test-arm64-arm64-xl-vhd                                      pass    
 test-armhf-armhf-xl-vhd                                      pass    


------------------------------------------------------------
sg-report-flight on osstest.test-lab.xenproject.org
logs: /home/logs/logs
images: /home/logs/images

Logs, config files, etc. are available at
    http://logs.test-lab.xenproject.org/osstest/logs

Explanation of these reports, and of osstest in general, is at
    http://xenbits.xen.org/gitweb/?p=osstest.git;a=blob;f=README.email;hb=master
    http://xenbits.xen.org/gitweb/?p=osstest.git;a=blob;f=README;hb=master

Test harness code can be found at
    http://xenbits.xen.org/gitweb?p=osstest.git;a=summary


Pushing revision :

hint: The 'hooks/update' hook was ignored because it's not set as executable.
hint: You can disable this warning with `git config advice.ignoredHook false`.
hint: The 'hooks/post-receive' hook was ignored because it's not set as 
executable.
hint: You can disable this warning with `git config advice.ignoredHook false`.
hint: The 'hooks/post-update' hook was ignored because it's not set as 
executable.
hint: You can disable this warning with `git config advice.ignoredHook false`.
To xenbits.xen.org:/home/xen/git/linux-pvops.git
   b0d326da462e..9d1694dc91ce  9d1694dc91ce7b80bc96d6d8eaf1a1eca668d847 -> 
tested/linux-linus

Reply via email to