flight 184381 linux-5.4 real [real] http://logs.test-lab.xenproject.org/osstest/logs/184381/
Failures :-/ but no regressions. Tests which did not succeed, but are not blocking: test-arm64-arm64-libvirt-raw 17 guest-start/debian.repeat fail like 184327 test-armhf-armhf-xl-vhd 13 guest-start fail like 184327 test-armhf-armhf-xl-multivcpu 18 guest-start/debian.repeat fail like 184334 test-armhf-armhf-xl 18 guest-start/debian.repeat fail like 184334 test-armhf-armhf-xl-credit2 18 guest-start/debian.repeat fail like 184334 test-armhf-armhf-libvirt 16 saverestore-support-check fail like 184339 test-amd64-amd64-xl-qemuu-win7-amd64 19 guest-stop fail like 184339 test-amd64-i386-xl-qemut-win7-amd64 19 guest-stop fail like 184339 test-amd64-i386-xl-qemuu-win7-amd64 19 guest-stop fail like 184339 test-amd64-amd64-xl-qemut-win7-amd64 19 guest-stop fail like 184339 test-amd64-amd64-xl-qemuu-ws16-amd64 19 guest-stop fail like 184339 test-amd64-amd64-xl-qemut-ws16-amd64 19 guest-stop fail like 184339 test-armhf-armhf-libvirt-qcow2 15 saverestore-support-check fail like 184339 test-amd64-i386-xl-qemut-ws16-amd64 19 guest-stop fail like 184339 test-armhf-armhf-libvirt-raw 15 saverestore-support-check fail like 184339 test-amd64-i386-xl-qemuu-ws16-amd64 19 guest-stop fail like 184339 test-amd64-amd64-qemuu-nested-amd 20 debian-hvm-install/l1/l2 fail like 184339 test-amd64-i386-xl-pvshim 14 guest-start fail never pass test-amd64-amd64-libvirt-xsm 15 migrate-support-check fail never pass test-amd64-i386-libvirt-xsm 15 migrate-support-check fail never pass test-amd64-amd64-libvirt 15 migrate-support-check fail never pass test-amd64-i386-libvirt 15 migrate-support-check fail never pass test-arm64-arm64-xl-xsm 15 migrate-support-check fail never pass test-arm64-arm64-xl-xsm 16 saverestore-support-check fail never pass test-arm64-arm64-xl 15 migrate-support-check fail never pass test-arm64-arm64-libvirt-xsm 15 migrate-support-check fail never pass test-arm64-arm64-xl 16 saverestore-support-check fail never pass test-arm64-arm64-libvirt-xsm 16 saverestore-support-check fail never pass test-arm64-arm64-xl-credit1 15 migrate-support-check fail never pass test-arm64-arm64-xl-credit1 16 saverestore-support-check fail never pass test-arm64-arm64-xl-credit2 15 migrate-support-check fail never pass test-arm64-arm64-xl-credit2 16 saverestore-support-check fail never pass test-arm64-arm64-xl-thunderx 15 migrate-support-check fail never pass test-arm64-arm64-xl-thunderx 16 saverestore-support-check fail never pass test-armhf-armhf-xl-multivcpu 15 migrate-support-check fail never pass test-armhf-armhf-xl-multivcpu 16 saverestore-support-check fail never pass test-armhf-armhf-xl-rtds 15 migrate-support-check fail never pass test-armhf-armhf-xl-rtds 16 saverestore-support-check fail never pass test-amd64-amd64-libvirt-qemuu-debianhvm-amd64-xsm 13 migrate-support-check fail never pass test-amd64-i386-libvirt-qemuu-debianhvm-amd64-xsm 13 migrate-support-check fail never pass test-armhf-armhf-xl-arndale 15 migrate-support-check fail never pass test-armhf-armhf-xl-arndale 16 saverestore-support-check fail never pass test-armhf-armhf-xl-credit1 15 migrate-support-check fail never pass test-armhf-armhf-xl-credit1 16 saverestore-support-check fail never pass test-amd64-amd64-libvirt-vhd 14 migrate-support-check fail never pass test-armhf-armhf-xl 15 migrate-support-check fail never pass test-armhf-armhf-xl 16 saverestore-support-check fail never pass test-armhf-armhf-libvirt 15 migrate-support-check fail never pass test-amd64-i386-libvirt-raw 14 migrate-support-check fail never pass test-arm64-arm64-libvirt-raw 14 migrate-support-check fail never pass test-arm64-arm64-libvirt-raw 15 saverestore-support-check fail never pass test-arm64-arm64-xl-vhd 14 migrate-support-check fail never pass test-arm64-arm64-xl-vhd 15 saverestore-support-check fail never pass test-armhf-armhf-libvirt-qcow2 14 migrate-support-check fail never pass test-armhf-armhf-xl-credit2 15 migrate-support-check fail never pass test-armhf-armhf-xl-credit2 16 saverestore-support-check fail never pass test-armhf-armhf-libvirt-raw 14 migrate-support-check fail never pass version targeted for testing: linux 9153fc9664959aa6bb35915b2bbd8fbc4c762962 baseline version: linux 4410df70110ff5175bf7f7fdc3bae5c80f2c36d9 Last test of basis 184339 2024-01-13 06:35:35 Z 4 days Testing same since 184362 2024-01-15 17:43:08 Z 2 days 3 attempts ------------------------------------------------------------ People who touched revisions under test: Adrian Cinal <[email protected]> Adrian Cinal <[email protected]> Aleksandr Loktionov <[email protected]> Amit Pundir <[email protected]> Andrea Mayer <[email protected]> Andrew Morton <[email protected]> Andrii Staikov <[email protected]> Arnd Bergmann <[email protected]> Bartosz Pawlowski <[email protected]> Benjamin Bara <[email protected]> Bharathi Sreenivas <[email protected]> Bjorn Helgaas <[email protected]> Chen Ni <[email protected]> Christophe JAILLET <[email protected]> David S. Miller <[email protected]> Ding Hui <[email protected]> Dinghao Liu <[email protected]> Doug Berger <[email protected]> Douglas Anderson <[email protected]> Eric Dumazet <[email protected]> Florian Fainelli <[email protected]> Geert Uytterhoeven <[email protected]> Greg Kroah-Hartman <[email protected]> Hangyu Hua <[email protected]> Harshit Mogalapalli <[email protected]> Jakub Kicinski <[email protected]> Jamal Hadi Salim <[email protected]> Jerome Brunet <[email protected]> Jiajun Xie <[email protected]> John Fastabend <[email protected]> Jon Hunter <[email protected]> Jon Maxwell <[email protected]> Jorge Ramirez-Ortiz <[email protected]> Kalle Valo <[email protected]> Karen Ostrowska <[email protected]> Ke Xiao <[email protected]> Lad Prabhakar <[email protected]> Linux Kernel Functional Testing <[email protected]> Marc Dionne <[email protected]> Marc Kleine-Budde <[email protected]> Mark Brown <[email protected]> Mateusz Palczewski <[email protected]> Matthew Wilcox (Oracle) <[email protected]> Michael Chan <[email protected]> Michael Walle <[email protected]> Oliver Hartkopp <[email protected]> Pablo Neira Ayuso <[email protected]> Phil Sutter <[email protected]> Pucha Himasekhar Reddy <[email protected]> (A Contingent worker at Intel) Rafal Romanowski <[email protected]> Rakesh Pillai <[email protected]> Sasha Levin <[email protected]> Siddh Raman Pant <[email protected]> Stefan Wahren <[email protected]> Sudheer Mogilappagari <[email protected]> Suraj Jitindar Singh <[email protected]> Takashi Sakamoto <[email protected]> Thomas Lange <[email protected]> Tony Nguyen <[email protected]> Tor Vic <[email protected]> Ulf Hansson <[email protected]> Vadim Fedorenko <[email protected]> Wenchao Chen <[email protected]> Wolfram Sang <[email protected]> jobs: build-amd64-xsm pass build-arm64-xsm pass build-i386-xsm pass build-amd64 pass build-arm64 pass build-armhf pass build-i386 pass build-amd64-libvirt pass build-arm64-libvirt pass build-armhf-libvirt pass build-i386-libvirt pass build-amd64-pvops pass build-arm64-pvops pass build-armhf-pvops pass build-i386-pvops pass test-amd64-amd64-xl pass test-amd64-coresched-amd64-xl pass test-arm64-arm64-xl pass test-armhf-armhf-xl fail test-amd64-i386-xl pass test-amd64-coresched-i386-xl pass test-amd64-amd64-libvirt-qemuu-debianhvm-amd64-xsm pass test-amd64-i386-libvirt-qemuu-debianhvm-amd64-xsm pass test-amd64-amd64-xl-qemut-stubdom-debianhvm-amd64-xsm pass test-amd64-i386-xl-qemut-stubdom-debianhvm-amd64-xsm pass test-amd64-amd64-xl-qemut-debianhvm-i386-xsm pass test-amd64-i386-xl-qemut-debianhvm-i386-xsm pass test-amd64-amd64-xl-qemuu-debianhvm-i386-xsm pass test-amd64-i386-xl-qemuu-debianhvm-i386-xsm pass test-amd64-amd64-libvirt-xsm pass test-arm64-arm64-libvirt-xsm pass test-amd64-i386-libvirt-xsm pass test-amd64-amd64-xl-xsm pass test-arm64-arm64-xl-xsm pass test-amd64-i386-xl-xsm pass test-amd64-amd64-qemuu-nested-amd fail test-amd64-amd64-xl-pvhv2-amd pass test-amd64-i386-qemut-rhel6hvm-amd pass test-amd64-i386-qemuu-rhel6hvm-amd pass test-amd64-amd64-dom0pvh-xl-amd pass test-amd64-amd64-xl-qemut-debianhvm-amd64 pass test-amd64-i386-xl-qemut-debianhvm-amd64 pass test-amd64-amd64-xl-qemuu-debianhvm-amd64 pass test-amd64-i386-xl-qemuu-debianhvm-amd64 pass test-amd64-i386-freebsd10-amd64 pass test-amd64-amd64-qemuu-freebsd11-amd64 pass test-amd64-amd64-qemuu-freebsd12-amd64 pass test-amd64-amd64-xl-qemuu-ovmf-amd64 pass test-amd64-i386-xl-qemuu-ovmf-amd64 pass test-amd64-amd64-xl-qemut-win7-amd64 fail test-amd64-i386-xl-qemut-win7-amd64 fail test-amd64-amd64-xl-qemuu-win7-amd64 fail test-amd64-i386-xl-qemuu-win7-amd64 fail test-amd64-amd64-xl-qemut-ws16-amd64 fail test-amd64-i386-xl-qemut-ws16-amd64 fail test-amd64-amd64-xl-qemuu-ws16-amd64 fail test-amd64-i386-xl-qemuu-ws16-amd64 fail test-armhf-armhf-xl-arndale pass test-amd64-amd64-examine-bios pass test-amd64-i386-examine-bios pass test-amd64-amd64-xl-credit1 pass test-arm64-arm64-xl-credit1 pass test-armhf-armhf-xl-credit1 pass test-amd64-amd64-xl-credit2 pass test-arm64-arm64-xl-credit2 pass test-armhf-armhf-xl-credit2 fail test-amd64-amd64-xl-qemuu-dmrestrict-amd64-dmrestrict pass test-amd64-i386-xl-qemuu-dmrestrict-amd64-dmrestrict pass test-amd64-amd64-examine pass test-arm64-arm64-examine pass test-armhf-armhf-examine pass test-amd64-i386-examine pass test-amd64-i386-freebsd10-i386 pass test-amd64-amd64-qemuu-nested-intel pass test-amd64-amd64-xl-pvhv2-intel pass test-amd64-i386-qemut-rhel6hvm-intel pass test-amd64-i386-qemuu-rhel6hvm-intel pass test-amd64-amd64-dom0pvh-xl-intel pass test-amd64-amd64-libvirt pass test-armhf-armhf-libvirt pass test-amd64-i386-libvirt pass test-amd64-amd64-xl-multivcpu pass test-armhf-armhf-xl-multivcpu fail test-amd64-amd64-pair pass test-amd64-i386-pair pass test-amd64-amd64-libvirt-pair pass test-amd64-i386-libvirt-pair pass test-amd64-amd64-xl-pvshim pass test-amd64-i386-xl-pvshim fail test-amd64-amd64-pygrub pass test-armhf-armhf-libvirt-qcow2 pass test-amd64-amd64-xl-qcow2 pass test-arm64-arm64-libvirt-raw fail test-armhf-armhf-libvirt-raw pass test-amd64-i386-libvirt-raw pass test-amd64-amd64-xl-rtds pass test-armhf-armhf-xl-rtds pass test-amd64-amd64-xl-qemuu-debianhvm-amd64-shadow pass test-amd64-i386-xl-qemuu-debianhvm-amd64-shadow pass test-amd64-amd64-xl-shadow pass test-amd64-i386-xl-shadow pass test-arm64-arm64-xl-thunderx pass test-amd64-amd64-examine-uefi pass test-amd64-i386-examine-uefi pass test-amd64-amd64-libvirt-vhd pass test-arm64-arm64-xl-vhd pass test-armhf-armhf-xl-vhd fail test-amd64-i386-xl-vhd pass ------------------------------------------------------------ sg-report-flight on osstest.test-lab.xenproject.org logs: /home/logs/logs images: /home/logs/images Logs, config files, etc. are available at http://logs.test-lab.xenproject.org/osstest/logs Explanation of these reports, and of osstest in general, is at http://xenbits.xen.org/gitweb/?p=osstest.git;a=blob;f=README.email;hb=master http://xenbits.xen.org/gitweb/?p=osstest.git;a=blob;f=README;hb=master Test harness code can be found at http://xenbits.xen.org/gitweb?p=osstest.git;a=summary Pushing revision : hint: The 'hooks/update' hook was ignored because it's not set as executable. hint: You can disable this warning with `git config advice.ignoredHook false`. hint: The 'hooks/post-receive' hook was ignored because it's not set as executable. hint: You can disable this warning with `git config advice.ignoredHook false`. hint: The 'hooks/post-update' hook was ignored because it's not set as executable. hint: You can disable this warning with `git config advice.ignoredHook false`. To xenbits.xen.org:/home/xen/git/linux-pvops.git 4410df70110ff..9153fc9664959 9153fc9664959aa6bb35915b2bbd8fbc4c762962 -> tested/linux-5.4
