flight 184296 linux-linus real [real] http://logs.test-lab.xenproject.org/osstest/logs/184296/
Regressions :-( Tests which did not succeed and are blocking, including tests which could not be run: test-amd64-amd64-xl-shadow <job status> broken in 184290 test-arm64-arm64-xl-xsm 12 debian-install fail REGR. vs. 184270 test-arm64-arm64-libvirt-xsm 12 debian-install fail REGR. vs. 184270 Tests which are failing intermittently (not blocking): test-amd64-amd64-xl-shadow 5 host-install(5) broken in 184290 pass in 184296 test-armhf-armhf-libvirt 8 xen-boot fail pass in 184290 Tests which did not succeed, but are not blocking: test-armhf-armhf-libvirt 16 saverestore-support-check fail in 184290 like 184270 test-armhf-armhf-libvirt 15 migrate-support-check fail in 184290 never pass test-amd64-amd64-xl-qemut-win7-amd64 19 guest-stop fail like 184270 test-amd64-amd64-xl-qemuu-win7-amd64 19 guest-stop fail like 184270 test-amd64-amd64-xl-qemuu-ws16-amd64 19 guest-stop fail like 184270 test-armhf-armhf-libvirt-raw 15 saverestore-support-check fail like 184270 test-amd64-amd64-xl-qemut-ws16-amd64 19 guest-stop fail like 184270 test-armhf-armhf-libvirt-qcow2 15 saverestore-support-check fail like 184270 test-amd64-amd64-qemuu-nested-amd 20 debian-hvm-install/l1/l2 fail like 184270 test-amd64-amd64-libvirt 15 migrate-support-check fail never pass test-amd64-amd64-libvirt-xsm 15 migrate-support-check fail never pass test-arm64-arm64-xl 15 migrate-support-check fail never pass test-arm64-arm64-xl 16 saverestore-support-check fail never pass test-arm64-arm64-xl-credit1 15 migrate-support-check fail never pass test-arm64-arm64-xl-thunderx 15 migrate-support-check fail never pass test-arm64-arm64-xl-credit1 16 saverestore-support-check fail never pass test-arm64-arm64-xl-thunderx 16 saverestore-support-check fail never pass test-arm64-arm64-xl-credit2 15 migrate-support-check fail never pass test-arm64-arm64-xl-credit2 16 saverestore-support-check fail never pass test-armhf-armhf-xl-multivcpu 15 migrate-support-check fail never pass test-armhf-armhf-xl-multivcpu 16 saverestore-support-check fail never pass test-amd64-amd64-libvirt-qemuu-debianhvm-amd64-xsm 13 migrate-support-check fail never pass test-armhf-armhf-xl-arndale 15 migrate-support-check fail never pass test-armhf-armhf-xl-arndale 16 saverestore-support-check fail never pass test-armhf-armhf-xl-rtds 15 migrate-support-check fail never pass test-armhf-armhf-xl-rtds 16 saverestore-support-check fail never pass test-armhf-armhf-xl-credit1 15 migrate-support-check fail never pass test-armhf-armhf-xl-credit1 16 saverestore-support-check fail never pass test-amd64-amd64-libvirt-qcow2 14 migrate-support-check fail never pass test-armhf-armhf-xl-credit2 15 migrate-support-check fail never pass test-armhf-armhf-xl-credit2 16 saverestore-support-check fail never pass test-amd64-amd64-libvirt-raw 14 migrate-support-check fail never pass test-arm64-arm64-libvirt-raw 14 migrate-support-check fail never pass test-arm64-arm64-libvirt-raw 15 saverestore-support-check fail never pass test-arm64-arm64-xl-vhd 14 migrate-support-check fail never pass test-arm64-arm64-xl-vhd 15 saverestore-support-check fail never pass test-armhf-armhf-libvirt-raw 14 migrate-support-check fail never pass test-armhf-armhf-xl-vhd 14 migrate-support-check fail never pass test-armhf-armhf-xl-vhd 15 saverestore-support-check fail never pass test-armhf-armhf-xl 15 migrate-support-check fail never pass test-armhf-armhf-xl 16 saverestore-support-check fail never pass test-armhf-armhf-libvirt-qcow2 14 migrate-support-check fail never pass version targeted for testing: linux 9f8413c4a66f2fb776d3dc3c9ed20bf435eb305e baseline version: linux 0dd3ee31125508cd67f7e7172247f05b7fd1753a Last test of basis 184270 2024-01-07 20:42:19 Z 2 days Failing since 184283 2024-01-08 20:10:43 Z 1 days 3 attempts Testing same since 184290 2024-01-09 05:47:33 Z 1 days 2 attempts ------------------------------------------------------------ People who touched revisions under test: "Aneesh Kumar K.V (IBM)" <[email protected]> "Aneesh Kumar K.V" <[email protected]> "Paul E. McKenney" <[email protected]> Aaron Lu <[email protected]> Abel Wu <[email protected]> Abhinav Singh <[email protected]> Aditya Gupta <[email protected]> Adrian Huang <[email protected]> Al Viro <[email protected]> Alexander Antonov <[email protected]> Alexander Mikhalitsyn <[email protected]> Amir Goldstein <[email protected]> Ammy Yi <[email protected]> Andrei Vagin <[email protected]> Andrew Cooper <[email protected]> Andrew Donnellan <[email protected]> Andrew Donnellan <[email protected]> # ocxl Andrzej Hajda <[email protected]> Andy Shevchenko <[email protected]> Aneesh Kumar K.V (IBM) <[email protected]> Aneesh Kumar K.V <[email protected]> Anna-Maria Behnsen <[email protected]> Anshuman Khandual <[email protected]> Ard Biesheuvel <[email protected]> Arnd Bergmann <[email protected]> Ashok Raj <[email protected]> Atul Kumar Pant <[email protected]> Bagas Sanjaya <[email protected]> Bjorn Helgaas <[email protected]> Bjorn Helgaas <[email protected]> # pci_ids.h Borislav Petkov (AMD) <[email protected]> Catalin Marinas <[email protected]> Chandan Babu R <[email protected]> Christian Brauner <[email protected]> Christoph Hellwig <[email protected]> Christophe JAILLET <[email protected]> Christophe Leroy <[email protected]> Chuck Lever <[email protected]> Claudiu Beznea <[email protected]> Colin Ian King <[email protected]> Conor Dooley <[email protected]> Crystal Wood <[email protected]> Daniel Bristot de Oliveira <[email protected]> Dario Binacchi <[email protected]> Darrick J. Wong <[email protected]> Dave Hansen <[email protected]> David Heidelberg <[email protected]> David Sterba <[email protected]> Derek Barbosa <[email protected]> Dmitry Antipov <[email protected]> Dmitry Torokhov <[email protected]> Edward Adam Davis <[email protected]> Elliot Berman <[email protected]> Eric Farman <[email protected]> # s390 Finn Thain <[email protected]> Florian Fainelli <[email protected]> Frederic Barrat <[email protected]> Frederic Weisbecker <[email protected]> Fuad Tabba <[email protected]> Geert Uytterhoeven <[email protected]> Geert Uytterhoeven <[email protected]> Geoff Levand <[email protected]> Greg KH <[email protected]> Greg Kroah-Hartman <[email protected]> Hao Ge <[email protected]> Haoran Liu <[email protected]> Hou Wenlong <[email protected]> Huang Shijie <[email protected]> Ilkka Koskinen <[email protected]> Ilpo Järvinen <[email protected]> Imran Khan <[email protected]> Ingo Molnar <[email protected]> Jakub Kicinski <[email protected]> James Clark <[email protected]> James Morse <[email protected]> Jan Harkes <[email protected]> Jan Kara <[email protected]> Jann Horn <[email protected]> Jeff Layton <[email protected]> Jens Axboe <[email protected]> Jia Zhu <[email protected]> Joey Gouly <[email protected]> Jordan Niethe <[email protected]> Josef Bacik <[email protected]> Josh Don <[email protected]> Josh Poimboeuf <[email protected]> Juergen Gross <[email protected]> Jun'ichi Nomura <[email protected]> Junhao He <[email protected]> Kajol Jain <[email protected]> Kan Liang <[email protected]> Kees Cook <[email protected]> Kent Overstreet <[email protected]> Kevin Hao <[email protected]> Konrad Dybcio <[email protected]> Krzysztof Kozlowski <[email protected]> Kunwu Chan <[email protected]> Kyle Meyer <[email protected]> Li kunyu <[email protected]> Li zeming <[email protected]> Linus Torvalds <[email protected]> Lukas Bulwahn <[email protected]> Lukas Schauer <[email protected]> Lukasz Luba <[email protected]> Marc Zyngier <[email protected]> Mark Brown <[email protected]> Mark Rutland <[email protected]> Martin K. Petersen <[email protected]> Masahiro Yamada <[email protected]> Masami Hiramatsu <[email protected]> Mateusz Guzik <[email protected]> Matthew Wilcox (Oracle) <[email protected]> Max Filippov <[email protected]> Mel Gorman <[email protected]> Michael Ellerman <[email protected]> Michal Simek <[email protected]> Michal Suchánek <[email protected]> Miklos Szeredi <[email protected]> Muralidhara M K <[email protected]> Namhyung Kim <[email protected]> Nathan Chancellor <[email protected]> Nathan Lynch <[email protected]> Naveen N Rao <[email protected]> Nicholas Piggin <[email protected]> Nikolay Borisov <[email protected]> Paul E. McKenney <[email protected]> Peter Zijlstra (Intel) <[email protected]> Peter Zijlstra <[email protected]> Pierre Gondois <[email protected]> Qais Yousef <[email protected]> Qiuxu Zhuo <[email protected]> Rafael J. Wysocki <[email protected]> Rafael J. Wysocki <[email protected]> Raghavendra K T <[email protected]> Randy Dunlap <[email protected]> Ravi Bangoria <[email protected]> Rob Herring <[email protected]> Robin Murphy <[email protected]> Russell King (Oracle) <[email protected]> Ryan Roberts <[email protected]> Ryusuke Konishi <[email protected]> Sam James <[email protected]> Samuel Zeter <[email protected]> Sathvika Vasireddy <[email protected]> Segher Boessenkool <[email protected]> Shawn Guo <[email protected]> Shuai Xue <[email protected]> Srikar Dronamraju <[email protected]> Stephen Rothwell <[email protected]> Sudeep Holla <[email protected]> Sven Schnelle <[email protected]> Tejun Heo <[email protected]> Thomas Gleixner <[email protected]> Thomas Richter <[email protected]> Tom Lendacky <[email protected]> Tony Luck <[email protected]> Tsung-Han Lin <[email protected]> Uros Bizjak <[email protected]> Uwe Kleine-König <[email protected]> Vaibhav Jain <[email protected]> Vegard Nossum <[email protected]> Vincent Guittot <[email protected]> Viresh Kumar <[email protected]> Waiman Long <[email protected]> Wang Jinchao <[email protected]> Wenyu Huang <[email protected]> Will Deacon <[email protected]> Xiaoming Wang <[email protected]> Xin Yin <[email protected]> Xu Yang <[email protected]> Xu Yilun <[email protected]> Yafang Shao <[email protected]> YangXin <[email protected]> Yazen Ghannam <[email protected]> Yiwei Lin <[email protected]> Youquan Song <[email protected]> Yuntao Wang <[email protected]> Zenghui Yu <[email protected]> Zhao Ke <[email protected]> Zhiquan Li <[email protected]> jobs: build-amd64-xsm pass build-arm64-xsm pass build-i386-xsm pass build-amd64 pass build-arm64 pass build-armhf pass build-i386 pass build-amd64-libvirt pass build-arm64-libvirt pass build-armhf-libvirt pass build-i386-libvirt pass build-amd64-pvops pass build-arm64-pvops pass build-armhf-pvops pass build-i386-pvops pass test-amd64-amd64-xl pass test-amd64-coresched-amd64-xl pass test-arm64-arm64-xl pass test-armhf-armhf-xl pass test-amd64-amd64-libvirt-qemuu-debianhvm-amd64-xsm pass test-amd64-amd64-xl-qemut-stubdom-debianhvm-amd64-xsm pass test-amd64-amd64-xl-qemut-debianhvm-i386-xsm pass test-amd64-amd64-xl-qemuu-debianhvm-i386-xsm pass test-amd64-amd64-libvirt-xsm pass test-arm64-arm64-libvirt-xsm fail test-amd64-amd64-xl-xsm pass test-arm64-arm64-xl-xsm fail test-amd64-amd64-qemuu-nested-amd fail test-amd64-amd64-xl-pvhv2-amd pass test-amd64-amd64-dom0pvh-xl-amd pass test-amd64-amd64-xl-qemut-debianhvm-amd64 pass test-amd64-amd64-xl-qemuu-debianhvm-amd64 pass test-amd64-amd64-freebsd11-amd64 pass test-amd64-amd64-freebsd12-amd64 pass test-amd64-amd64-xl-qemuu-ovmf-amd64 pass test-amd64-amd64-xl-qemut-win7-amd64 fail test-amd64-amd64-xl-qemuu-win7-amd64 fail test-amd64-amd64-xl-qemut-ws16-amd64 fail test-amd64-amd64-xl-qemuu-ws16-amd64 fail test-armhf-armhf-xl-arndale pass test-amd64-amd64-examine-bios pass test-amd64-amd64-xl-credit1 pass test-arm64-arm64-xl-credit1 pass test-armhf-armhf-xl-credit1 pass test-amd64-amd64-xl-credit2 pass test-arm64-arm64-xl-credit2 pass test-armhf-armhf-xl-credit2 pass test-amd64-amd64-xl-qemuu-dmrestrict-amd64-dmrestrict pass test-amd64-amd64-examine pass test-arm64-arm64-examine pass test-armhf-armhf-examine pass test-amd64-amd64-qemuu-nested-intel pass test-amd64-amd64-xl-pvhv2-intel pass test-amd64-amd64-dom0pvh-xl-intel pass test-amd64-amd64-libvirt pass test-armhf-armhf-libvirt fail test-amd64-amd64-xl-multivcpu pass test-armhf-armhf-xl-multivcpu pass test-amd64-amd64-pair pass test-amd64-amd64-libvirt-pair pass test-amd64-amd64-xl-pvshim pass test-amd64-amd64-pygrub pass test-amd64-amd64-libvirt-qcow2 pass test-armhf-armhf-libvirt-qcow2 pass test-amd64-amd64-libvirt-raw pass test-arm64-arm64-libvirt-raw pass test-armhf-armhf-libvirt-raw pass test-amd64-amd64-xl-rtds pass test-armhf-armhf-xl-rtds pass test-amd64-amd64-xl-qemuu-debianhvm-amd64-shadow pass test-amd64-amd64-xl-shadow pass test-arm64-arm64-xl-thunderx pass test-amd64-amd64-examine-uefi pass test-amd64-amd64-xl-vhd pass test-arm64-arm64-xl-vhd pass test-armhf-armhf-xl-vhd pass ------------------------------------------------------------ sg-report-flight on osstest.test-lab.xenproject.org logs: /home/logs/logs images: /home/logs/images Logs, config files, etc. are available at http://logs.test-lab.xenproject.org/osstest/logs Explanation of these reports, and of osstest in general, is at http://xenbits.xen.org/gitweb/?p=osstest.git;a=blob;f=README.email;hb=master http://xenbits.xen.org/gitweb/?p=osstest.git;a=blob;f=README;hb=master Test harness code can be found at http://xenbits.xen.org/gitweb?p=osstest.git;a=summary broken-job test-amd64-amd64-xl-shadow broken Not pushing. (No revision log; it would be 12830 lines long.)
