flight 184256 linux-linus real [real]
http://logs.test-lab.xenproject.org/osstest/logs/184256/

Failures :-/ but no regressions.

Tests which did not succeed, but are not blocking:
 test-amd64-amd64-xl-qemut-win7-amd64 19 guest-stop            fail like 184252
 test-amd64-amd64-xl-qemuu-win7-amd64 19 guest-stop            fail like 184252
 test-amd64-amd64-xl-qemuu-ws16-amd64 19 guest-stop            fail like 184252
 test-armhf-armhf-libvirt-raw 15 saverestore-support-check    fail  like 184252
 test-armhf-armhf-libvirt     16 saverestore-support-check    fail  like 184252
 test-amd64-amd64-xl-qemut-ws16-amd64 19 guest-stop            fail like 184252
 test-armhf-armhf-libvirt-qcow2 15 saverestore-support-check   fail like 184252
 test-amd64-amd64-qemuu-nested-amd 20 debian-hvm-install/l1/l2 fail like 184252
 test-amd64-amd64-libvirt     15 migrate-support-check        fail   never pass
 test-amd64-amd64-libvirt-xsm 15 migrate-support-check        fail   never pass
 test-arm64-arm64-xl          15 migrate-support-check        fail   never pass
 test-arm64-arm64-xl          16 saverestore-support-check    fail   never pass
 test-arm64-arm64-xl-credit1  15 migrate-support-check        fail   never pass
 test-arm64-arm64-xl-thunderx 15 migrate-support-check        fail   never pass
 test-arm64-arm64-xl-credit1  16 saverestore-support-check    fail   never pass
 test-arm64-arm64-xl-thunderx 16 saverestore-support-check    fail   never pass
 test-arm64-arm64-xl-xsm      15 migrate-support-check        fail   never pass
 test-arm64-arm64-xl-credit2  15 migrate-support-check        fail   never pass
 test-arm64-arm64-xl-xsm      16 saverestore-support-check    fail   never pass
 test-arm64-arm64-xl-credit2  16 saverestore-support-check    fail   never pass
 test-arm64-arm64-libvirt-xsm 15 migrate-support-check        fail   never pass
 test-arm64-arm64-libvirt-xsm 16 saverestore-support-check    fail   never pass
 test-armhf-armhf-xl-multivcpu 15 migrate-support-check        fail  never pass
 test-armhf-armhf-xl-multivcpu 16 saverestore-support-check    fail  never pass
 test-amd64-amd64-libvirt-qcow2 14 migrate-support-check        fail never pass
 test-amd64-amd64-libvirt-qemuu-debianhvm-amd64-xsm 13 migrate-support-check 
fail never pass
 test-armhf-armhf-xl-credit1  15 migrate-support-check        fail   never pass
 test-armhf-armhf-xl-credit1  16 saverestore-support-check    fail   never pass
 test-armhf-armhf-xl-arndale  15 migrate-support-check        fail   never pass
 test-armhf-armhf-xl-arndale  16 saverestore-support-check    fail   never pass
 test-armhf-armhf-xl-rtds     15 migrate-support-check        fail   never pass
 test-armhf-armhf-xl-rtds     16 saverestore-support-check    fail   never pass
 test-amd64-amd64-libvirt-raw 14 migrate-support-check        fail   never pass
 test-arm64-arm64-libvirt-raw 14 migrate-support-check        fail   never pass
 test-arm64-arm64-libvirt-raw 15 saverestore-support-check    fail   never pass
 test-arm64-arm64-xl-vhd      14 migrate-support-check        fail   never pass
 test-arm64-arm64-xl-vhd      15 saverestore-support-check    fail   never pass
 test-armhf-armhf-libvirt-raw 14 migrate-support-check        fail   never pass
 test-armhf-armhf-xl-vhd      14 migrate-support-check        fail   never pass
 test-armhf-armhf-xl-vhd      15 saverestore-support-check    fail   never pass
 test-armhf-armhf-libvirt     15 migrate-support-check        fail   never pass
 test-armhf-armhf-xl          15 migrate-support-check        fail   never pass
 test-armhf-armhf-xl          16 saverestore-support-check    fail   never pass
 test-armhf-armhf-xl-credit2  15 migrate-support-check        fail   never pass
 test-armhf-armhf-xl-credit2  16 saverestore-support-check    fail   never pass
 test-armhf-armhf-libvirt-qcow2 14 migrate-support-check        fail never pass

version targeted for testing:
 linux                1f874787ed9a2d78ed59cb21d0d90ac0178eceb0
baseline version:
 linux                5eff55d725a4e0dc6fc7709c4b1ca4fe40588d07

Last test of basis   184252  2024-01-04 19:43:56 Z    0 days
Testing same since   184256  2024-01-05 04:22:32 Z    0 days    1 attempts

------------------------------------------------------------
People who touched revisions under test:
  Aaron Conole <[email protected]>
  Adrian Cinal <[email protected]>
  Adrian Cinal <[email protected]>
  Aleksandr Loktionov <[email protected]>
  Alex Henrie <[email protected]>
  Alexander Lobakin <[email protected]>
  Andrii Staikov <[email protected]>
  Arkadiusz Kubalewski <[email protected]>
  Bagas Sanjaya <[email protected]>
  Benjamin Berg <[email protected]>
  Benjamin Poirier <[email protected]>
  Bharathi Sreenivas <[email protected]>
  Brad Cowie <[email protected]>
  Chen Ni <[email protected]>
  Claudiu Beznea <[email protected]>
  David S. Miller <[email protected]>
  David Thompson <[email protected]>
  Ding Hui <[email protected]>
  Dinghao Liu <[email protected]>
  Dmitry Safonov <[email protected]>
  Doug Berger <[email protected]>
  Florian Fainelli <[email protected]>
  Geliang Tang <[email protected]>
  Hangbin Liu <[email protected]>
  Hangyu Hua <[email protected]>
  Jakub Kicinski <[email protected]>
  Jamal Hadi Salim <[email protected]>
  Johannes Berg <[email protected]>
  Jörn-Thorben Hinz <[email protected]>
  Kai-Heng Feng <[email protected]>
  Kalle Valo <[email protected]>
  Karen Ostrowska <[email protected]>
  Katarzyna Wieczerzycka <[email protected]>
  Ke Xiao <[email protected]>
  Kurt Kanzenbach <[email protected]>
  Linus Torvalds <[email protected]>
  Lukas Bulwahn <[email protected]>
  Marc Dionne <[email protected]>
  Marcin Wojtas <[email protected]>
  Mat Martineau <[email protected]>
  Mateusz Palczewski <[email protected]>
  Matthieu Baerts <[email protected]>
  Michael Chan <[email protected]>
  Michael S. Tsirkin <[email protected]>
  Miri Korenblit <[email protected]>
  Naama Meir <[email protected]>
  Naveen Mamindlapalli <[email protected]>
  Ngai-Mint Kwan <[email protected]>
  Nithin Kumar Dabilpuram <[email protected]>
  Noah Goldstein <[email protected]>
  Pablo Neira Ayuso <[email protected]>
  Paolo Abeni <[email protected]>
  Paul Greenwalt <[email protected]>
  Pavan Kumar Linga <[email protected]>
  Pucha Himasekhar Reddy <[email protected]> (A Contingent 
worker at Intel)
  Radu Pirea (NXP OSS) <[email protected]>
  Rafal Romanowski <[email protected]>
  Randy Dunlap <[email protected]>
  Rodrigo Cataldo <[email protected]>
  Sagi Maimon <[email protected]>
  Sarannya S <[email protected]>
  Sarannya Sasikumar <[email protected]>
  Scott Register <[email protected]>
  Siddh Raman Pant <[email protected]>
  Sudheer Mogilappagari <[email protected]>
  Suman Ghosh <[email protected]>
  Sunil Kovvuri Goutham <[email protected]>
  Thomas Lange <[email protected]>
  Tony Nguyen <[email protected]>
  Vinicius Costa Gomes <[email protected]>
  wangkeqi <[email protected]>
  Wen Gu <[email protected]>
  Wojciech Drewek <[email protected]>
  Xin Long <[email protected]>
  Xuan Zhuo <[email protected]>
  Zhipeng Lu <[email protected]>

jobs:
 build-amd64-xsm                                              pass    
 build-arm64-xsm                                              pass    
 build-i386-xsm                                               pass    
 build-amd64                                                  pass    
 build-arm64                                                  pass    
 build-armhf                                                  pass    
 build-i386                                                   pass    
 build-amd64-libvirt                                          pass    
 build-arm64-libvirt                                          pass    
 build-armhf-libvirt                                          pass    
 build-i386-libvirt                                           pass    
 build-amd64-pvops                                            pass    
 build-arm64-pvops                                            pass    
 build-armhf-pvops                                            pass    
 build-i386-pvops                                             pass    
 test-amd64-amd64-xl                                          pass    
 test-amd64-coresched-amd64-xl                                pass    
 test-arm64-arm64-xl                                          pass    
 test-armhf-armhf-xl                                          pass    
 test-amd64-amd64-libvirt-qemuu-debianhvm-amd64-xsm           pass    
 test-amd64-amd64-xl-qemut-stubdom-debianhvm-amd64-xsm        pass    
 test-amd64-amd64-xl-qemut-debianhvm-i386-xsm                 pass    
 test-amd64-amd64-xl-qemuu-debianhvm-i386-xsm                 pass    
 test-amd64-amd64-libvirt-xsm                                 pass    
 test-arm64-arm64-libvirt-xsm                                 pass    
 test-amd64-amd64-xl-xsm                                      pass    
 test-arm64-arm64-xl-xsm                                      pass    
 test-amd64-amd64-qemuu-nested-amd                            fail    
 test-amd64-amd64-xl-pvhv2-amd                                pass    
 test-amd64-amd64-dom0pvh-xl-amd                              pass    
 test-amd64-amd64-xl-qemut-debianhvm-amd64                    pass    
 test-amd64-amd64-xl-qemuu-debianhvm-amd64                    pass    
 test-amd64-amd64-freebsd11-amd64                             pass    
 test-amd64-amd64-freebsd12-amd64                             pass    
 test-amd64-amd64-xl-qemuu-ovmf-amd64                         pass    
 test-amd64-amd64-xl-qemut-win7-amd64                         fail    
 test-amd64-amd64-xl-qemuu-win7-amd64                         fail    
 test-amd64-amd64-xl-qemut-ws16-amd64                         fail    
 test-amd64-amd64-xl-qemuu-ws16-amd64                         fail    
 test-armhf-armhf-xl-arndale                                  pass    
 test-amd64-amd64-examine-bios                                pass    
 test-amd64-amd64-xl-credit1                                  pass    
 test-arm64-arm64-xl-credit1                                  pass    
 test-armhf-armhf-xl-credit1                                  pass    
 test-amd64-amd64-xl-credit2                                  pass    
 test-arm64-arm64-xl-credit2                                  pass    
 test-armhf-armhf-xl-credit2                                  pass    
 test-amd64-amd64-xl-qemuu-dmrestrict-amd64-dmrestrict        pass    
 test-amd64-amd64-examine                                     pass    
 test-arm64-arm64-examine                                     pass    
 test-armhf-armhf-examine                                     pass    
 test-amd64-amd64-qemuu-nested-intel                          pass    
 test-amd64-amd64-xl-pvhv2-intel                              pass    
 test-amd64-amd64-dom0pvh-xl-intel                            pass    
 test-amd64-amd64-libvirt                                     pass    
 test-armhf-armhf-libvirt                                     pass    
 test-amd64-amd64-xl-multivcpu                                pass    
 test-armhf-armhf-xl-multivcpu                                pass    
 test-amd64-amd64-pair                                        pass    
 test-amd64-amd64-libvirt-pair                                pass    
 test-amd64-amd64-xl-pvshim                                   pass    
 test-amd64-amd64-pygrub                                      pass    
 test-amd64-amd64-libvirt-qcow2                               pass    
 test-armhf-armhf-libvirt-qcow2                               pass    
 test-amd64-amd64-libvirt-raw                                 pass    
 test-arm64-arm64-libvirt-raw                                 pass    
 test-armhf-armhf-libvirt-raw                                 pass    
 test-amd64-amd64-xl-rtds                                     pass    
 test-armhf-armhf-xl-rtds                                     pass    
 test-amd64-amd64-xl-qemuu-debianhvm-amd64-shadow             pass    
 test-amd64-amd64-xl-shadow                                   pass    
 test-arm64-arm64-xl-thunderx                                 pass    
 test-amd64-amd64-examine-uefi                                pass    
 test-amd64-amd64-xl-vhd                                      pass    
 test-arm64-arm64-xl-vhd                                      pass    
 test-armhf-armhf-xl-vhd                                      pass    


------------------------------------------------------------
sg-report-flight on osstest.test-lab.xenproject.org
logs: /home/logs/logs
images: /home/logs/images

Logs, config files, etc. are available at
    http://logs.test-lab.xenproject.org/osstest/logs

Explanation of these reports, and of osstest in general, is at
    http://xenbits.xen.org/gitweb/?p=osstest.git;a=blob;f=README.email;hb=master
    http://xenbits.xen.org/gitweb/?p=osstest.git;a=blob;f=README;hb=master

Test harness code can be found at
    http://xenbits.xen.org/gitweb?p=osstest.git;a=summary


Pushing revision :

hint: The 'hooks/update' hook was ignored because it's not set as executable.
hint: You can disable this warning with `git config advice.ignoredHook false`.
hint: The 'hooks/post-receive' hook was ignored because it's not set as 
executable.
hint: You can disable this warning with `git config advice.ignoredHook false`.
hint: The 'hooks/post-update' hook was ignored because it's not set as 
executable.
hint: You can disable this warning with `git config advice.ignoredHook false`.
To xenbits.xen.org:/home/xen/git/linux-pvops.git
   5eff55d725a4..1f874787ed9a  1f874787ed9a2d78ed59cb21d0d90ac0178eceb0 -> 
tested/linux-linus

Reply via email to