flight 184149 linux-linus real [real] flight 184152 linux-linus real-retest [real] http://logs.test-lab.xenproject.org/osstest/logs/184149/ http://logs.test-lab.xenproject.org/osstest/logs/184152/
Failures :-/ but no regressions. Tests which are failing intermittently (not blocking): test-amd64-amd64-xl-qemuu-debianhvm-i386-xsm 12 debian-hvm-install fail pass in 184152-retest Tests which did not succeed, but are not blocking: test-amd64-amd64-xl-qemut-win7-amd64 19 guest-stop fail like 184146 test-amd64-amd64-xl-qemuu-win7-amd64 19 guest-stop fail like 184146 test-amd64-amd64-xl-qemuu-ws16-amd64 19 guest-stop fail like 184146 test-armhf-armhf-libvirt-qcow2 15 saverestore-support-check fail like 184146 test-armhf-armhf-libvirt 16 saverestore-support-check fail like 184146 test-amd64-amd64-xl-qemut-ws16-amd64 19 guest-stop fail like 184146 test-armhf-armhf-libvirt-raw 15 saverestore-support-check fail like 184146 test-amd64-amd64-qemuu-nested-amd 20 debian-hvm-install/l1/l2 fail like 184146 test-amd64-amd64-libvirt-xsm 15 migrate-support-check fail never pass test-amd64-amd64-libvirt 15 migrate-support-check fail never pass test-arm64-arm64-xl-thunderx 15 migrate-support-check fail never pass test-arm64-arm64-xl-thunderx 16 saverestore-support-check fail never pass test-arm64-arm64-libvirt-xsm 15 migrate-support-check fail never pass test-arm64-arm64-libvirt-xsm 16 saverestore-support-check fail never pass test-arm64-arm64-xl 15 migrate-support-check fail never pass test-arm64-arm64-xl 16 saverestore-support-check fail never pass test-arm64-arm64-xl-credit2 15 migrate-support-check fail never pass test-arm64-arm64-xl-credit2 16 saverestore-support-check fail never pass test-arm64-arm64-xl-credit1 15 migrate-support-check fail never pass test-arm64-arm64-xl-credit1 16 saverestore-support-check fail never pass test-amd64-amd64-libvirt-qemuu-debianhvm-amd64-xsm 13 migrate-support-check fail never pass test-armhf-armhf-xl-multivcpu 15 migrate-support-check fail never pass test-armhf-armhf-xl-multivcpu 16 saverestore-support-check fail never pass test-armhf-armhf-xl-credit1 15 migrate-support-check fail never pass test-armhf-armhf-xl-credit1 16 saverestore-support-check fail never pass test-arm64-arm64-xl-xsm 15 migrate-support-check fail never pass test-arm64-arm64-xl-xsm 16 saverestore-support-check fail never pass test-armhf-armhf-xl-arndale 15 migrate-support-check fail never pass test-armhf-armhf-xl-arndale 16 saverestore-support-check fail never pass test-armhf-armhf-xl-rtds 15 migrate-support-check fail never pass test-armhf-armhf-xl-rtds 16 saverestore-support-check fail never pass test-armhf-armhf-xl 15 migrate-support-check fail never pass test-armhf-armhf-xl 16 saverestore-support-check fail never pass test-amd64-amd64-libvirt-raw 14 migrate-support-check fail never pass test-arm64-arm64-libvirt-raw 14 migrate-support-check fail never pass test-arm64-arm64-libvirt-raw 15 saverestore-support-check fail never pass test-arm64-arm64-xl-vhd 14 migrate-support-check fail never pass test-arm64-arm64-xl-vhd 15 saverestore-support-check fail never pass test-armhf-armhf-libvirt-qcow2 14 migrate-support-check fail never pass test-armhf-armhf-xl-vhd 14 migrate-support-check fail never pass test-armhf-armhf-xl-vhd 15 saverestore-support-check fail never pass test-amd64-amd64-libvirt-qcow2 14 migrate-support-check fail never pass test-armhf-armhf-xl-credit2 15 migrate-support-check fail never pass test-armhf-armhf-xl-credit2 16 saverestore-support-check fail never pass test-armhf-armhf-libvirt 15 migrate-support-check fail never pass test-armhf-armhf-libvirt-raw 14 migrate-support-check fail never pass version targeted for testing: linux 3bd7d748816927202268cb335921f7f68b3ca723 baseline version: linux 3f7168591ebf7bbdb91797d02b1afaf00a4289b1 Last test of basis 184146 2023-12-15 12:39:59 Z 1 days Testing same since 184149 2023-12-16 03:49:59 Z 0 days 1 attempts ------------------------------------------------------------ People who touched revisions under test: Al Viro <[email protected]> Alex Deucher <[email protected]> Andrew Morton <[email protected]> Andrzej Kacprowski <[email protected]> AngeloGioacchino Del Regno <[email protected]> Animesh Manna <[email protected]> Aurabindo Pillai <[email protected]> Baoquan He <[email protected]> Bin Li <[email protected]> Borislav Petkov (AMD) <[email protected]> Christian König <[email protected]> Chun-Kuang Hu <[email protected]> Dave Airlie <[email protected]> David Heidelberg <[email protected]> David Hildenbrand <[email protected]> David Stevens <[email protected]> Dmitrii Galantsev <[email protected]> Eugen Hristev <[email protected]> Fangzhi Zuo <[email protected]> Farouk Bouabid <[email protected]> Fei Shao <[email protected]> Gergo Koteles <[email protected]> Hamza Mahfooz <[email protected]> Harshit Mogalapalli <[email protected]> Hartmut Knaack <[email protected]> Heiko Stuebner <[email protected]> Ignat Korchagin <[email protected]> Jacek Lawrynowicz <[email protected]> Jani Nikula <[email protected]> Jaroslav Pulchart <[email protected]> Jason-JH.Lin <[email protected]> Jens Axboe <[email protected]> Jessica Zhang <[email protected]> John Hubbard <[email protected]> Jon Hunter <[email protected]> Kai Vehmanen <[email protected]> Kai-Heng Feng <[email protected]> Kalesh Singh <[email protected]> Kefeng Wang <[email protected]> Krzysztof Kozlowski <[email protected]> Leo Liu <[email protected]> Lingkai Dong <[email protected]> Linus Torvalds <[email protected]> Lyude Paul <[email protected]> Maarten Lankhorst <[email protected]> Macpaul Lin <[email protected]> Mario Limonciello <[email protected]> Mario Limonciello <[email protected]> (v1) Maxime Ripard <[email protected]> Michael Walle <[email protected]> Neil Armstrong <[email protected]> Nícolas F. R. A. Prado <[email protected]> Ondrej Mosnacek <[email protected]> Randy Dunlap <[email protected]> Randy Dunlap <[email protected]> # build-tested Saleemkhan Jamadar <[email protected]> SeongJae Park <[email protected]> Stuart Lee <[email protected]> T.J. Mercier <[email protected]> Taimur Hassan <[email protected]> Takashi Iwai <[email protected]> Thierry Reding <[email protected]> Tvrtko Ursulin <[email protected]> Ville Syrjälä <[email protected]> Yu Zhao <[email protected]> Yuntao Wang <[email protected]> Ziqi Zhao <[email protected]> jobs: build-amd64-xsm pass build-arm64-xsm pass build-i386-xsm pass build-amd64 pass build-arm64 pass build-armhf pass build-i386 pass build-amd64-libvirt pass build-arm64-libvirt pass build-armhf-libvirt pass build-i386-libvirt pass build-amd64-pvops pass build-arm64-pvops pass build-armhf-pvops pass build-i386-pvops pass test-amd64-amd64-xl pass test-amd64-coresched-amd64-xl pass test-arm64-arm64-xl pass test-armhf-armhf-xl pass test-amd64-amd64-libvirt-qemuu-debianhvm-amd64-xsm pass test-amd64-amd64-xl-qemut-stubdom-debianhvm-amd64-xsm pass test-amd64-amd64-xl-qemut-debianhvm-i386-xsm pass test-amd64-amd64-xl-qemuu-debianhvm-i386-xsm fail test-amd64-amd64-libvirt-xsm pass test-arm64-arm64-libvirt-xsm pass test-amd64-amd64-xl-xsm pass test-arm64-arm64-xl-xsm pass test-amd64-amd64-qemuu-nested-amd fail test-amd64-amd64-xl-pvhv2-amd pass test-amd64-amd64-dom0pvh-xl-amd pass test-amd64-amd64-xl-qemut-debianhvm-amd64 pass test-amd64-amd64-xl-qemuu-debianhvm-amd64 pass test-amd64-amd64-freebsd11-amd64 pass test-amd64-amd64-freebsd12-amd64 pass test-amd64-amd64-xl-qemuu-ovmf-amd64 pass test-amd64-amd64-xl-qemut-win7-amd64 fail test-amd64-amd64-xl-qemuu-win7-amd64 fail test-amd64-amd64-xl-qemut-ws16-amd64 fail test-amd64-amd64-xl-qemuu-ws16-amd64 fail test-armhf-armhf-xl-arndale pass test-amd64-amd64-examine-bios pass test-amd64-amd64-xl-credit1 pass test-arm64-arm64-xl-credit1 pass test-armhf-armhf-xl-credit1 pass test-amd64-amd64-xl-credit2 pass test-arm64-arm64-xl-credit2 pass test-armhf-armhf-xl-credit2 pass test-amd64-amd64-xl-qemuu-dmrestrict-amd64-dmrestrict pass test-amd64-amd64-examine pass test-arm64-arm64-examine pass test-armhf-armhf-examine pass test-amd64-amd64-qemuu-nested-intel pass test-amd64-amd64-xl-pvhv2-intel pass test-amd64-amd64-dom0pvh-xl-intel pass test-amd64-amd64-libvirt pass test-armhf-armhf-libvirt pass test-amd64-amd64-xl-multivcpu pass test-armhf-armhf-xl-multivcpu pass test-amd64-amd64-pair pass test-amd64-amd64-libvirt-pair pass test-amd64-amd64-xl-pvshim pass test-amd64-amd64-pygrub pass test-amd64-amd64-libvirt-qcow2 pass test-armhf-armhf-libvirt-qcow2 pass test-amd64-amd64-libvirt-raw pass test-arm64-arm64-libvirt-raw pass test-armhf-armhf-libvirt-raw pass test-amd64-amd64-xl-rtds pass test-armhf-armhf-xl-rtds pass test-amd64-amd64-xl-qemuu-debianhvm-amd64-shadow pass test-amd64-amd64-xl-shadow pass test-arm64-arm64-xl-thunderx pass test-amd64-amd64-examine-uefi pass test-amd64-amd64-xl-vhd pass test-arm64-arm64-xl-vhd pass test-armhf-armhf-xl-vhd pass ------------------------------------------------------------ sg-report-flight on osstest.test-lab.xenproject.org logs: /home/logs/logs images: /home/logs/images Logs, config files, etc. are available at http://logs.test-lab.xenproject.org/osstest/logs Explanation of these reports, and of osstest in general, is at http://xenbits.xen.org/gitweb/?p=osstest.git;a=blob;f=README.email;hb=master http://xenbits.xen.org/gitweb/?p=osstest.git;a=blob;f=README;hb=master Test harness code can be found at http://xenbits.xen.org/gitweb?p=osstest.git;a=summary Pushing revision : hint: The 'hooks/update' hook was ignored because it's not set as executable. hint: You can disable this warning with `git config advice.ignoredHook false`. hint: The 'hooks/post-receive' hook was ignored because it's not set as executable. hint: You can disable this warning with `git config advice.ignoredHook false`. hint: The 'hooks/post-update' hook was ignored because it's not set as executable. hint: You can disable this warning with `git config advice.ignoredHook false`. To xenbits.xen.org:/home/xen/git/linux-pvops.git 3f7168591ebf..3bd7d7488169 3bd7d748816927202268cb335921f7f68b3ca723 -> tested/linux-linus
