flight 184056 linux-linus real [real] http://logs.test-lab.xenproject.org/osstest/logs/184056/
Regressions :-( Tests which did not succeed and are blocking, including tests which could not be run: build-i386-pvops 6 kernel-build fail REGR. vs. 183973 Tests which are failing intermittently (not blocking): test-amd64-amd64-freebsd11-amd64 22 guest-start.2 fail pass in 184047 test-amd64-amd64-libvirt-qcow2 19 guest-start/debian.repeat fail pass in 184047 Tests which did not succeed, but are not blocking: test-armhf-armhf-libvirt 16 saverestore-support-check fail like 183973 test-amd64-amd64-xl-qemut-win7-amd64 19 guest-stop fail like 183973 test-amd64-amd64-xl-qemuu-win7-amd64 19 guest-stop fail like 183973 test-amd64-amd64-xl-qemuu-ws16-amd64 19 guest-stop fail like 183973 test-armhf-armhf-libvirt-qcow2 15 saverestore-support-check fail like 183973 test-armhf-armhf-libvirt-raw 15 saverestore-support-check fail like 183973 test-amd64-amd64-xl-qemut-ws16-amd64 19 guest-stop fail like 183973 test-amd64-amd64-qemuu-nested-amd 20 debian-hvm-install/l1/l2 fail like 183973 test-amd64-amd64-libvirt-xsm 15 migrate-support-check fail never pass test-amd64-amd64-libvirt 15 migrate-support-check fail never pass test-arm64-arm64-xl-thunderx 15 migrate-support-check fail never pass test-arm64-arm64-xl 15 migrate-support-check fail never pass test-arm64-arm64-xl-thunderx 16 saverestore-support-check fail never pass test-arm64-arm64-xl 16 saverestore-support-check fail never pass test-arm64-arm64-libvirt-xsm 15 migrate-support-check fail never pass test-arm64-arm64-libvirt-xsm 16 saverestore-support-check fail never pass test-arm64-arm64-xl-credit2 15 migrate-support-check fail never pass test-arm64-arm64-xl-credit2 16 saverestore-support-check fail never pass test-arm64-arm64-xl-credit1 15 migrate-support-check fail never pass test-arm64-arm64-xl-credit1 16 saverestore-support-check fail never pass test-amd64-amd64-libvirt-qemuu-debianhvm-amd64-xsm 13 migrate-support-check fail never pass test-armhf-armhf-xl-multivcpu 15 migrate-support-check fail never pass test-armhf-armhf-xl-multivcpu 16 saverestore-support-check fail never pass test-armhf-armhf-libvirt 15 migrate-support-check fail never pass test-armhf-armhf-xl-credit2 15 migrate-support-check fail never pass test-armhf-armhf-xl-credit2 16 saverestore-support-check fail never pass test-arm64-arm64-xl-xsm 15 migrate-support-check fail never pass test-arm64-arm64-xl-xsm 16 saverestore-support-check fail never pass test-armhf-armhf-xl-arndale 15 migrate-support-check fail never pass test-armhf-armhf-xl-arndale 16 saverestore-support-check fail never pass test-armhf-armhf-xl-rtds 15 migrate-support-check fail never pass test-armhf-armhf-xl-rtds 16 saverestore-support-check fail never pass test-amd64-amd64-libvirt-raw 14 migrate-support-check fail never pass test-armhf-armhf-xl 15 migrate-support-check fail never pass test-armhf-armhf-xl 16 saverestore-support-check fail never pass test-arm64-arm64-libvirt-raw 14 migrate-support-check fail never pass test-arm64-arm64-libvirt-raw 15 saverestore-support-check fail never pass test-arm64-arm64-xl-vhd 14 migrate-support-check fail never pass test-arm64-arm64-xl-vhd 15 saverestore-support-check fail never pass test-armhf-armhf-libvirt-qcow2 14 migrate-support-check fail never pass test-armhf-armhf-libvirt-raw 14 migrate-support-check fail never pass test-armhf-armhf-xl-vhd 14 migrate-support-check fail never pass test-armhf-armhf-xl-vhd 15 saverestore-support-check fail never pass test-amd64-amd64-libvirt-qcow2 14 migrate-support-check fail never pass test-armhf-armhf-xl-credit1 15 migrate-support-check fail never pass test-armhf-armhf-xl-credit1 16 saverestore-support-check fail never pass version targeted for testing: linux f2e8a57ee9036c7d5443382b6c3c09b51a92ec7e baseline version: linux 815fb87b753055df2d9e50f6cd80eb10235fe3e9 Last test of basis 183973 2023-12-02 07:48:26 Z 7 days Failing since 183977 2023-12-03 00:12:06 Z 7 days 14 attempts Testing same since 184047 2023-12-09 05:50:52 Z 0 days 2 attempts ------------------------------------------------------------ People who touched revisions under test: "Luke D. Jones" <[email protected]> "Nícolas F. R. A. Prado" <[email protected]> <[email protected]> Adam Ford <[email protected]> Adrián Larumbe <[email protected]> Ahmad Fatoum <[email protected]> Aleksandrs Vinarskis <[email protected]> Alex Bee <[email protected]> Alex Deucher <[email protected]> Alex Williamson <[email protected]> Alexander Gordeev <[email protected]> Alexander Stein <[email protected]> Alexis Belmonte <[email protected]> Alvin Lee <[email protected]> Alyssa Ross <[email protected]> Andrew Jones <[email protected]> Andrew Morton <[email protected]> Andrii Nakryiko <[email protected]> Andy Shevchenko <[email protected]> AngeloGioacchino Del Regno <[email protected]> Antoniu Miclaus <[email protected]> Antti Palosaari <[email protected]> Armin Wolf <[email protected]> Arnd Bergmann <[email protected]> Bagas Sanjaya <[email protected]> Baoquan He <[email protected]> Bin Li <[email protected]> Bitao Hu <[email protected]> Björn Töpel <[email protected]> Brett Creeley <[email protected]> Catalin Marinas <[email protected]> Chancel Liu <[email protected]> Charles Keepax <[email protected]> Charlie Jenkins <[email protected]> Chen Wang <[email protected]> Chen-Yu Tsai <[email protected]> Chester Lin <[email protected]> Christophe JAILLET <[email protected]> ChunHao Lin <[email protected]> Clément Léger <[email protected]> Colin Ian King <[email protected]> Conor Dooley <[email protected]> D. Wythe <[email protected]> Dan Carpenter <[email protected]> Daniel Borkmann <[email protected]> Daniel Wheeler <[email protected]> Daniel Xu <[email protected]> Daniil Maximov <[email protected]> Danilo Krummrich <[email protected]> Dave Airlie <[email protected]> Dave Hansen <[email protected]> David Hildenbrand <[email protected]> David Howells <[email protected]> David Jeffery <[email protected]> David Lin <[email protected]> David Rau <[email protected]> David S. Miller <[email protected]> David Thompson <[email protected]> Dinghao Liu <[email protected]> Dmitry Antipov <[email protected]> Dmitry Safonov <[email protected]> Douglas Anderson <[email protected]> Erhard Furtner <[email protected]> Eric DeVolder <[email protected]> Eric Dumazet <[email protected]> Eric Woudstra <[email protected]> Eugen Hristev <[email protected]> Eugenio Pérez <[email protected]> Fabio Estevam <[email protected]> Florian Fainelli <[email protected]> Florian Westphal <[email protected]> Florian-Ewald Mueller <[email protected]> Francesco Dolcini <[email protected]> Frank Wunderlich <[email protected]> Geetha sowjanya <[email protected]> Geethasowjanya Akula <[email protected]> Georg Gottleuber <[email protected]> Grant Grundler <[email protected]> Greg Kroah-Hartman <[email protected]> Grzegorz Prajsner <[email protected]> Guangwu Zhang <[email protected]> Guenter Roeck <[email protected]> Haibo Chen <[email protected]> Hannes Reinecke <[email protected]> Hans de Goede <[email protected]> Hawking Zhang <[email protected]> Hayes Wang <[email protected]> Heiko Carstens <[email protected]> Heiko Stuebner <[email protected]> Heiko Stuebner <[email protected]> Heiner Kallweit <[email protected]> Helge Deller <[email protected]> heminhong <[email protected]> Hsin-Yi Wang <[email protected]> Hugh Dickins <[email protected]> Hui Zhou <[email protected]> Ido Schimmel <[email protected]> Ignat Korchagin <[email protected]> [compile-time only] Ilpo Järvinen <[email protected]> Ilya Leoshkevich <[email protected]> Inki Dae <[email protected]> Ivan Lipski <[email protected]> Ivan Orlov <[email protected]> Ivan Vecera <[email protected]> Jack Wang <[email protected]> Jacob Keller <[email protected]> Jakub Kicinski <[email protected]> Jani Nikula <[email protected]> Jason Gunthorpe <[email protected]> Jason Wang <[email protected]> Jason Zhang <[email protected]> Jens Axboe <[email protected]> Jens Wiklander <[email protected]> Jeremy Soller <[email protected]> Jerome Forissier <[email protected]> Jiadong Zhu <[email protected]> Jianheng Zhang <[email protected]> Jiexun Wang <[email protected]> Jijie Shao <[email protected]> Jiri Olsa <[email protected]> Joao Martins <[email protected]> Johan Hovold <[email protected]> John Fastabend <[email protected]> Jonas Karlman <[email protected]> JP Kobryn <[email protected]> Juergen Gross <[email protected]> Junxian Huang <[email protected]> Kalesh AP <[email protected]> Kamil Duljas <[email protected]> Keith Busch <[email protected]> Kelly Kane <[email protected]> Kirill A. Shutemov <[email protected]> Konrad Dybcio <[email protected]> Krzysztof Kozlowski <[email protected]> Kuan-Ying Lee <[email protected]> Kunwu Chan <[email protected]> Lad Prabhakar <[email protected]> Laurence Oberman <[email protected]> Lee Jones <[email protected]> Leon Romanovsky <[email protected]> Li Ma <[email protected]> Lijo Lazar <[email protected]> Linus Torvalds <[email protected]> Liu Shixin <[email protected]> Liu Ying <[email protected]> Lizhi Xu <[email protected]> Lorenzo Bianconi <[email protected]> Lorenzo Pieralisi <[email protected]> Louis Peens <[email protected]> Luca Ceresoli <[email protected]> Lukasz Luba <[email protected]> Luke D. Jones <[email protected]> Maarten Lankhorst <[email protected]> Maciej Strozek <[email protected]> Magnus Karlsson <[email protected]> Malcolm Hart <[email protected]> Marcin Szycik <[email protected]> Marian Postevca <[email protected]> Mario Limonciello <[email protected]> Mark Brown <[email protected]> Mark Hasemeyer <[email protected]> Martin K. Petersen <[email protected]> Masami Hiramatsu (Google) <[email protected]> Matthias Reichl <[email protected]> Matus Malych <[email protected]> Md Haris Iqbal <[email protected]> Michael Ellerman <[email protected]> Michael S. Tsirkin <[email protected]> Michael Walle <[email protected]> Michal Smulski <[email protected]> Michal Swiatkowski <[email protected]> Mike Kravetz <[email protected]> Mike Marciniszyn <[email protected]> Ming Lei <[email protected]> Mustafa Ismail <[email protected]> Namjae Jeon <[email protected]> Nathan Rossi <[email protected]> Naveen Mamindlapalli <[email protected]> Neal Cardwell <[email protected]> Neil Armstrong <[email protected]> Nicholas Piggin <[email protected]> Nico Pache <[email protected]> Nitesh Shetty <[email protected]> Nithin Dabilpuram <[email protected]> Nícolas F. R. A. Prado <[email protected]> Oleg Nesterov <[email protected]> Pablo Neira Ayuso <[email protected]> Palmer Dabbelt <[email protected]> Paolo Abeni <[email protected]> Pascal Noël <[email protected]> Paulo Alcantara (SUSE) <[email protected]> Paulo Alcantara <[email protected]> Pavel Begunkov <[email protected]> Peng Fan <[email protected]> Peter Ujfalusi <[email protected]> Peter Xu <[email protected]> Petr Pavlu <[email protected]> Phil Sutter <[email protected]> Philip Mueller <[email protected]> Philipp Zabel <[email protected]> Phillip Susi <[email protected]> Rafael J. Wysocki <[email protected]> Rafal Romanowski <[email protected]> Rahul Bhansali <[email protected]> Randy Dunlap <[email protected]> Randy Dunlap <[email protected]> # build-tested Ranjani Sridharan <[email protected]> Rob Herring <[email protected]> Robin Murphy <[email protected]> Rodrigo Siqueira <[email protected]> Roland Hieber <[email protected]> Roman Gushchin (Cruise) <[email protected]> Roman Gushchin <[email protected]> Roman Li <[email protected]> Ryusuke Konishi <[email protected]> Sam Edwards <[email protected]> Samuel Holland <[email protected]> Santosh Kumar Pradhan <[email protected]> Sarah Grant <[email protected]> Sascha Hauer <[email protected]> Sean Christopherson <[email protected]> Sean Nyekjaer <[email protected]> Selvin Xavier <[email protected]> SeongJae Park <[email protected]> Shakeel Butt <[email protected]> Shannon Nelson <[email protected]> Shawn Guo <[email protected]> Shawn Guo <[email protected]> Shengjiu Wang <[email protected]> Shifeng Li <[email protected]> Shifeng Li <[email protected]> Shigeru Yoshida <[email protected]> Shin'ichiro Kawasaki <[email protected]> Shiraz Saleem <[email protected]> Shuming Fan <[email protected]> Sidhartha Kumar <[email protected]> Simon Horman <[email protected]> # build-tested Song Liu <[email protected]> Srinivas Kandagatla <[email protected]> Stefan Eichenberger <[email protected]> Stefan Kerkmann <[email protected]> Stefan Wahren <[email protected]> Stefano Garzarella <[email protected]> Steve French <[email protected]> Steve Sistare <[email protected]> Steven Price <[email protected]> Steven Rostedt (Google) <[email protected]> Su Hui <[email protected]> Subbaraya Sundeep <[email protected]> Sudeep Holla <[email protected]> Suman Ghosh <[email protected]> Sumanth Korikkar <[email protected]> Sumit Garg <[email protected]> Sunil Goutham <[email protected]> Takashi Iwai <[email protected]> Takashi Sakamoto <[email protected]> Tejun Heo <[email protected]> Thinh Tran <[email protected]> Thomas Gleixner <[email protected]> Thomas Reichinger <[email protected]> Thomas Zimmermann <[email protected]> Tim Bosse <[email protected]> Tim Crawford <[email protected]> Tim Van Patten <[email protected]> Timothy Pearson <[email protected]> Timur Tabi <[email protected]> Tobias Waldekranz <[email protected]> Tony Nguyen <[email protected]> Uwe Kleine-König <[email protected]> Venkata Sai Duggi <[email protected]> Ville Syrjälä <[email protected]> Vlastimil Babka <[email protected]> Wen Gu <[email protected]> Werner Sembach <[email protected]> Woody Suwalski <[email protected]> wuqiang.matt <[email protected]> Xiang Yang <[email protected]> Xiao Ni <[email protected]> Xiaolei Wang <[email protected]> Yang Wang <[email protected]> Yang Yingliang <[email protected]> Yewon Choi <[email protected]> Yonghong Song <[email protected]> Yonglong Liu <[email protected]> Yu Kuai <[email protected]> Zhipeng Lu <[email protected]> jobs: build-amd64-xsm pass build-arm64-xsm pass build-i386-xsm pass build-amd64 pass build-arm64 pass build-armhf pass build-i386 pass build-amd64-libvirt pass build-arm64-libvirt pass build-armhf-libvirt pass build-i386-libvirt pass build-amd64-pvops pass build-arm64-pvops pass build-armhf-pvops pass build-i386-pvops fail test-amd64-amd64-xl pass test-amd64-coresched-amd64-xl pass test-arm64-arm64-xl pass test-armhf-armhf-xl pass test-amd64-amd64-libvirt-qemuu-debianhvm-amd64-xsm pass test-amd64-amd64-xl-qemut-stubdom-debianhvm-amd64-xsm pass test-amd64-amd64-xl-qemut-debianhvm-i386-xsm pass test-amd64-amd64-xl-qemuu-debianhvm-i386-xsm pass test-amd64-amd64-libvirt-xsm pass test-arm64-arm64-libvirt-xsm pass test-amd64-amd64-xl-xsm pass test-arm64-arm64-xl-xsm pass test-amd64-amd64-qemuu-nested-amd fail test-amd64-amd64-xl-pvhv2-amd pass test-amd64-amd64-dom0pvh-xl-amd pass test-amd64-amd64-xl-qemut-debianhvm-amd64 pass test-amd64-amd64-xl-qemuu-debianhvm-amd64 pass test-amd64-amd64-freebsd11-amd64 fail test-amd64-amd64-freebsd12-amd64 pass test-amd64-amd64-xl-qemuu-ovmf-amd64 pass test-amd64-amd64-xl-qemut-win7-amd64 fail test-amd64-amd64-xl-qemuu-win7-amd64 fail test-amd64-amd64-xl-qemut-ws16-amd64 fail test-amd64-amd64-xl-qemuu-ws16-amd64 fail test-armhf-armhf-xl-arndale pass test-amd64-amd64-examine-bios pass test-amd64-amd64-xl-credit1 pass test-arm64-arm64-xl-credit1 pass test-armhf-armhf-xl-credit1 pass test-amd64-amd64-xl-credit2 pass test-arm64-arm64-xl-credit2 pass test-armhf-armhf-xl-credit2 pass test-amd64-amd64-xl-qemuu-dmrestrict-amd64-dmrestrict pass test-amd64-amd64-examine pass test-arm64-arm64-examine pass test-armhf-armhf-examine pass test-amd64-amd64-qemuu-nested-intel pass test-amd64-amd64-xl-pvhv2-intel pass test-amd64-amd64-dom0pvh-xl-intel pass test-amd64-amd64-libvirt pass test-armhf-armhf-libvirt pass test-amd64-amd64-xl-multivcpu pass test-armhf-armhf-xl-multivcpu pass test-amd64-amd64-pair pass test-amd64-amd64-libvirt-pair pass test-amd64-amd64-xl-pvshim pass test-amd64-amd64-pygrub pass test-amd64-amd64-libvirt-qcow2 fail test-armhf-armhf-libvirt-qcow2 pass test-amd64-amd64-libvirt-raw pass test-arm64-arm64-libvirt-raw pass test-armhf-armhf-libvirt-raw pass test-amd64-amd64-xl-rtds pass test-armhf-armhf-xl-rtds pass test-amd64-amd64-xl-qemuu-debianhvm-amd64-shadow pass test-amd64-amd64-xl-shadow pass test-arm64-arm64-xl-thunderx pass test-amd64-amd64-examine-uefi pass test-amd64-amd64-xl-vhd pass test-arm64-arm64-xl-vhd pass test-armhf-armhf-xl-vhd pass ------------------------------------------------------------ sg-report-flight on osstest.test-lab.xenproject.org logs: /home/logs/logs images: /home/logs/images Logs, config files, etc. are available at http://logs.test-lab.xenproject.org/osstest/logs Explanation of these reports, and of osstest in general, is at http://xenbits.xen.org/gitweb/?p=osstest.git;a=blob;f=README.email;hb=master http://xenbits.xen.org/gitweb/?p=osstest.git;a=blob;f=README;hb=master Test harness code can be found at http://xenbits.xen.org/gitweb?p=osstest.git;a=summary Not pushing. (No revision log; it would be 9989 lines long.)
