flight 184035 linux-5.4 real [real] flight 184039 linux-5.4 real-retest [real] http://logs.test-lab.xenproject.org/osstest/logs/184035/ http://logs.test-lab.xenproject.org/osstest/logs/184039/
Failures :-/ but no regressions. Tests which are failing intermittently (not blocking): test-amd64-amd64-libvirt-vhd 19 guest-start/debian.repeat fail pass in 184039-retest test-armhf-armhf-xl 18 guest-start/debian.repeat fail pass in 184039-retest Tests which did not succeed, but are not blocking: test-armhf-armhf-xl-credit1 18 guest-start/debian.repeat fail blocked in 183929 test-armhf-armhf-libvirt 16 saverestore-support-check fail like 183907 test-armhf-armhf-xl-rtds 18 guest-start/debian.repeat fail like 183907 test-armhf-armhf-xl-multivcpu 14 guest-start fail like 183929 test-amd64-i386-xl-qemut-win7-amd64 19 guest-stop fail like 183929 test-amd64-i386-xl-qemuu-win7-amd64 19 guest-stop fail like 183929 test-amd64-amd64-xl-qemuu-win7-amd64 19 guest-stop fail like 183929 test-amd64-amd64-xl-qemut-win7-amd64 19 guest-stop fail like 183929 test-armhf-armhf-xl-credit2 18 guest-start/debian.repeat fail like 183929 test-amd64-amd64-xl-qemuu-ws16-amd64 19 guest-stop fail like 183929 test-amd64-amd64-xl-qemut-ws16-amd64 19 guest-stop fail like 183929 test-amd64-i386-xl-qemut-ws16-amd64 19 guest-stop fail like 183929 test-armhf-armhf-libvirt-qcow2 15 saverestore-support-check fail like 183929 test-amd64-i386-xl-qemuu-ws16-amd64 19 guest-stop fail like 183929 test-armhf-armhf-libvirt-raw 15 saverestore-support-check fail like 183929 test-armhf-armhf-xl-vhd 17 guest-start/debian.repeat fail like 183929 test-amd64-amd64-qemuu-nested-amd 20 debian-hvm-install/l1/l2 fail like 183929 test-amd64-i386-libvirt-xsm 15 migrate-support-check fail never pass test-amd64-i386-xl-pvshim 14 guest-start fail never pass test-amd64-amd64-libvirt 15 migrate-support-check fail never pass test-amd64-amd64-libvirt-xsm 15 migrate-support-check fail never pass test-amd64-i386-libvirt 15 migrate-support-check fail never pass test-arm64-arm64-xl 15 migrate-support-check fail never pass test-arm64-arm64-xl 16 saverestore-support-check fail never pass test-arm64-arm64-xl-credit2 15 migrate-support-check fail never pass test-arm64-arm64-xl-credit2 16 saverestore-support-check fail never pass test-arm64-arm64-xl-xsm 15 migrate-support-check fail never pass test-arm64-arm64-xl-xsm 16 saverestore-support-check fail never pass test-arm64-arm64-libvirt-xsm 15 migrate-support-check fail never pass test-arm64-arm64-xl-credit1 15 migrate-support-check fail never pass test-arm64-arm64-libvirt-xsm 16 saverestore-support-check fail never pass test-arm64-arm64-xl-credit1 16 saverestore-support-check fail never pass test-arm64-arm64-xl-thunderx 15 migrate-support-check fail never pass test-arm64-arm64-xl-thunderx 16 saverestore-support-check fail never pass test-armhf-armhf-xl-credit1 15 migrate-support-check fail never pass test-armhf-armhf-xl-credit1 16 saverestore-support-check fail never pass test-armhf-armhf-xl-rtds 15 migrate-support-check fail never pass test-armhf-armhf-xl-rtds 16 saverestore-support-check fail never pass test-amd64-i386-libvirt-qemuu-debianhvm-amd64-xsm 13 migrate-support-check fail never pass test-amd64-amd64-libvirt-vhd 14 migrate-support-check fail never pass test-amd64-amd64-libvirt-qemuu-debianhvm-amd64-xsm 13 migrate-support-check fail never pass test-armhf-armhf-libvirt 15 migrate-support-check fail never pass test-armhf-armhf-xl-credit2 15 migrate-support-check fail never pass test-armhf-armhf-xl-credit2 16 saverestore-support-check fail never pass test-armhf-armhf-xl-arndale 15 migrate-support-check fail never pass test-armhf-armhf-xl-arndale 16 saverestore-support-check fail never pass test-armhf-armhf-xl 15 migrate-support-check fail never pass test-armhf-armhf-xl 16 saverestore-support-check fail never pass test-amd64-i386-libvirt-raw 14 migrate-support-check fail never pass test-arm64-arm64-libvirt-raw 14 migrate-support-check fail never pass test-arm64-arm64-libvirt-raw 15 saverestore-support-check fail never pass test-arm64-arm64-xl-vhd 14 migrate-support-check fail never pass test-arm64-arm64-xl-vhd 15 saverestore-support-check fail never pass test-armhf-armhf-libvirt-qcow2 14 migrate-support-check fail never pass test-armhf-armhf-xl-vhd 14 migrate-support-check fail never pass test-armhf-armhf-xl-vhd 15 saverestore-support-check fail never pass test-armhf-armhf-libvirt-raw 14 migrate-support-check fail never pass version targeted for testing: linux 34244ed6219a9eab1ce2262dc3c2bf39a3789b8a baseline version: linux 8e221b47173d59e1b2877f6d8dc91e8be2031746 Last test of basis 183929 2023-11-29 05:20:53 Z 9 days Testing same since 184035 2023-12-08 08:13:05 Z 0 days 1 attempts ------------------------------------------------------------ People who touched revisions under test: "Rafael J. Wysocki" <[email protected]> Adrian Hunter <[email protected]> Alexander Gordeev <[email protected]> Amir Goldstein <[email protected]> Andrea della Porta <[email protected]> Andrew Halaney <[email protected]> Andrew Murray <[email protected]> Asuna Yang <[email protected]> Baokun Li <[email protected]> Bart Van Assche <[email protected]> Benjamin Tissoires <[email protected]> Catalin Marinas <[email protected]> Chaitanya Kulkarni <[email protected]> Charles Yi <[email protected]> Chen Ni <[email protected]> Christoph Hellwig <[email protected]> Christoph Niedermaier <[email protected]> Christopher Bednarz <[email protected]> Christopher Obbard <[email protected]> Claudiu Beznea <[email protected]> Coly Li <[email protected]> Damien Le Moal <[email protected]> David Howells <[email protected]> David S. Miller <[email protected]> David Sterba <[email protected]> Dexuan Cui <[email protected]> Diederik de Haas <[email protected]> Dmitry Torokhov <[email protected]> Eric Snowberg <[email protected]> Filipe Manana <[email protected]> Florian Fainelli <[email protected]> Furong Xu <[email protected]> Greg Kroah-Hartman <[email protected]> Guenter Roeck <[email protected]> Haiyang Zhang <[email protected]> Hans de Goede <[email protected]> Harshit Mogalapalli <[email protected]> Heiko Carstens <[email protected]> Heiko Stuebner <[email protected]> Helge Deller <[email protected]> Herb Wei <[email protected]> Himanshu Madhani <[email protected]> Huacai Chen <[email protected]> Ivan Ivanov <[email protected]> Jakub Kicinski <[email protected]> Jan Höppner <[email protected]> Jann Horn <[email protected]> Jean-Philippe Brucker <[email protected]> Jens Axboe <[email protected]> Jiri Kosina <[email protected]> Johan Hovold <[email protected]> Johan Hovold <[email protected]> Jon Hunter <[email protected]> Jonas Karlman <[email protected]> Jose Ignacio Tornos Martinez <[email protected]> Juergen Gross <[email protected]> Kailang Yang <[email protected]> Keith Busch <[email protected]> Konstantin Khlebnikov <[email protected]> Kornel Dulęba <[email protected]> Kunwu Chan <[email protected]> Lech Perczak <[email protected]> Leon Romanovsky <[email protected]> Linus Walleij <[email protected]> Linux Kernel Functional Testing <[email protected]> Long Li <[email protected]> Marek Vasut <[email protected]> Maria Yu <[email protected]> Mark Rutland <[email protected]> Markus Weippert <[email protected]> Martin K. Petersen <[email protected]> Max Nguyen <[email protected]> Michael Ellerman <[email protected]> Mike Snitzer <[email protected]> Miklos Szeredi <[email protected]> Mikulas Patocka <[email protected]> Mimi Zohar <[email protected]> Miquel Raynal <[email protected]> Nathan Chancellor <[email protected]> Nilesh Javali <[email protected]> Oliver Neukum <[email protected]> Paolo Abeni <[email protected]> Puliang Lu <[email protected]> Qu Wenruo <[email protected]> Quinn Tran <[email protected]> Rafael J. Wysocki <[email protected]> Raju Rangoju <[email protected]> Rand Deeb <[email protected]> Raul E Rangel <[email protected]> Ricardo Ribalda <[email protected]> Samuel Holland <[email protected]> Saravana Kannan <[email protected]> Sasha Levin <[email protected]> Shiraz Saleem <[email protected]> Shuah Khan <[email protected]> Shyam Sundar S K <[email protected]> Stefan Haberland <[email protected]> Stefano Stabellini <[email protected]> Stefano Stabellini <[email protected]> Stephen Hemminger <[email protected]> Steve French <[email protected]> Sudeep Holla <[email protected]> Takashi Iwai <[email protected]> Takashi Sakamoto <[email protected]> Theodore Ts'o <[email protected]> Thinh Nguyen <[email protected]> Thomas Bogendoerfer <[email protected]> Timothy Pearson <[email protected]> Ulf Hansson <[email protected]> Uwe Kleine-König <[email protected]> Vasily Gorbik <[email protected]> Victor Fragoso <[email protected]> Vignesh Raghavendra <[email protected]> Viresh Kumar <[email protected]> Will Deacon <[email protected]> Wu Bo <[email protected]> Yang Yingliang <[email protected]> Yangyu Chen <[email protected]> Yoshihiro Shimoda <[email protected]> Zenghui Yu <[email protected]> Zhang Yi <[email protected]> Zheng Yongjun <[email protected]> Zhengchao Shao <[email protected]> jobs: build-amd64-xsm pass build-arm64-xsm pass build-i386-xsm pass build-amd64 pass build-arm64 pass build-armhf pass build-i386 pass build-amd64-libvirt pass build-arm64-libvirt pass build-armhf-libvirt pass build-i386-libvirt pass build-amd64-pvops pass build-arm64-pvops pass build-armhf-pvops pass build-i386-pvops pass test-amd64-amd64-xl pass test-amd64-coresched-amd64-xl pass test-arm64-arm64-xl pass test-armhf-armhf-xl fail test-amd64-i386-xl pass test-amd64-coresched-i386-xl pass test-amd64-amd64-libvirt-qemuu-debianhvm-amd64-xsm pass test-amd64-i386-libvirt-qemuu-debianhvm-amd64-xsm pass test-amd64-amd64-xl-qemut-stubdom-debianhvm-amd64-xsm pass test-amd64-i386-xl-qemut-stubdom-debianhvm-amd64-xsm pass test-amd64-amd64-xl-qemut-debianhvm-i386-xsm pass test-amd64-i386-xl-qemut-debianhvm-i386-xsm pass test-amd64-amd64-xl-qemuu-debianhvm-i386-xsm pass test-amd64-i386-xl-qemuu-debianhvm-i386-xsm pass test-amd64-amd64-libvirt-xsm pass test-arm64-arm64-libvirt-xsm pass test-amd64-i386-libvirt-xsm pass test-amd64-amd64-xl-xsm pass test-arm64-arm64-xl-xsm pass test-amd64-i386-xl-xsm pass test-amd64-amd64-qemuu-nested-amd fail test-amd64-amd64-xl-pvhv2-amd pass test-amd64-i386-qemut-rhel6hvm-amd pass test-amd64-i386-qemuu-rhel6hvm-amd pass test-amd64-amd64-dom0pvh-xl-amd pass test-amd64-amd64-xl-qemut-debianhvm-amd64 pass test-amd64-i386-xl-qemut-debianhvm-amd64 pass test-amd64-amd64-xl-qemuu-debianhvm-amd64 pass test-amd64-i386-xl-qemuu-debianhvm-amd64 pass test-amd64-i386-freebsd10-amd64 pass test-amd64-amd64-qemuu-freebsd11-amd64 pass test-amd64-amd64-qemuu-freebsd12-amd64 pass test-amd64-amd64-xl-qemuu-ovmf-amd64 pass test-amd64-i386-xl-qemuu-ovmf-amd64 pass test-amd64-amd64-xl-qemut-win7-amd64 fail test-amd64-i386-xl-qemut-win7-amd64 fail test-amd64-amd64-xl-qemuu-win7-amd64 fail test-amd64-i386-xl-qemuu-win7-amd64 fail test-amd64-amd64-xl-qemut-ws16-amd64 fail test-amd64-i386-xl-qemut-ws16-amd64 fail test-amd64-amd64-xl-qemuu-ws16-amd64 fail test-amd64-i386-xl-qemuu-ws16-amd64 fail test-armhf-armhf-xl-arndale pass test-amd64-amd64-examine-bios pass test-amd64-i386-examine-bios pass test-amd64-amd64-xl-credit1 pass test-arm64-arm64-xl-credit1 pass test-armhf-armhf-xl-credit1 fail test-amd64-amd64-xl-credit2 pass test-arm64-arm64-xl-credit2 pass test-armhf-armhf-xl-credit2 fail test-amd64-amd64-xl-qemuu-dmrestrict-amd64-dmrestrict pass test-amd64-i386-xl-qemuu-dmrestrict-amd64-dmrestrict pass test-amd64-amd64-examine pass test-arm64-arm64-examine pass test-armhf-armhf-examine pass test-amd64-i386-examine pass test-amd64-i386-freebsd10-i386 pass test-amd64-amd64-qemuu-nested-intel pass test-amd64-amd64-xl-pvhv2-intel pass test-amd64-i386-qemut-rhel6hvm-intel pass test-amd64-i386-qemuu-rhel6hvm-intel pass test-amd64-amd64-dom0pvh-xl-intel pass test-amd64-amd64-libvirt pass test-armhf-armhf-libvirt pass test-amd64-i386-libvirt pass test-amd64-amd64-xl-multivcpu pass test-armhf-armhf-xl-multivcpu fail test-amd64-amd64-pair pass test-amd64-i386-pair pass test-amd64-amd64-libvirt-pair pass test-amd64-i386-libvirt-pair pass test-amd64-amd64-xl-pvshim pass test-amd64-i386-xl-pvshim fail test-amd64-amd64-pygrub pass test-armhf-armhf-libvirt-qcow2 pass test-amd64-amd64-xl-qcow2 pass test-arm64-arm64-libvirt-raw pass test-armhf-armhf-libvirt-raw pass test-amd64-i386-libvirt-raw pass test-amd64-amd64-xl-rtds pass test-armhf-armhf-xl-rtds fail test-amd64-amd64-xl-qemuu-debianhvm-amd64-shadow pass test-amd64-i386-xl-qemuu-debianhvm-amd64-shadow pass test-amd64-amd64-xl-shadow pass test-amd64-i386-xl-shadow pass test-arm64-arm64-xl-thunderx pass test-amd64-amd64-examine-uefi pass test-amd64-i386-examine-uefi pass test-amd64-amd64-libvirt-vhd fail test-arm64-arm64-xl-vhd pass test-armhf-armhf-xl-vhd fail test-amd64-i386-xl-vhd pass ------------------------------------------------------------ sg-report-flight on osstest.test-lab.xenproject.org logs: /home/logs/logs images: /home/logs/images Logs, config files, etc. are available at http://logs.test-lab.xenproject.org/osstest/logs Explanation of these reports, and of osstest in general, is at http://xenbits.xen.org/gitweb/?p=osstest.git;a=blob;f=README.email;hb=master http://xenbits.xen.org/gitweb/?p=osstest.git;a=blob;f=README;hb=master Test harness code can be found at http://xenbits.xen.org/gitweb?p=osstest.git;a=summary Pushing revision : hint: The 'hooks/update' hook was ignored because it's not set as executable. hint: You can disable this warning with `git config advice.ignoredHook false`. hint: The 'hooks/post-receive' hook was ignored because it's not set as executable. hint: You can disable this warning with `git config advice.ignoredHook false`. hint: The 'hooks/post-update' hook was ignored because it's not set as executable. hint: You can disable this warning with `git config advice.ignoredHook false`. To xenbits.xen.org:/home/xen/git/linux-pvops.git 8e221b47173d..34244ed6219a 34244ed6219a9eab1ce2262dc3c2bf39a3789b8a -> tested/linux-5.4
