flight 184032 linux-linus real [real] http://logs.test-lab.xenproject.org/osstest/logs/184032/
Regressions :-( Tests which did not succeed and are blocking, including tests which could not be run: build-i386-pvops 6 kernel-build fail REGR. vs. 183973 Tests which did not succeed, but are not blocking: test-armhf-armhf-libvirt 16 saverestore-support-check fail like 183973 test-amd64-amd64-xl-qemut-win7-amd64 19 guest-stop fail like 183973 test-amd64-amd64-xl-qemuu-win7-amd64 19 guest-stop fail like 183973 test-amd64-amd64-xl-qemuu-ws16-amd64 19 guest-stop fail like 183973 test-armhf-armhf-libvirt-raw 15 saverestore-support-check fail like 183973 test-amd64-amd64-xl-qemut-ws16-amd64 19 guest-stop fail like 183973 test-armhf-armhf-libvirt-qcow2 15 saverestore-support-check fail like 183973 test-amd64-amd64-qemuu-nested-amd 20 debian-hvm-install/l1/l2 fail like 183973 test-amd64-amd64-libvirt-xsm 15 migrate-support-check fail never pass test-amd64-amd64-libvirt 15 migrate-support-check fail never pass test-arm64-arm64-xl-thunderx 15 migrate-support-check fail never pass test-arm64-arm64-xl 15 migrate-support-check fail never pass test-arm64-arm64-xl-thunderx 16 saverestore-support-check fail never pass test-arm64-arm64-xl 16 saverestore-support-check fail never pass test-arm64-arm64-libvirt-xsm 15 migrate-support-check fail never pass test-arm64-arm64-libvirt-xsm 16 saverestore-support-check fail never pass test-arm64-arm64-xl-credit2 15 migrate-support-check fail never pass test-arm64-arm64-xl-credit2 16 saverestore-support-check fail never pass test-arm64-arm64-xl-credit1 15 migrate-support-check fail never pass test-arm64-arm64-xl-credit1 16 saverestore-support-check fail never pass test-amd64-amd64-libvirt-qemuu-debianhvm-amd64-xsm 13 migrate-support-check fail never pass test-armhf-armhf-xl-multivcpu 15 migrate-support-check fail never pass test-armhf-armhf-xl-multivcpu 16 saverestore-support-check fail never pass test-armhf-armhf-libvirt 15 migrate-support-check fail never pass test-arm64-arm64-xl-xsm 15 migrate-support-check fail never pass test-arm64-arm64-xl-xsm 16 saverestore-support-check fail never pass test-armhf-armhf-xl-arndale 15 migrate-support-check fail never pass test-armhf-armhf-xl-arndale 16 saverestore-support-check fail never pass test-armhf-armhf-xl-rtds 15 migrate-support-check fail never pass test-armhf-armhf-xl-rtds 16 saverestore-support-check fail never pass test-amd64-amd64-libvirt-raw 14 migrate-support-check fail never pass test-armhf-armhf-xl 15 migrate-support-check fail never pass test-armhf-armhf-xl 16 saverestore-support-check fail never pass test-arm64-arm64-libvirt-raw 14 migrate-support-check fail never pass test-arm64-arm64-libvirt-raw 15 saverestore-support-check fail never pass test-arm64-arm64-xl-vhd 14 migrate-support-check fail never pass test-arm64-arm64-xl-vhd 15 saverestore-support-check fail never pass test-armhf-armhf-libvirt-raw 14 migrate-support-check fail never pass test-armhf-armhf-xl-vhd 14 migrate-support-check fail never pass test-armhf-armhf-xl-vhd 15 saverestore-support-check fail never pass test-amd64-amd64-libvirt-qcow2 14 migrate-support-check fail never pass test-armhf-armhf-xl-credit2 15 migrate-support-check fail never pass test-armhf-armhf-xl-credit2 16 saverestore-support-check fail never pass test-armhf-armhf-xl-credit1 15 migrate-support-check fail never pass test-armhf-armhf-xl-credit1 16 saverestore-support-check fail never pass test-armhf-armhf-libvirt-qcow2 14 migrate-support-check fail never pass version targeted for testing: linux 5e3f5b81de80c98338bcb47c233aebefee5a4801 baseline version: linux 815fb87b753055df2d9e50f6cd80eb10235fe3e9 Last test of basis 183973 2023-12-02 07:48:26 Z 6 days Failing since 183977 2023-12-03 00:12:06 Z 5 days 11 attempts Testing same since 184032 2023-12-08 01:43:20 Z 0 days 1 attempts ------------------------------------------------------------ People who touched revisions under test: "Luke D. Jones" <[email protected]> "Nícolas F. R. A. Prado" <[email protected]> Adam Ford <[email protected]> Alex Williamson <[email protected]> Alexis Belmonte <[email protected]> Andrii Nakryiko <[email protected]> Armin Wolf <[email protected]> Brett Creeley <[email protected]> ChunHao Lin <[email protected]> Conor Dooley <[email protected]> D. Wythe <[email protected]> Dan Carpenter <[email protected]> Daniel Borkmann <[email protected]> Daniel Xu <[email protected]> Daniil Maximov <[email protected]> Dave Hansen <[email protected]> David Howells <[email protected]> David S. Miller <[email protected]> David Thompson <[email protected]> Dinghao Liu <[email protected]> Dmitry Antipov <[email protected]> Dmitry Safonov <[email protected]> Douglas Anderson <[email protected]> Eric Dumazet <[email protected]> Eugenio Pérez <[email protected]> Fabio Estevam <[email protected]> Florian Westphal <[email protected]> Francesco Dolcini <[email protected]> Geetha sowjanya <[email protected]> Geethasowjanya Akula <[email protected]> Grant Grundler <[email protected]> Greg Kroah-Hartman <[email protected]> Hans de Goede <[email protected]> Hayes Wang <[email protected]> Heiner Kallweit <[email protected]> Helge Deller <[email protected]> Hui Zhou <[email protected]> Ido Schimmel <[email protected]> Ilpo Järvinen <[email protected]> Ilya Leoshkevich <[email protected]> Ivan Vecera <[email protected]> Jacob Keller <[email protected]> Jakub Kicinski <[email protected]> Jason Gunthorpe <[email protected]> Jason Wang <[email protected]> Jens Axboe <[email protected]> Jianheng Zhang <[email protected]> Jijie Shao <[email protected]> Jiri Olsa <[email protected]> Joao Martins <[email protected]> John Fastabend <[email protected]> JP Kobryn <[email protected]> Juergen Gross <[email protected]> Kelly Kane <[email protected]> Kirill A. Shutemov <[email protected]> Konrad Dybcio <[email protected]> Krzysztof Kozlowski <[email protected]> Kunwu Chan <[email protected]> Lee Jones <[email protected]> Linus Torvalds <[email protected]> Lorenzo Bianconi <[email protected]> Louis Peens <[email protected]> Luca Ceresoli <[email protected]> Luke D. Jones <[email protected]> Magnus Karlsson <[email protected]> Marcin Szycik <[email protected]> Mark Brown <[email protected]> Mark Hasemeyer <[email protected]> Masami Hiramatsu (Google) <[email protected]> Matthias Reichl <[email protected]> Michael Ellerman <[email protected]> Michael S. Tsirkin <[email protected]> Michael Walle <[email protected]> Michal Smulski <[email protected]> Michal Swiatkowski <[email protected]> Namjae Jeon <[email protected]> Naveen Mamindlapalli <[email protected]> Neal Cardwell <[email protected]> Nicholas Piggin <[email protected]> Nithin Dabilpuram <[email protected]> Nícolas F. R. A. Prado <[email protected]> Pablo Neira Ayuso <[email protected]> Paolo Abeni <[email protected]> Paulo Alcantara (SUSE) <[email protected]> Paulo Alcantara <[email protected]> Phil Sutter <[email protected]> Philip Mueller <[email protected]> Rafal Romanowski <[email protected]> Rahul Bhansali <[email protected]> Randy Dunlap <[email protected]> Rob Herring <[email protected]> Robin Murphy <[email protected]> Sean Christopherson <[email protected]> Sean Nyekjaer <[email protected]> Shannon Nelson <[email protected]> Shawn Guo <[email protected]> Shigeru Yoshida <[email protected]> Simon Horman <[email protected]> # build-tested Stefano Garzarella <[email protected]> Steve French <[email protected]> Steve Sistare <[email protected]> Subbaraya Sundeep <[email protected]> Suman Ghosh <[email protected]> Sunil Goutham <[email protected]> Takashi Sakamoto <[email protected]> Tejun Heo <[email protected]> Thinh Tran <[email protected]> Thomas Gleixner <[email protected]> Thomas Reichinger <[email protected]> Tim Van Patten <[email protected]> Timothy Pearson <[email protected]> Tobias Waldekranz <[email protected]> Tony Nguyen <[email protected]> Venkata Sai Duggi <[email protected]> Wen Gu <[email protected]> wuqiang.matt <[email protected]> Yang Yingliang <[email protected]> Yewon Choi <[email protected]> Yonghong Song <[email protected]> Yonglong Liu <[email protected]> Zhipeng Lu <[email protected]> jobs: build-amd64-xsm pass build-arm64-xsm pass build-i386-xsm pass build-amd64 pass build-arm64 pass build-armhf pass build-i386 pass build-amd64-libvirt pass build-arm64-libvirt pass build-armhf-libvirt pass build-i386-libvirt pass build-amd64-pvops pass build-arm64-pvops pass build-armhf-pvops pass build-i386-pvops fail test-amd64-amd64-xl pass test-amd64-coresched-amd64-xl pass test-arm64-arm64-xl pass test-armhf-armhf-xl pass test-amd64-amd64-libvirt-qemuu-debianhvm-amd64-xsm pass test-amd64-amd64-xl-qemut-stubdom-debianhvm-amd64-xsm pass test-amd64-amd64-xl-qemut-debianhvm-i386-xsm pass test-amd64-amd64-xl-qemuu-debianhvm-i386-xsm pass test-amd64-amd64-libvirt-xsm pass test-arm64-arm64-libvirt-xsm pass test-amd64-amd64-xl-xsm pass test-arm64-arm64-xl-xsm pass test-amd64-amd64-qemuu-nested-amd fail test-amd64-amd64-xl-pvhv2-amd pass test-amd64-amd64-dom0pvh-xl-amd pass test-amd64-amd64-xl-qemut-debianhvm-amd64 pass test-amd64-amd64-xl-qemuu-debianhvm-amd64 pass test-amd64-amd64-freebsd11-amd64 pass test-amd64-amd64-freebsd12-amd64 pass test-amd64-amd64-xl-qemuu-ovmf-amd64 pass test-amd64-amd64-xl-qemut-win7-amd64 fail test-amd64-amd64-xl-qemuu-win7-amd64 fail test-amd64-amd64-xl-qemut-ws16-amd64 fail test-amd64-amd64-xl-qemuu-ws16-amd64 fail test-armhf-armhf-xl-arndale pass test-amd64-amd64-examine-bios pass test-amd64-amd64-xl-credit1 pass test-arm64-arm64-xl-credit1 pass test-armhf-armhf-xl-credit1 pass test-amd64-amd64-xl-credit2 pass test-arm64-arm64-xl-credit2 pass test-armhf-armhf-xl-credit2 pass test-amd64-amd64-xl-qemuu-dmrestrict-amd64-dmrestrict pass test-amd64-amd64-examine pass test-arm64-arm64-examine pass test-armhf-armhf-examine pass test-amd64-amd64-qemuu-nested-intel pass test-amd64-amd64-xl-pvhv2-intel pass test-amd64-amd64-dom0pvh-xl-intel pass test-amd64-amd64-libvirt pass test-armhf-armhf-libvirt pass test-amd64-amd64-xl-multivcpu pass test-armhf-armhf-xl-multivcpu pass test-amd64-amd64-pair pass test-amd64-amd64-libvirt-pair pass test-amd64-amd64-xl-pvshim pass test-amd64-amd64-pygrub pass test-amd64-amd64-libvirt-qcow2 pass test-armhf-armhf-libvirt-qcow2 pass test-amd64-amd64-libvirt-raw pass test-arm64-arm64-libvirt-raw pass test-armhf-armhf-libvirt-raw pass test-amd64-amd64-xl-rtds pass test-armhf-armhf-xl-rtds pass test-amd64-amd64-xl-qemuu-debianhvm-amd64-shadow pass test-amd64-amd64-xl-shadow pass test-arm64-arm64-xl-thunderx pass test-amd64-amd64-examine-uefi pass test-amd64-amd64-xl-vhd pass test-arm64-arm64-xl-vhd pass test-armhf-armhf-xl-vhd pass ------------------------------------------------------------ sg-report-flight on osstest.test-lab.xenproject.org logs: /home/logs/logs images: /home/logs/images Logs, config files, etc. are available at http://logs.test-lab.xenproject.org/osstest/logs Explanation of these reports, and of osstest in general, is at http://xenbits.xen.org/gitweb/?p=osstest.git;a=blob;f=README.email;hb=master http://xenbits.xen.org/gitweb/?p=osstest.git;a=blob;f=README;hb=master Test harness code can be found at http://xenbits.xen.org/gitweb?p=osstest.git;a=summary Not pushing. (No revision log; it would be 3856 lines long.)
