flight 183973 linux-linus real [real]
flight 183976 linux-linus real-retest [real]
http://logs.test-lab.xenproject.org/osstest/logs/183973/
http://logs.test-lab.xenproject.org/osstest/logs/183976/

Failures :-/ but no regressions.

Tests which are failing intermittently (not blocking):
 test-armhf-armhf-xl-credit1   8 xen-boot            fail pass in 183976-retest

Tests which did not succeed, but are not blocking:
 test-armhf-armhf-xl-credit1 15 migrate-support-check fail in 183976 never pass
 test-armhf-armhf-xl-credit1 16 saverestore-support-check fail in 183976 never 
pass
 test-armhf-armhf-libvirt     16 saverestore-support-check    fail  like 183969
 test-amd64-amd64-xl-qemut-win7-amd64 19 guest-stop            fail like 183969
 test-amd64-amd64-xl-qemuu-win7-amd64 19 guest-stop            fail like 183969
 test-amd64-amd64-xl-qemuu-ws16-amd64 19 guest-stop            fail like 183969
 test-armhf-armhf-libvirt-raw 15 saverestore-support-check    fail  like 183969
 test-amd64-amd64-xl-qemut-ws16-amd64 19 guest-stop            fail like 183969
 test-armhf-armhf-libvirt-qcow2 15 saverestore-support-check   fail like 183969
 test-amd64-amd64-qemuu-nested-amd 20 debian-hvm-install/l1/l2 fail like 183969
 test-amd64-amd64-libvirt     15 migrate-support-check        fail   never pass
 test-amd64-amd64-libvirt-xsm 15 migrate-support-check        fail   never pass
 test-arm64-arm64-xl-thunderx 15 migrate-support-check        fail   never pass
 test-arm64-arm64-xl          15 migrate-support-check        fail   never pass
 test-arm64-arm64-xl-xsm      15 migrate-support-check        fail   never pass
 test-arm64-arm64-xl-thunderx 16 saverestore-support-check    fail   never pass
 test-arm64-arm64-xl          16 saverestore-support-check    fail   never pass
 test-arm64-arm64-xl-xsm      16 saverestore-support-check    fail   never pass
 test-arm64-arm64-xl-credit1  15 migrate-support-check        fail   never pass
 test-arm64-arm64-xl-credit1  16 saverestore-support-check    fail   never pass
 test-arm64-arm64-libvirt-xsm 15 migrate-support-check        fail   never pass
 test-arm64-arm64-libvirt-xsm 16 saverestore-support-check    fail   never pass
 test-arm64-arm64-xl-credit2  15 migrate-support-check        fail   never pass
 test-arm64-arm64-xl-credit2  16 saverestore-support-check    fail   never pass
 test-armhf-armhf-xl-arndale  15 migrate-support-check        fail   never pass
 test-armhf-armhf-xl-arndale  16 saverestore-support-check    fail   never pass
 test-armhf-armhf-libvirt     15 migrate-support-check        fail   never pass
 test-armhf-armhf-xl-multivcpu 15 migrate-support-check        fail  never pass
 test-armhf-armhf-xl-multivcpu 16 saverestore-support-check    fail  never pass
 test-armhf-armhf-xl-rtds     15 migrate-support-check        fail   never pass
 test-armhf-armhf-xl-rtds     16 saverestore-support-check    fail   never pass
 test-armhf-armhf-xl          15 migrate-support-check        fail   never pass
 test-armhf-armhf-xl          16 saverestore-support-check    fail   never pass
 test-amd64-amd64-libvirt-raw 14 migrate-support-check        fail   never pass
 test-amd64-amd64-libvirt-qcow2 14 migrate-support-check        fail never pass
 test-arm64-arm64-libvirt-raw 14 migrate-support-check        fail   never pass
 test-arm64-arm64-libvirt-raw 15 saverestore-support-check    fail   never pass
 test-amd64-amd64-libvirt-qemuu-debianhvm-amd64-xsm 13 migrate-support-check 
fail never pass
 test-arm64-arm64-xl-vhd      14 migrate-support-check        fail   never pass
 test-arm64-arm64-xl-vhd      15 saverestore-support-check    fail   never pass
 test-armhf-armhf-libvirt-raw 14 migrate-support-check        fail   never pass
 test-armhf-armhf-xl-vhd      14 migrate-support-check        fail   never pass
 test-armhf-armhf-xl-vhd      15 saverestore-support-check    fail   never pass
 test-armhf-armhf-xl-credit2  15 migrate-support-check        fail   never pass
 test-armhf-armhf-xl-credit2  16 saverestore-support-check    fail   never pass
 test-armhf-armhf-libvirt-qcow2 14 migrate-support-check        fail never pass

version targeted for testing:
 linux                815fb87b753055df2d9e50f6cd80eb10235fe3e9
baseline version:
 linux                c1c09da07c550971a1764a113963533dcc8e4d2a

Last test of basis   183969  2023-12-01 21:42:21 Z    0 days
Testing same since   183973  2023-12-02 07:48:26 Z    0 days    1 attempts

------------------------------------------------------------
People who touched revisions under test:
  Abdul Halim, Mohd Syazwan <[email protected]>
  Alex Deucher <[email protected]>
  Alex Sierra <[email protected]>
  Alvin Lee <[email protected]>
  André Draszik <[email protected]>
  Ard Biesheuvel <[email protected]>
  Ayush Jain <[email protected]>
  Bart Van Assche <[email protected]>
  Camille Cho <[email protected]>
  Candice Li <[email protected]>
  Catalin Marinas <[email protected]>
  Christian König <[email protected]>
  Christoph Hellwig <[email protected]>
  Christoph Niedermaier <[email protected]>
  Damien Le Moal <[email protected]>
  Dan Carpenter <[email protected]>
  Daniel Mentz <[email protected]>
  Daniel Vetter <[email protected]>
  Daniel Wheeler <[email protected]>
  Danilo Krummrich <[email protected]>
  Dave Airlie <[email protected]>
  Dave Jiang <[email protected]>
  Dinghao Liu <[email protected]>
  Dmitry Baryshkov <[email protected]>
  Dmytro Laktyushkin <[email protected]>
  Ewan D. Milne <[email protected]>
  Felix Kuehling <[email protected]>
  Gautham R. Shenoy <[email protected]>
  Greg Kroah-Hartman <[email protected]>
  Gustavo A. R. Silva <[email protected]>
  Hamza Mahfooz <[email protected]>
  Hans de Goede <[email protected]>
  Hawking Zhang <[email protected]>
  Huang Rui <[email protected]>
  Ilya Bakoulin <[email protected]>
  Jani Nikula <[email protected]>
  Jason Gunthorpe <[email protected]>
  Jens Axboe <[email protected]>
  Joerg Roedel <[email protected]>
  Jonathan Kim <[email protected]>
  Kailang Yang <[email protected]>
  Keith Busch <[email protected]>
  Konrad Dybcio <[email protected]>
  Kunwu Chan <[email protected]>
  Li Ma <[email protected]>
  Lijo Lazar <[email protected]>
  Linus Torvalds <[email protected]>
  Linus Walleij <[email protected]>
  Liu Ying <[email protected]>
  Lu Baolu <[email protected]>
  Lu Yao <[email protected]>
  Lukasz Luba <[email protected]>
  Luo Yuzhang <[email protected]> # QAT
  Maarten Lankhorst <[email protected]>
  Mario Limonciello <[email protected]>
  Mark O'Donovan <[email protected]>
  Mark Rutland <[email protected]>
  Markus Weippert <[email protected]>
  Martin K. Petersen <[email protected]>
  Maurizio Lombardi <[email protected]>
  Maxime Ripard <[email protected]>
  Michael Strauss <[email protected]>
  Mike Snitzer <[email protected]>
  Mikulas Patocka <[email protected]>
  Ming Lei <[email protected]>
  Mukul Joshi <[email protected]>
  Neil Armstrong <[email protected]>
  Nicholas Kazlauskas <[email protected]>
  Perry Yuan <[email protected]>
  Peter Ujfalusi <[email protected]>
  Peter Wang <[email protected]>
  Prike Liang <[email protected]>
  Rafael J. Wysocki <[email protected]>
  Richard Fitzgerald <[email protected]>
  Robin Murphy <[email protected]>
  Roman Li <[email protected]>
  Stefan Binding <[email protected]>
  Stephan Gerhold <[email protected]>
  Sung Joon Kim <[email protected]>
  Taimur Hassan <[email protected]>
  Takashi Iwai <[email protected]>
  Thierry Reding <[email protected]>
  Thomas Hellström <[email protected]>
  Thomas Zimmermann <[email protected]>
  Tim Huang <[email protected]>
  Tom Chung <[email protected]>
  Tony Zhu <[email protected]> # DSA
  Tvrtko Ursulin <[email protected]>
  Vasiliy Kovalev <[email protected]>
  Vignesh Chander <[email protected]>
  Ville Syrjälä <[email protected]>
  Viresh Kumar <[email protected]>
  Wenjing Liu <[email protected]>
  Will Deacon <[email protected]>
  Wu Bo <[email protected]>
  Wyes Karny <[email protected]>
  xiazhengqiao <[email protected]>
  Yang Yingliang <[email protected]>
  Yu Kuai <[email protected]>
  ZhenGuo Yin <[email protected]>
  Zhongwei <[email protected]>

jobs:
 build-amd64-xsm                                              pass    
 build-arm64-xsm                                              pass    
 build-i386-xsm                                               pass    
 build-amd64                                                  pass    
 build-arm64                                                  pass    
 build-armhf                                                  pass    
 build-i386                                                   pass    
 build-amd64-libvirt                                          pass    
 build-arm64-libvirt                                          pass    
 build-armhf-libvirt                                          pass    
 build-i386-libvirt                                           pass    
 build-amd64-pvops                                            pass    
 build-arm64-pvops                                            pass    
 build-armhf-pvops                                            pass    
 build-i386-pvops                                             pass    
 test-amd64-amd64-xl                                          pass    
 test-amd64-coresched-amd64-xl                                pass    
 test-arm64-arm64-xl                                          pass    
 test-armhf-armhf-xl                                          pass    
 test-amd64-amd64-libvirt-qemuu-debianhvm-amd64-xsm           pass    
 test-amd64-amd64-xl-qemut-stubdom-debianhvm-amd64-xsm        pass    
 test-amd64-amd64-xl-qemut-debianhvm-i386-xsm                 pass    
 test-amd64-amd64-xl-qemuu-debianhvm-i386-xsm                 pass    
 test-amd64-amd64-libvirt-xsm                                 pass    
 test-arm64-arm64-libvirt-xsm                                 pass    
 test-amd64-amd64-xl-xsm                                      pass    
 test-arm64-arm64-xl-xsm                                      pass    
 test-amd64-amd64-qemuu-nested-amd                            fail    
 test-amd64-amd64-xl-pvhv2-amd                                pass    
 test-amd64-amd64-dom0pvh-xl-amd                              pass    
 test-amd64-amd64-xl-qemut-debianhvm-amd64                    pass    
 test-amd64-amd64-xl-qemuu-debianhvm-amd64                    pass    
 test-amd64-amd64-freebsd11-amd64                             pass    
 test-amd64-amd64-freebsd12-amd64                             pass    
 test-amd64-amd64-xl-qemuu-ovmf-amd64                         pass    
 test-amd64-amd64-xl-qemut-win7-amd64                         fail    
 test-amd64-amd64-xl-qemuu-win7-amd64                         fail    
 test-amd64-amd64-xl-qemut-ws16-amd64                         fail    
 test-amd64-amd64-xl-qemuu-ws16-amd64                         fail    
 test-armhf-armhf-xl-arndale                                  pass    
 test-amd64-amd64-examine-bios                                pass    
 test-amd64-amd64-xl-credit1                                  pass    
 test-arm64-arm64-xl-credit1                                  pass    
 test-armhf-armhf-xl-credit1                                  fail    
 test-amd64-amd64-xl-credit2                                  pass    
 test-arm64-arm64-xl-credit2                                  pass    
 test-armhf-armhf-xl-credit2                                  pass    
 test-amd64-amd64-xl-qemuu-dmrestrict-amd64-dmrestrict        pass    
 test-amd64-amd64-examine                                     pass    
 test-arm64-arm64-examine                                     pass    
 test-armhf-armhf-examine                                     pass    
 test-amd64-amd64-qemuu-nested-intel                          pass    
 test-amd64-amd64-xl-pvhv2-intel                              pass    
 test-amd64-amd64-dom0pvh-xl-intel                            pass    
 test-amd64-amd64-libvirt                                     pass    
 test-armhf-armhf-libvirt                                     pass    
 test-amd64-amd64-xl-multivcpu                                pass    
 test-armhf-armhf-xl-multivcpu                                pass    
 test-amd64-amd64-pair                                        pass    
 test-amd64-amd64-libvirt-pair                                pass    
 test-amd64-amd64-xl-pvshim                                   pass    
 test-amd64-amd64-pygrub                                      pass    
 test-amd64-amd64-libvirt-qcow2                               pass    
 test-armhf-armhf-libvirt-qcow2                               pass    
 test-amd64-amd64-libvirt-raw                                 pass    
 test-arm64-arm64-libvirt-raw                                 pass    
 test-armhf-armhf-libvirt-raw                                 pass    
 test-amd64-amd64-xl-rtds                                     pass    
 test-armhf-armhf-xl-rtds                                     pass    
 test-amd64-amd64-xl-qemuu-debianhvm-amd64-shadow             pass    
 test-amd64-amd64-xl-shadow                                   pass    
 test-arm64-arm64-xl-thunderx                                 pass    
 test-amd64-amd64-examine-uefi                                pass    
 test-amd64-amd64-xl-vhd                                      pass    
 test-arm64-arm64-xl-vhd                                      pass    
 test-armhf-armhf-xl-vhd                                      pass    


------------------------------------------------------------
sg-report-flight on osstest.test-lab.xenproject.org
logs: /home/logs/logs
images: /home/logs/images

Logs, config files, etc. are available at
    http://logs.test-lab.xenproject.org/osstest/logs

Explanation of these reports, and of osstest in general, is at
    http://xenbits.xen.org/gitweb/?p=osstest.git;a=blob;f=README.email;hb=master
    http://xenbits.xen.org/gitweb/?p=osstest.git;a=blob;f=README;hb=master

Test harness code can be found at
    http://xenbits.xen.org/gitweb?p=osstest.git;a=summary


Pushing revision :

hint: The 'hooks/update' hook was ignored because it's not set as executable.
hint: You can disable this warning with `git config advice.ignoredHook false`.
hint: The 'hooks/post-receive' hook was ignored because it's not set as 
executable.
hint: You can disable this warning with `git config advice.ignoredHook false`.
hint: The 'hooks/post-update' hook was ignored because it's not set as 
executable.
hint: You can disable this warning with `git config advice.ignoredHook false`.
To xenbits.xen.org:/home/xen/git/linux-pvops.git
   c1c09da07c55..815fb87b7530  815fb87b753055df2d9e50f6cd80eb10235fe3e9 -> 
tested/linux-linus

Reply via email to