flight 183929 linux-5.4 real [real]
http://logs.test-lab.xenproject.org/osstest/logs/183929/

Failures :-/ but no regressions.

Tests which are failing intermittently (not blocking):
 test-arm64-arm64-libvirt-raw 18 guest-start.2    fail in 183907 pass in 183929
 test-armhf-armhf-libvirt-qcow2 17 guest-start/debian.repeat fail in 183907 
pass in 183929
 test-armhf-armhf-libvirt      8 xen-boot                   fail pass in 183907
 test-armhf-armhf-xl-multivcpu 14 guest-start               fail pass in 183907
 test-armhf-armhf-xl-rtds     14 guest-start                fail pass in 183907
 test-armhf-armhf-xl          19 guest-start.2              fail pass in 183907
 test-armhf-armhf-xl-vhd      17 guest-start/debian.repeat  fail pass in 183907

Regressions which are regarded as allowable (not blocking):
 test-armhf-armhf-xl-rtds 18 guest-start/debian.repeat fail in 183907 REGR. vs. 
183803

Tests which did not succeed, but are not blocking:
 test-armhf-armhf-xl-multivcpu 18 guest-start/debian.repeat fail in 183907 like 
183797
 test-armhf-armhf-libvirt 16 saverestore-support-check fail in 183907 like 
183803
 test-armhf-armhf-xl-multivcpu 15 migrate-support-check fail in 183907 never 
pass
 test-armhf-armhf-xl-multivcpu 16 saverestore-support-check fail in 183907 
never pass
 test-armhf-armhf-xl-rtds    15 migrate-support-check fail in 183907 never pass
 test-armhf-armhf-xl-rtds 16 saverestore-support-check fail in 183907 never pass
 test-armhf-armhf-libvirt    15 migrate-support-check fail in 183907 never pass
 test-armhf-armhf-xl-credit1  14 guest-start                  fail  like 183797
 test-amd64-i386-xl-qemut-win7-amd64 19 guest-stop             fail like 183803
 test-amd64-i386-xl-qemuu-win7-amd64 19 guest-stop             fail like 183803
 test-amd64-amd64-xl-qemuu-win7-amd64 19 guest-stop            fail like 183803
 test-amd64-amd64-xl-qemut-win7-amd64 19 guest-stop            fail like 183803
 test-armhf-armhf-xl-credit2  18 guest-start/debian.repeat    fail  like 183803
 test-amd64-amd64-xl-qemuu-ws16-amd64 19 guest-stop            fail like 183803
 test-amd64-amd64-xl-qemut-ws16-amd64 19 guest-stop            fail like 183803
 test-armhf-armhf-libvirt-raw 15 saverestore-support-check    fail  like 183803
 test-amd64-i386-xl-qemut-ws16-amd64 19 guest-stop             fail like 183803
 test-armhf-armhf-libvirt-qcow2 15 saverestore-support-check   fail like 183803
 test-amd64-i386-xl-qemuu-ws16-amd64 19 guest-stop             fail like 183803
 test-amd64-amd64-qemuu-nested-amd 20 debian-hvm-install/l1/l2 fail like 183803
 test-amd64-i386-xl-pvshim    14 guest-start                  fail   never pass
 test-amd64-i386-libvirt-xsm  15 migrate-support-check        fail   never pass
 test-amd64-amd64-libvirt-xsm 15 migrate-support-check        fail   never pass
 test-amd64-i386-libvirt      15 migrate-support-check        fail   never pass
 test-arm64-arm64-xl          15 migrate-support-check        fail   never pass
 test-arm64-arm64-xl          16 saverestore-support-check    fail   never pass
 test-arm64-arm64-xl-credit2  15 migrate-support-check        fail   never pass
 test-arm64-arm64-xl-credit2  16 saverestore-support-check    fail   never pass
 test-arm64-arm64-xl-xsm      15 migrate-support-check        fail   never pass
 test-arm64-arm64-xl-xsm      16 saverestore-support-check    fail   never pass
 test-arm64-arm64-xl-credit1  15 migrate-support-check        fail   never pass
 test-arm64-arm64-xl-credit1  16 saverestore-support-check    fail   never pass
 test-arm64-arm64-libvirt-xsm 15 migrate-support-check        fail   never pass
 test-arm64-arm64-libvirt-xsm 16 saverestore-support-check    fail   never pass
 test-arm64-arm64-xl-thunderx 15 migrate-support-check        fail   never pass
 test-arm64-arm64-xl-thunderx 16 saverestore-support-check    fail   never pass
 test-amd64-i386-libvirt-qemuu-debianhvm-amd64-xsm 13 migrate-support-check 
fail never pass
 test-armhf-armhf-xl-arndale  15 migrate-support-check        fail   never pass
 test-armhf-armhf-xl-arndale  16 saverestore-support-check    fail   never pass
 test-amd64-amd64-libvirt-vhd 14 migrate-support-check        fail   never pass
 test-amd64-amd64-libvirt-qemuu-debianhvm-amd64-xsm 13 migrate-support-check 
fail never pass
 test-armhf-armhf-xl-credit2  15 migrate-support-check        fail   never pass
 test-armhf-armhf-xl-credit2  16 saverestore-support-check    fail   never pass
 test-armhf-armhf-xl          15 migrate-support-check        fail   never pass
 test-armhf-armhf-xl          16 saverestore-support-check    fail   never pass
 test-amd64-i386-libvirt-raw  14 migrate-support-check        fail   never pass
 test-arm64-arm64-libvirt-raw 14 migrate-support-check        fail   never pass
 test-arm64-arm64-libvirt-raw 15 saverestore-support-check    fail   never pass
 test-arm64-arm64-xl-vhd      14 migrate-support-check        fail   never pass
 test-arm64-arm64-xl-vhd      15 saverestore-support-check    fail   never pass
 test-amd64-amd64-libvirt     15 migrate-support-check        fail   never pass
 test-armhf-armhf-libvirt-raw 14 migrate-support-check        fail   never pass
 test-armhf-armhf-libvirt-qcow2 14 migrate-support-check        fail never pass
 test-armhf-armhf-xl-vhd      14 migrate-support-check        fail   never pass
 test-armhf-armhf-xl-vhd      15 saverestore-support-check    fail   never pass

version targeted for testing:
 linux                8e221b47173d59e1b2877f6d8dc91e8be2031746
baseline version:
 linux                ef379773e2e76d6470a907ae36c3d12f65a6ecdb

Last test of basis   183803  2023-11-20 21:13:23 Z    9 days
Testing same since   183907  2023-11-28 17:13:07 Z    1 days    2 attempts

------------------------------------------------------------
People who touched revisions under test:
  Alain Michaud <[email protected]>
  Alain Volmat <[email protected]>
  Alex Deucher <[email protected]>
  Alexander Sverdlin <[email protected]>
  Alexandre Belloni <[email protected]>
  Alexei Starovoitov <[email protected]>
  Amelie Delaunay <[email protected]>
  Anastasia Belova <[email protected]>
  Andi Shyti <[email protected]>
  Andreas Gruenbacher <[email protected]>
  Andrew Morton <[email protected]>
  Arnd Bergmann <[email protected]>
  Artem Lukyanov <[email protected]>
  Axel Lin <[email protected]>
  baozhu.liu <[email protected]>
  Baruch Siach <[email protected]>
  Beau Belgrave <[email protected]>
  Benjamin Bara <[email protected]>
  Bjorn Andersson <[email protected]>
  Bjorn Helgaas <[email protected]>
  Bob Peterson <[email protected]>
  Boris Brezillon <[email protected]>
  Brian Geffon <[email protected]>
  Cezary Rojewski <[email protected]>
  Chandradeep Dey <[email protected]>
  Chandrakanth patil <[email protected]>
  Christian König <[email protected]>
  Chuck Lever <[email protected]>
  Colin Ian King <[email protected]>
  Dan Carpenter <[email protected]>
  Daniel Lezcano <[email protected]>
  Daniel Thompson <[email protected]>
  Daniel Wheeler <[email protected]>
  Dave Kleikamp <[email protected]>
  David Hildenbrand <[email protected]>
  David S. Miller <[email protected]>
  David Sterba <[email protected]>
  David Woodhouse <[email protected]>
  Dmitry Antipov <[email protected]>
  Douglas Anderson <[email protected]>
  Dust Li <[email protected]>
  Eduard Zingerman <[email protected]>
  Ekaterina Esina <[email protected]>
  Eric Biggers <[email protected]>
  Eric Dumazet <[email protected]>
  Florian Fainelli <[email protected]>
  Florian Westphal <[email protected]>
  Greg Kroah-Hartman <[email protected]>
  Gregory Greenman <[email protected]>
  Guan Wentao <[email protected]>
  Guenter Roeck <[email protected]>
  Guo Zihua <[email protected]>
  Hans Verkuil <[email protected]>
  Hardik Gajjar <[email protected]>
  Harshit Mogalapalli <[email protected]>
  Heiner Kallweit <[email protected]>
  Helge Deller <[email protected]>
  Herbert Xu <[email protected]>
  Hersen Wu <[email protected]>
  Herve Codina <[email protected]>
  Ilpo Järvinen <[email protected]>
  Ingo Molnar <[email protected]>
  Jacky Bai <[email protected]>
  Jakub Kicinski <[email protected]>
  Jan Kara <[email protected]>
  Jay Vosburgh <[email protected]>
  Jeff Johnson <[email protected]>
  Jeff Layton <[email protected]>
  Jijie Shao <[email protected]>
  Jiri Kosina <[email protected]>
  Johannes Berg <[email protected]>
  John Stultz <[email protected]>
  Johnathan Mantey <[email protected]>
  Jon Hunter <[email protected]>
  Jorge Sanjuan Garcia <[email protected]>
  Jose Abreu <[email protected]>
  Josef Bacik <[email protected]>
  Joseph Hwang <[email protected]>
  Joshua Yeong <[email protected]>
  Juergen Gross <[email protected]>
  Juntong Deng <[email protected]>
  Kalle Valo <[email protected]>
  Kathiravan Thirumoorthy <[email protected]>
  Kees Cook <[email protected]>
  Kemeng Shi <[email protected]>
  Lad Prabhakar <[email protected]>
  Larry Finger <[email protected]>
  Lee Jones <[email protected]>
  Leon Romanovsky <[email protected]>
  Leon Romanovsky <[email protected]>
  Linkui Xiao <[email protected]>
  Linus Walleij <[email protected]>
  Liviu Dudau <[email protected]>
  Lu Jialin <[email protected]>
  Luiz Augusto von Dentz <[email protected]>
  Lukas Wunner <[email protected]>
  Maciej S. Szmigiero <[email protected]>
  Mahmoud Adam <[email protected]>
  Manas Ghandat <[email protected]>
  Marcel Holtmann <[email protected]>
  Mario Casquero <[email protected]>
  Mario Limonciello <[email protected]>
  Mark Brown <[email protected]>
  Martin K. Petersen <[email protected]>
  Masum Reza <[email protected]>
  Max Kellermann <[email protected]>
  Meng Tang <[email protected]>
  menghui.huang <[email protected]>
  Michal Hocko <[email protected]>
  Mike Rapoport (IBM) <[email protected]>
  Miri Korenblit <[email protected]>
  Neil Armstrong <[email protected]>
  Nicolas Saenz Julienne <[email protected]>
  Nishanth Menon <[email protected]>
  Olga Kornievskaia <[email protected]>
  Olli Asikainen <[email protected]>
  Pablo Neira Ayuso <[email protected]>
  Paolo Abeni <[email protected]>
  Paul Moore <[email protected]>
  Pavel Krasavin <[email protected]>
  Peter Zijlstra (Intel) <[email protected]>
  Ping-Ke Shih <[email protected]>
  Pu Wen <[email protected]>
  Qu Huang <[email protected]>
  Rafael J. Wysocki <[email protected]>
  Rahul Rameshbabu <[email protected]>
  Rajeshwar R Shinde <[email protected]>
  Richard Cochran <[email protected]>
  Ronald Wahl <[email protected]>
  Rong Chen <[email protected]>
  Russell King (Oracle) <[email protected]>
  Saeed Mahameed <[email protected]>
  Sanjuán García, Jorge <[email protected]>
  Sasha Levin <[email protected]>
  Sean Christopherson <[email protected]>
  Sean Young <[email protected]>
  Shigeru Yoshida <[email protected]>
  Shuah Khan <[email protected]>
  Shuai Xue <[email protected]>
  Shung-Hsi Yu <[email protected]>
  Stanimir Varbanov <[email protected]>
  Steve French <[email protected]>
  Steven Rostedt (Google) <[email protected]>
  Sumit Saxena <[email protected]>
  Takashi Iwai <[email protected]>
  Tao Lyu <[email protected]>
  Theodore Ts'o <[email protected]>
  Thierry Reding <[email protected]>
  Thomas Gleixner <[email protected]>
  Toke Høiland-Jørgensen <[email protected]>
  Toke Høiland-Jørgensen <[email protected]>
  Tony Lindgren <[email protected]>
  Trond Myklebust <[email protected]>
  Ulf Hansson <[email protected]>
  Uwe Kleine-König <[email protected]>
  Vikash Garodia <[email protected]>
  Vincent Whitchurch <[email protected]>
  Vinod Koul <[email protected]>
  Vlad Buslov <[email protected]>
  Wayne Lin <[email protected]>
  Wenchao Hao <[email protected]>
  Werner Sembach <[email protected]>
  Willem de Bruijn <[email protected]>
  Wolfram Sang <[email protected]>
  Yi Yang <[email protected]>
  Yonglong Liu <[email protected]>
  Zhang Rui <[email protected]>
  Zhang Yi <[email protected]>
  ZhengHan Wang <[email protected]>
  Zhihao Cheng <[email protected]>
  zhujun2 <[email protected]>
  Zi Yan <[email protected]>

jobs:
 build-amd64-xsm                                              pass    
 build-arm64-xsm                                              pass    
 build-i386-xsm                                               pass    
 build-amd64                                                  pass    
 build-arm64                                                  pass    
 build-armhf                                                  pass    
 build-i386                                                   pass    
 build-amd64-libvirt                                          pass    
 build-arm64-libvirt                                          pass    
 build-armhf-libvirt                                          pass    
 build-i386-libvirt                                           pass    
 build-amd64-pvops                                            pass    
 build-arm64-pvops                                            pass    
 build-armhf-pvops                                            pass    
 build-i386-pvops                                             pass    
 test-amd64-amd64-xl                                          pass    
 test-amd64-coresched-amd64-xl                                pass    
 test-arm64-arm64-xl                                          pass    
 test-armhf-armhf-xl                                          fail    
 test-amd64-i386-xl                                           pass    
 test-amd64-coresched-i386-xl                                 pass    
 test-amd64-amd64-libvirt-qemuu-debianhvm-amd64-xsm           pass    
 test-amd64-i386-libvirt-qemuu-debianhvm-amd64-xsm            pass    
 test-amd64-amd64-xl-qemut-stubdom-debianhvm-amd64-xsm        pass    
 test-amd64-i386-xl-qemut-stubdom-debianhvm-amd64-xsm         pass    
 test-amd64-amd64-xl-qemut-debianhvm-i386-xsm                 pass    
 test-amd64-i386-xl-qemut-debianhvm-i386-xsm                  pass    
 test-amd64-amd64-xl-qemuu-debianhvm-i386-xsm                 pass    
 test-amd64-i386-xl-qemuu-debianhvm-i386-xsm                  pass    
 test-amd64-amd64-libvirt-xsm                                 pass    
 test-arm64-arm64-libvirt-xsm                                 pass    
 test-amd64-i386-libvirt-xsm                                  pass    
 test-amd64-amd64-xl-xsm                                      pass    
 test-arm64-arm64-xl-xsm                                      pass    
 test-amd64-i386-xl-xsm                                       pass    
 test-amd64-amd64-qemuu-nested-amd                            fail    
 test-amd64-amd64-xl-pvhv2-amd                                pass    
 test-amd64-i386-qemut-rhel6hvm-amd                           pass    
 test-amd64-i386-qemuu-rhel6hvm-amd                           pass    
 test-amd64-amd64-dom0pvh-xl-amd                              pass    
 test-amd64-amd64-xl-qemut-debianhvm-amd64                    pass    
 test-amd64-i386-xl-qemut-debianhvm-amd64                     pass    
 test-amd64-amd64-xl-qemuu-debianhvm-amd64                    pass    
 test-amd64-i386-xl-qemuu-debianhvm-amd64                     pass    
 test-amd64-i386-freebsd10-amd64                              pass    
 test-amd64-amd64-qemuu-freebsd11-amd64                       pass    
 test-amd64-amd64-qemuu-freebsd12-amd64                       pass    
 test-amd64-amd64-xl-qemuu-ovmf-amd64                         pass    
 test-amd64-i386-xl-qemuu-ovmf-amd64                          pass    
 test-amd64-amd64-xl-qemut-win7-amd64                         fail    
 test-amd64-i386-xl-qemut-win7-amd64                          fail    
 test-amd64-amd64-xl-qemuu-win7-amd64                         fail    
 test-amd64-i386-xl-qemuu-win7-amd64                          fail    
 test-amd64-amd64-xl-qemut-ws16-amd64                         fail    
 test-amd64-i386-xl-qemut-ws16-amd64                          fail    
 test-amd64-amd64-xl-qemuu-ws16-amd64                         fail    
 test-amd64-i386-xl-qemuu-ws16-amd64                          fail    
 test-armhf-armhf-xl-arndale                                  pass    
 test-amd64-amd64-examine-bios                                pass    
 test-amd64-i386-examine-bios                                 pass    
 test-amd64-amd64-xl-credit1                                  pass    
 test-arm64-arm64-xl-credit1                                  pass    
 test-armhf-armhf-xl-credit1                                  fail    
 test-amd64-amd64-xl-credit2                                  pass    
 test-arm64-arm64-xl-credit2                                  pass    
 test-armhf-armhf-xl-credit2                                  fail    
 test-amd64-amd64-xl-qemuu-dmrestrict-amd64-dmrestrict        pass    
 test-amd64-i386-xl-qemuu-dmrestrict-amd64-dmrestrict         pass    
 test-amd64-amd64-examine                                     pass    
 test-arm64-arm64-examine                                     pass    
 test-armhf-armhf-examine                                     pass    
 test-amd64-i386-examine                                      pass    
 test-amd64-i386-freebsd10-i386                               pass    
 test-amd64-amd64-qemuu-nested-intel                          pass    
 test-amd64-amd64-xl-pvhv2-intel                              pass    
 test-amd64-i386-qemut-rhel6hvm-intel                         pass    
 test-amd64-i386-qemuu-rhel6hvm-intel                         pass    
 test-amd64-amd64-dom0pvh-xl-intel                            pass    
 test-amd64-amd64-libvirt                                     pass    
 test-armhf-armhf-libvirt                                     fail    
 test-amd64-i386-libvirt                                      pass    
 test-amd64-amd64-xl-multivcpu                                pass    
 test-armhf-armhf-xl-multivcpu                                fail    
 test-amd64-amd64-pair                                        pass    
 test-amd64-i386-pair                                         pass    
 test-amd64-amd64-libvirt-pair                                pass    
 test-amd64-i386-libvirt-pair                                 pass    
 test-amd64-amd64-xl-pvshim                                   pass    
 test-amd64-i386-xl-pvshim                                    fail    
 test-amd64-amd64-pygrub                                      pass    
 test-armhf-armhf-libvirt-qcow2                               pass    
 test-amd64-amd64-xl-qcow2                                    pass    
 test-arm64-arm64-libvirt-raw                                 pass    
 test-armhf-armhf-libvirt-raw                                 pass    
 test-amd64-i386-libvirt-raw                                  pass    
 test-amd64-amd64-xl-rtds                                     pass    
 test-armhf-armhf-xl-rtds                                     fail    
 test-amd64-amd64-xl-qemuu-debianhvm-amd64-shadow             pass    
 test-amd64-i386-xl-qemuu-debianhvm-amd64-shadow              pass    
 test-amd64-amd64-xl-shadow                                   pass    
 test-amd64-i386-xl-shadow                                    pass    
 test-arm64-arm64-xl-thunderx                                 pass    
 test-amd64-amd64-examine-uefi                                pass    
 test-amd64-i386-examine-uefi                                 pass    
 test-amd64-amd64-libvirt-vhd                                 pass    
 test-arm64-arm64-xl-vhd                                      pass    
 test-armhf-armhf-xl-vhd                                      fail    
 test-amd64-i386-xl-vhd                                       pass    


------------------------------------------------------------
sg-report-flight on osstest.test-lab.xenproject.org
logs: /home/logs/logs
images: /home/logs/images

Logs, config files, etc. are available at
    http://logs.test-lab.xenproject.org/osstest/logs

Explanation of these reports, and of osstest in general, is at
    http://xenbits.xen.org/gitweb/?p=osstest.git;a=blob;f=README.email;hb=master
    http://xenbits.xen.org/gitweb/?p=osstest.git;a=blob;f=README;hb=master

Test harness code can be found at
    http://xenbits.xen.org/gitweb?p=osstest.git;a=summary


Pushing revision :

hint: The 'hooks/update' hook was ignored because it's not set as executable.
hint: You can disable this warning with `git config advice.ignoredHook false`.
hint: The 'hooks/post-receive' hook was ignored because it's not set as 
executable.
hint: You can disable this warning with `git config advice.ignoredHook false`.
hint: The 'hooks/post-update' hook was ignored because it's not set as 
executable.
hint: You can disable this warning with `git config advice.ignoredHook false`.
To xenbits.xen.org:/home/xen/git/linux-pvops.git
   ef379773e2e7..8e221b47173d  8e221b47173d59e1b2877f6d8dc91e8be2031746 -> 
tested/linux-5.4

Reply via email to