flight 183934 xen-unstable-smoke real [real]
http://logs.test-lab.xenproject.org/osstest/logs/183934/

Failures :-/ but no regressions.

Tests which did not succeed, but are not blocking:
 test-amd64-amd64-libvirt     15 migrate-support-check        fail   never pass
 test-arm64-arm64-xl-xsm      15 migrate-support-check        fail   never pass
 test-arm64-arm64-xl-xsm      16 saverestore-support-check    fail   never pass
 test-armhf-armhf-xl          15 migrate-support-check        fail   never pass
 test-armhf-armhf-xl          16 saverestore-support-check    fail   never pass

version targeted for testing:
 xen                  902377b690f42ddf44ae91c4b0751d597f1cd694
baseline version:
 xen                  80c153c48b255bae61948827241c26671207cf4e

Last test of basis   183851  2023-11-24 09:03:53 Z    5 days
Failing since        183871  2023-11-27 14:00:26 Z    2 days   11 attempts
Testing same since   183934  2023-11-29 11:04:12 Z    0 days    1 attempts

------------------------------------------------------------
People who touched revisions under test:
  Alejandro Vallejo <[email protected]>
  Andrew Cooper <[email protected]>
  Federico Serafini <[email protected]>
  Frediano Ziglio <[email protected]>
  Jan Beulich <[email protected]>
  Julien Grall <[email protected]>
  Luca Fancellu <[email protected]>
  Maria Celeste Cesario  <[email protected]>
  Maria Celeste Cesario <[email protected]>
  Michal Orzel <[email protected]>
  Nicola Vetrini <[email protected]>
  Oleksii Kurochko <[email protected]>
  Roger Pau Monne <[email protected]>
  Roger Pau MonnĂ© <[email protected]>
  Shawn Anastasio <[email protected]>
  Simone Ballarin  <[email protected]>
  Simone Ballarin <[email protected]>
  Stefano Stabellini <[email protected]>
  Tamas K Lengyel <[email protected]>

jobs:
 build-arm64-xsm                                              pass    
 build-amd64                                                  pass    
 build-armhf                                                  pass    
 build-amd64-libvirt                                          pass    
 test-armhf-armhf-xl                                          pass    
 test-arm64-arm64-xl-xsm                                      pass    
 test-amd64-amd64-xl-qemuu-debianhvm-amd64                    pass    
 test-amd64-amd64-libvirt                                     pass    


------------------------------------------------------------
sg-report-flight on osstest.test-lab.xenproject.org
logs: /home/logs/logs
images: /home/logs/images

Logs, config files, etc. are available at
    http://logs.test-lab.xenproject.org/osstest/logs

Explanation of these reports, and of osstest in general, is at
    http://xenbits.xen.org/gitweb/?p=osstest.git;a=blob;f=README.email;hb=master
    http://xenbits.xen.org/gitweb/?p=osstest.git;a=blob;f=README;hb=master

Test harness code can be found at
    http://xenbits.xen.org/gitweb?p=osstest.git;a=summary


Pushing revision :

To xenbits.xen.org:/home/xen/git/xen.git
   80c153c48b..902377b690  902377b690f42ddf44ae91c4b0751d597f1cd694 -> smoke

Reply via email to