flight 183884 linux-linus real [real] http://logs.test-lab.xenproject.org/osstest/logs/183884/
Failures :-/ but no regressions. Tests which did not succeed, but are not blocking: test-armhf-armhf-libvirt 16 saverestore-support-check fail like 183859 test-amd64-amd64-xl-qemut-win7-amd64 19 guest-stop fail like 183859 test-amd64-amd64-xl-qemuu-win7-amd64 19 guest-stop fail like 183859 test-amd64-amd64-xl-qemuu-ws16-amd64 19 guest-stop fail like 183859 test-armhf-armhf-libvirt-raw 15 saverestore-support-check fail like 183859 test-amd64-amd64-xl-qemut-ws16-amd64 19 guest-stop fail like 183859 test-armhf-armhf-libvirt-qcow2 15 saverestore-support-check fail like 183859 test-amd64-amd64-qemuu-nested-amd 20 debian-hvm-install/l1/l2 fail like 183859 test-amd64-amd64-libvirt 15 migrate-support-check fail never pass test-amd64-amd64-libvirt-xsm 15 migrate-support-check fail never pass test-arm64-arm64-xl-thunderx 15 migrate-support-check fail never pass test-arm64-arm64-xl-thunderx 16 saverestore-support-check fail never pass test-arm64-arm64-xl-xsm 15 migrate-support-check fail never pass test-arm64-arm64-xl-xsm 16 saverestore-support-check fail never pass test-arm64-arm64-libvirt-xsm 15 migrate-support-check fail never pass test-arm64-arm64-libvirt-xsm 16 saverestore-support-check fail never pass test-arm64-arm64-xl-credit1 15 migrate-support-check fail never pass test-arm64-arm64-xl-credit1 16 saverestore-support-check fail never pass test-arm64-arm64-xl 15 migrate-support-check fail never pass test-arm64-arm64-xl 16 saverestore-support-check fail never pass test-arm64-arm64-xl-credit2 15 migrate-support-check fail never pass test-arm64-arm64-xl-credit2 16 saverestore-support-check fail never pass test-armhf-armhf-xl 15 migrate-support-check fail never pass test-armhf-armhf-xl 16 saverestore-support-check fail never pass test-armhf-armhf-xl-multivcpu 15 migrate-support-check fail never pass test-armhf-armhf-libvirt 15 migrate-support-check fail never pass test-armhf-armhf-xl-multivcpu 16 saverestore-support-check fail never pass test-armhf-armhf-xl-arndale 15 migrate-support-check fail never pass test-armhf-armhf-xl-arndale 16 saverestore-support-check fail never pass test-armhf-armhf-xl-credit1 15 migrate-support-check fail never pass test-armhf-armhf-xl-credit1 16 saverestore-support-check fail never pass test-amd64-amd64-libvirt-raw 14 migrate-support-check fail never pass test-amd64-amd64-libvirt-qcow2 14 migrate-support-check fail never pass test-arm64-arm64-libvirt-raw 14 migrate-support-check fail never pass test-arm64-arm64-libvirt-raw 15 saverestore-support-check fail never pass test-amd64-amd64-libvirt-qemuu-debianhvm-amd64-xsm 13 migrate-support-check fail never pass test-arm64-arm64-xl-vhd 14 migrate-support-check fail never pass test-arm64-arm64-xl-vhd 15 saverestore-support-check fail never pass test-armhf-armhf-libvirt-raw 14 migrate-support-check fail never pass test-armhf-armhf-xl-vhd 14 migrate-support-check fail never pass test-armhf-armhf-xl-vhd 15 saverestore-support-check fail never pass test-armhf-armhf-xl-credit2 15 migrate-support-check fail never pass test-armhf-armhf-xl-credit2 16 saverestore-support-check fail never pass test-armhf-armhf-xl-rtds 15 migrate-support-check fail never pass test-armhf-armhf-xl-rtds 16 saverestore-support-check fail never pass test-armhf-armhf-libvirt-qcow2 14 migrate-support-check fail never pass version targeted for testing: linux df60cee26a2e3d937a319229e335cb3f9c1f16d2 baseline version: linux b46ae77f67874918c540feb1e37a63308b2c9290 Last test of basis 183859 2023-11-25 22:13:34 Z 2 days Failing since 183862 2023-11-26 04:55:31 Z 2 days 7 attempts Testing same since 183884 2023-11-28 08:21:29 Z 0 days 1 attempts ------------------------------------------------------------ People who touched revisions under test: Alexander Stein <[email protected]> Andrea della Porta <[email protected]> Andrew Halaney <[email protected]> Arnd Bergmann <[email protected]> Asuna Yang <[email protected]> Badhri Jagan Sridharan <[email protected]> Borislav Petkov (AMD) <[email protected]> Christophe JAILLET <[email protected]> Chunfeng Yun <[email protected]> Conor Dooley <[email protected]> Dan Carpenter <[email protected]> Dapeng Mi <[email protected]> Francesco Dolcini <[email protected]> Geert Uytterhoeven <[email protected]> Gil Fine <[email protected]> Greg Kroah-Hartman <[email protected]> Hans de Goede <[email protected]> Hans Verkuil <[email protected]> Heikki Krogerus <[email protected]> Heikki Krogeus <[email protected]> Helge Deller <[email protected]> Ingo Molnar <[email protected]> Ivan Ivanov <[email protected]> Johan Hovold <[email protected]> Johan Hovold <[email protected]> Kent Overstreet <[email protected]> Krzysztof Kozlowski <[email protected]> Laurent Pinchart <[email protected]> Lech Perczak <[email protected]> Linus Torvalds <[email protected]> Martin Tůma <[email protected]> Masami Hiramatsu (Google) <[email protected]> Mathias Nyman <[email protected]> Mathieu Desnoyers <[email protected]> Matthias Kaehlcke <[email protected]> Mika Westerberg <[email protected]> Namjae Jeon <[email protected]> Niklas Neronin <[email protected]> Oliver Neukum <[email protected]> Paulo Alcantara (SUSE) <[email protected]> Paulo Alcantara <[email protected]> Pawel Laszczak <[email protected]> Pengfei Xu <[email protected]> Peter Chen <[email protected]> Peter Zijlstra (Intel) <[email protected]> Peter Zijlstra <[email protected]> Puliang Lu <[email protected]> Ricardo Ribalda <[email protected]> Ritvik Budhiraja <[email protected]> Shawn Guo <[email protected]> Stanley Chang <[email protected]> Stefan Eichenberger <[email protected]> Steve French <[email protected]> Steven Rostedt (Google) <[email protected]> Thinh Nguyen <[email protected]> Victor Fragoso <[email protected]> Wentong Wu <[email protected]> Will McVicker <[email protected]> Yangyu Chen <[email protected]> Zongmin Zhou <[email protected]> Zongmin Zhou<[email protected]> jobs: build-amd64-xsm pass build-arm64-xsm pass build-i386-xsm pass build-amd64 pass build-arm64 pass build-armhf pass build-i386 pass build-amd64-libvirt pass build-arm64-libvirt pass build-armhf-libvirt pass build-i386-libvirt pass build-amd64-pvops pass build-arm64-pvops pass build-armhf-pvops pass build-i386-pvops pass test-amd64-amd64-xl pass test-amd64-coresched-amd64-xl pass test-arm64-arm64-xl pass test-armhf-armhf-xl pass test-amd64-amd64-libvirt-qemuu-debianhvm-amd64-xsm pass test-amd64-amd64-xl-qemut-stubdom-debianhvm-amd64-xsm pass test-amd64-amd64-xl-qemut-debianhvm-i386-xsm pass test-amd64-amd64-xl-qemuu-debianhvm-i386-xsm pass test-amd64-amd64-libvirt-xsm pass test-arm64-arm64-libvirt-xsm pass test-amd64-amd64-xl-xsm pass test-arm64-arm64-xl-xsm pass test-amd64-amd64-qemuu-nested-amd fail test-amd64-amd64-xl-pvhv2-amd pass test-amd64-amd64-dom0pvh-xl-amd pass test-amd64-amd64-xl-qemut-debianhvm-amd64 pass test-amd64-amd64-xl-qemuu-debianhvm-amd64 pass test-amd64-amd64-freebsd11-amd64 pass test-amd64-amd64-freebsd12-amd64 pass test-amd64-amd64-xl-qemuu-ovmf-amd64 pass test-amd64-amd64-xl-qemut-win7-amd64 fail test-amd64-amd64-xl-qemuu-win7-amd64 fail test-amd64-amd64-xl-qemut-ws16-amd64 fail test-amd64-amd64-xl-qemuu-ws16-amd64 fail test-armhf-armhf-xl-arndale pass test-amd64-amd64-examine-bios pass test-amd64-amd64-xl-credit1 pass test-arm64-arm64-xl-credit1 pass test-armhf-armhf-xl-credit1 pass test-amd64-amd64-xl-credit2 pass test-arm64-arm64-xl-credit2 pass test-armhf-armhf-xl-credit2 pass test-amd64-amd64-xl-qemuu-dmrestrict-amd64-dmrestrict pass test-amd64-amd64-examine pass test-arm64-arm64-examine pass test-armhf-armhf-examine pass test-amd64-amd64-qemuu-nested-intel pass test-amd64-amd64-xl-pvhv2-intel pass test-amd64-amd64-dom0pvh-xl-intel pass test-amd64-amd64-libvirt pass test-armhf-armhf-libvirt pass test-amd64-amd64-xl-multivcpu pass test-armhf-armhf-xl-multivcpu pass test-amd64-amd64-pair pass test-amd64-amd64-libvirt-pair pass test-amd64-amd64-xl-pvshim pass test-amd64-amd64-pygrub pass test-amd64-amd64-libvirt-qcow2 pass test-armhf-armhf-libvirt-qcow2 pass test-amd64-amd64-libvirt-raw pass test-arm64-arm64-libvirt-raw pass test-armhf-armhf-libvirt-raw pass test-amd64-amd64-xl-rtds pass test-armhf-armhf-xl-rtds pass test-amd64-amd64-xl-qemuu-debianhvm-amd64-shadow pass test-amd64-amd64-xl-shadow pass test-arm64-arm64-xl-thunderx pass test-amd64-amd64-examine-uefi pass test-amd64-amd64-xl-vhd pass test-arm64-arm64-xl-vhd pass test-armhf-armhf-xl-vhd pass ------------------------------------------------------------ sg-report-flight on osstest.test-lab.xenproject.org logs: /home/logs/logs images: /home/logs/images Logs, config files, etc. are available at http://logs.test-lab.xenproject.org/osstest/logs Explanation of these reports, and of osstest in general, is at http://xenbits.xen.org/gitweb/?p=osstest.git;a=blob;f=README.email;hb=master http://xenbits.xen.org/gitweb/?p=osstest.git;a=blob;f=README;hb=master Test harness code can be found at http://xenbits.xen.org/gitweb?p=osstest.git;a=summary Pushing revision : hint: The 'hooks/update' hook was ignored because it's not set as executable. hint: You can disable this warning with `git config advice.ignoredHook false`. hint: The 'hooks/post-receive' hook was ignored because it's not set as executable. hint: You can disable this warning with `git config advice.ignoredHook false`. hint: The 'hooks/post-update' hook was ignored because it's not set as executable. hint: You can disable this warning with `git config advice.ignoredHook false`. To xenbits.xen.org:/home/xen/git/linux-pvops.git b46ae77f6787..df60cee26a2e df60cee26a2e3d937a319229e335cb3f9c1f16d2 -> tested/linux-linus
