flight 183803 linux-5.4 real [real] http://logs.test-lab.xenproject.org/osstest/logs/183803/
Failures :-/ but no regressions. Tests which are failing intermittently (not blocking): test-armhf-armhf-xl-credit1 14 guest-start fail in 183797 pass in 183803 test-amd64-i386-xl-qemuu-debianhvm-i386-xsm 12 debian-hvm-install fail in 183797 pass in 183803 test-arm64-arm64-libvirt-raw 17 guest-start/debian.repeat fail in 183797 pass in 183803 test-amd64-i386-qemuu-rhel6hvm-amd 14 guest-start/redhat.repeat fail pass in 183797 Tests which did not succeed, but are not blocking: test-armhf-armhf-xl-multivcpu 18 guest-start/debian.repeat fail in 183797 like 183714 test-armhf-armhf-libvirt 16 saverestore-support-check fail like 183714 test-amd64-i386-xl-qemut-win7-amd64 19 guest-stop fail like 183714 test-amd64-amd64-xl-qemuu-win7-amd64 19 guest-stop fail like 183714 test-amd64-i386-xl-qemuu-win7-amd64 19 guest-stop fail like 183714 test-armhf-armhf-xl-credit2 18 guest-start/debian.repeat fail like 183714 test-amd64-amd64-xl-qemut-win7-amd64 19 guest-stop fail like 183714 test-amd64-amd64-xl-qemuu-ws16-amd64 19 guest-stop fail like 183714 test-armhf-armhf-libvirt-raw 15 saverestore-support-check fail like 183714 test-amd64-amd64-xl-qemut-ws16-amd64 19 guest-stop fail like 183714 test-amd64-i386-xl-qemut-ws16-amd64 19 guest-stop fail like 183714 test-armhf-armhf-libvirt-qcow2 15 saverestore-support-check fail like 183714 test-amd64-i386-xl-qemuu-ws16-amd64 19 guest-stop fail like 183714 test-amd64-amd64-qemuu-nested-amd 20 debian-hvm-install/l1/l2 fail like 183714 test-amd64-i386-xl-pvshim 14 guest-start fail never pass test-amd64-i386-libvirt-xsm 15 migrate-support-check fail never pass test-amd64-i386-libvirt 15 migrate-support-check fail never pass test-amd64-amd64-libvirt-xsm 15 migrate-support-check fail never pass test-amd64-i386-libvirt-qemuu-debianhvm-amd64-xsm 13 migrate-support-check fail never pass test-amd64-i386-libvirt-raw 14 migrate-support-check fail never pass test-arm64-arm64-xl 15 migrate-support-check fail never pass test-arm64-arm64-xl 16 saverestore-support-check fail never pass test-amd64-amd64-libvirt-vhd 14 migrate-support-check fail never pass test-arm64-arm64-xl-xsm 15 migrate-support-check fail never pass test-arm64-arm64-xl-xsm 16 saverestore-support-check fail never pass test-arm64-arm64-libvirt-xsm 15 migrate-support-check fail never pass test-arm64-arm64-libvirt-xsm 16 saverestore-support-check fail never pass test-arm64-arm64-xl-credit2 15 migrate-support-check fail never pass test-arm64-arm64-xl-credit2 16 saverestore-support-check fail never pass test-arm64-arm64-xl-credit1 15 migrate-support-check fail never pass test-arm64-arm64-xl-credit1 16 saverestore-support-check fail never pass test-arm64-arm64-xl-thunderx 15 migrate-support-check fail never pass test-arm64-arm64-xl-thunderx 16 saverestore-support-check fail never pass test-armhf-armhf-xl-multivcpu 15 migrate-support-check fail never pass test-armhf-armhf-xl-multivcpu 16 saverestore-support-check fail never pass test-amd64-amd64-libvirt-qemuu-debianhvm-amd64-xsm 13 migrate-support-check fail never pass test-armhf-armhf-xl 15 migrate-support-check fail never pass test-armhf-armhf-xl-arndale 15 migrate-support-check fail never pass test-armhf-armhf-xl 16 saverestore-support-check fail never pass test-armhf-armhf-xl-arndale 16 saverestore-support-check fail never pass test-armhf-armhf-xl-credit1 15 migrate-support-check fail never pass test-armhf-armhf-xl-credit1 16 saverestore-support-check fail never pass test-armhf-armhf-libvirt 15 migrate-support-check fail never pass test-armhf-armhf-xl-credit2 15 migrate-support-check fail never pass test-armhf-armhf-xl-rtds 15 migrate-support-check fail never pass test-armhf-armhf-xl-credit2 16 saverestore-support-check fail never pass test-armhf-armhf-xl-rtds 16 saverestore-support-check fail never pass test-arm64-arm64-libvirt-raw 14 migrate-support-check fail never pass test-arm64-arm64-libvirt-raw 15 saverestore-support-check fail never pass test-arm64-arm64-xl-vhd 14 migrate-support-check fail never pass test-arm64-arm64-xl-vhd 15 saverestore-support-check fail never pass test-amd64-amd64-libvirt 15 migrate-support-check fail never pass test-armhf-armhf-libvirt-raw 14 migrate-support-check fail never pass test-armhf-armhf-libvirt-qcow2 14 migrate-support-check fail never pass test-armhf-armhf-xl-vhd 14 migrate-support-check fail never pass test-armhf-armhf-xl-vhd 15 saverestore-support-check fail never pass version targeted for testing: linux ef379773e2e76d6470a907ae36c3d12f65a6ecdb baseline version: linux 87e8e7a7aa1f96276252a90373de1d56add31918 Last test of basis 183714 2023-11-08 10:46:25 Z 12 days Testing same since 183797 2023-11-20 09:44:45 Z 1 days 2 attempts ------------------------------------------------------------ People who touched revisions under test: Aananth V <[email protected]> Abel Vesa <[email protected]> Aleksandr Loktionov <[email protected]> Alex Deucher <[email protected]> Alexander A. Klimov <[email protected]> Alexandre Belloni <[email protected]> Alexandru Ardelean <[email protected]> Amadeusz Sławiński <[email protected]> Amit Kumar Mahapatra <[email protected]> Andrii Staikov <[email protected]> Armin Wolf <[email protected]> Arnd Bergmann <[email protected]> Arseniy Velikanov <[email protected]> Barnabás Pőcze <[email protected]> Ben Wolsieffer <[email protected]> Benjamin Gray <[email protected]> Bjorn Andersson <[email protected]> Bjorn Andersson <[email protected]> Cezary Rojewski <[email protected]> Chao Yu <[email protected]> Chen Ni <[email protected]> Chen Yu <[email protected]> Chenyuan Mi <[email protected]> Christian Brauner <[email protected]> Christophe JAILLET <[email protected]> D. Wythe <[email protected]> Dan Carpenter <[email protected]> Daniel Mentz <[email protected]> Danila Tikhonov <[email protected]> Danny Kaehn <[email protected]> David S. Miller <[email protected]> David Sterba <[email protected]> Dennis Dalessandro <[email protected]> Devi Priya <[email protected]> Dhruva Gole <[email protected]> Dinghao Liu <[email protected]> Dmitry Antipov <[email protected]> Dmitry Baryshkov <[email protected]> Dmitry Torokhov <[email protected]> Dominik Brodowski <[email protected]> Dominique Martinet <[email protected]> Eric Dumazet <[email protected]> Erik Kurzinger <[email protected]> Felix Fietkau <[email protected]> Filipe Manana <[email protected]> Florian Fainelli <[email protected]> Florian Westphal <[email protected]> Furong Xu <[email protected]> Gaurav Jain <[email protected]> Geert Uytterhoeven <[email protected]> George Shuklin <[email protected]> Gou Hao <[email protected]> Greg Kroah-Hartman <[email protected]> Guenter Roeck <[email protected]> GUO Zihua <[email protected]> Hans de Goede <[email protected]> Hans Verkuil <[email protected]> Harshit Mogalapalli <[email protected]> Heiko Stuebner <[email protected]> Heiner Kallweit <[email protected]> Helge Deller <[email protected]> Herbert Xu <[email protected]> Ilpo Järvinen <[email protected]> Ingo Molnar <[email protected]> Ira Weiny <[email protected]> Jaegeuk Kim <[email protected]> Jakub Kicinski <[email protected]> Javier Carrasco <[email protected]> Jeff LaBundy <[email protected]> Jeremy Sowden <[email protected]> Jia-Ju Bai <[email protected]> Jiasheng Jiang <[email protected]> Jinjie Ruan <[email protected]> Jiri Kosina <[email protected]> John Paul Adrian Glaubitz <[email protected]> Jonas Blixt <[email protected]> Jonas Gorski <[email protected]> Jonas Karlman <[email protected]> Jonathan Cameron <[email protected]> Jonathan Neuschäfer <[email protected]> Juhee Kang <[email protected]> Kalle Valo <[email protected]> Katya Orlova <[email protected]> Konstantin Meskhidze <[email protected]> Krzysztof Kozlowski <[email protected]> Kuninori Morimoto <[email protected]> Kuniyuki Iwashima <[email protected]> Kursad Oney <[email protected]> Lee Jones <[email protected]> Lee Jones <[email protected]> Leon Romanovsky <[email protected]> Leon Romanovsky <[email protected]> Linus Walleij <[email protected]> Linux Kernel Functional Testing <[email protected]> Maciej Żenczykowski <[email protected]> Marc Kleine-Budde <[email protected]> Mark Brown <[email protected]> Martin K. Petersen <[email protected]> Masahiro Yamada <[email protected]> Matti Vaittinen <[email protected]> Michael Ellerman <[email protected]> Neal Cardwell <[email protected]> NeilBrown <[email protected]> Nishanth Menon <[email protected]> Pablo Neira Ayuso <[email protected]> Paolo Abeni <[email protected]> Patrick Thompson <[email protected]> Paul Moore <[email protected]> Pavel Machek <[email protected]> Peter Ujfalusi <[email protected]> Ping-Ke Shih <[email protected]> Radhey Shyam Pandey <[email protected]> Rafael J. Wysocki <[email protected]> Randy Dunlap <[email protected]> Reuben Hawkins <[email protected]> Rob Herring <[email protected]> Russell King (Oracle) <[email protected]> Santosh Shilimkar <[email protected]> Sasha Levin <[email protected]> Sebastian Andrzej Siewior <[email protected]> Shigeru Yoshida <[email protected]> Shuah Khan <[email protected]> Simon Ser <[email protected]> Stephen Boyd <[email protected]> Sudeep Holla <[email protected]> Theodore Ts'o <[email protected]> Thierry Reding <[email protected]> Thomas Gleixner <[email protected]> Timur I. Davletshin <[email protected]> Tomas Glozar <[email protected]> Tony Nguyen <[email protected]> Ulf Hansson <[email protected]> Uwe Kleine-König <[email protected]> Uwe Kleine-König <[email protected]> Vinod Koul <[email protected]> Vivek Gautam <[email protected]> Wang Yufen <[email protected]> Willem de Bruijn <[email protected]> Yan Zhai <[email protected]> Yang Yingliang <[email protected]> Yi Yang <[email protected]> Yuchung Cheng <[email protected]> Zhang Rui <[email protected]> Zheng Wang <[email protected]> jobs: build-amd64-xsm pass build-arm64-xsm pass build-i386-xsm pass build-amd64 pass build-arm64 pass build-armhf pass build-i386 pass build-amd64-libvirt pass build-arm64-libvirt pass build-armhf-libvirt pass build-i386-libvirt pass build-amd64-pvops pass build-arm64-pvops pass build-armhf-pvops pass build-i386-pvops pass test-amd64-amd64-xl pass test-amd64-coresched-amd64-xl pass test-arm64-arm64-xl pass test-armhf-armhf-xl pass test-amd64-i386-xl pass test-amd64-coresched-i386-xl pass test-amd64-amd64-libvirt-qemuu-debianhvm-amd64-xsm pass test-amd64-i386-libvirt-qemuu-debianhvm-amd64-xsm pass test-amd64-amd64-xl-qemut-stubdom-debianhvm-amd64-xsm pass test-amd64-i386-xl-qemut-stubdom-debianhvm-amd64-xsm pass test-amd64-amd64-xl-qemut-debianhvm-i386-xsm pass test-amd64-i386-xl-qemut-debianhvm-i386-xsm pass test-amd64-amd64-xl-qemuu-debianhvm-i386-xsm pass test-amd64-i386-xl-qemuu-debianhvm-i386-xsm pass test-amd64-amd64-libvirt-xsm pass test-arm64-arm64-libvirt-xsm pass test-amd64-i386-libvirt-xsm pass test-amd64-amd64-xl-xsm pass test-arm64-arm64-xl-xsm pass test-amd64-i386-xl-xsm pass test-amd64-amd64-qemuu-nested-amd fail test-amd64-amd64-xl-pvhv2-amd pass test-amd64-i386-qemut-rhel6hvm-amd pass test-amd64-i386-qemuu-rhel6hvm-amd fail test-amd64-amd64-dom0pvh-xl-amd pass test-amd64-amd64-xl-qemut-debianhvm-amd64 pass test-amd64-i386-xl-qemut-debianhvm-amd64 pass test-amd64-amd64-xl-qemuu-debianhvm-amd64 pass test-amd64-i386-xl-qemuu-debianhvm-amd64 pass test-amd64-i386-freebsd10-amd64 pass test-amd64-amd64-qemuu-freebsd11-amd64 pass test-amd64-amd64-qemuu-freebsd12-amd64 pass test-amd64-amd64-xl-qemuu-ovmf-amd64 pass test-amd64-i386-xl-qemuu-ovmf-amd64 pass test-amd64-amd64-xl-qemut-win7-amd64 fail test-amd64-i386-xl-qemut-win7-amd64 fail test-amd64-amd64-xl-qemuu-win7-amd64 fail test-amd64-i386-xl-qemuu-win7-amd64 fail test-amd64-amd64-xl-qemut-ws16-amd64 fail test-amd64-i386-xl-qemut-ws16-amd64 fail test-amd64-amd64-xl-qemuu-ws16-amd64 fail test-amd64-i386-xl-qemuu-ws16-amd64 fail test-armhf-armhf-xl-arndale pass test-amd64-amd64-examine-bios pass test-amd64-i386-examine-bios pass test-amd64-amd64-xl-credit1 pass test-arm64-arm64-xl-credit1 pass test-armhf-armhf-xl-credit1 pass test-amd64-amd64-xl-credit2 pass test-arm64-arm64-xl-credit2 pass test-armhf-armhf-xl-credit2 fail test-amd64-amd64-xl-qemuu-dmrestrict-amd64-dmrestrict pass test-amd64-i386-xl-qemuu-dmrestrict-amd64-dmrestrict pass test-amd64-amd64-examine pass test-arm64-arm64-examine pass test-armhf-armhf-examine pass test-amd64-i386-examine pass test-amd64-i386-freebsd10-i386 pass test-amd64-amd64-qemuu-nested-intel pass test-amd64-amd64-xl-pvhv2-intel pass test-amd64-i386-qemut-rhel6hvm-intel pass test-amd64-i386-qemuu-rhel6hvm-intel pass test-amd64-amd64-dom0pvh-xl-intel pass test-amd64-amd64-libvirt pass test-armhf-armhf-libvirt pass test-amd64-i386-libvirt pass test-amd64-amd64-xl-multivcpu pass test-armhf-armhf-xl-multivcpu pass test-amd64-amd64-pair pass test-amd64-i386-pair pass test-amd64-amd64-libvirt-pair pass test-amd64-i386-libvirt-pair pass test-amd64-amd64-xl-pvshim pass test-amd64-i386-xl-pvshim fail test-amd64-amd64-pygrub pass test-armhf-armhf-libvirt-qcow2 pass test-amd64-amd64-xl-qcow2 pass test-arm64-arm64-libvirt-raw pass test-armhf-armhf-libvirt-raw pass test-amd64-i386-libvirt-raw pass test-amd64-amd64-xl-rtds pass test-armhf-armhf-xl-rtds pass test-amd64-amd64-xl-qemuu-debianhvm-amd64-shadow pass test-amd64-i386-xl-qemuu-debianhvm-amd64-shadow pass test-amd64-amd64-xl-shadow pass test-amd64-i386-xl-shadow pass test-arm64-arm64-xl-thunderx pass test-amd64-amd64-examine-uefi pass test-amd64-i386-examine-uefi pass test-amd64-amd64-libvirt-vhd pass test-arm64-arm64-xl-vhd pass test-armhf-armhf-xl-vhd pass test-amd64-i386-xl-vhd pass ------------------------------------------------------------ sg-report-flight on osstest.test-lab.xenproject.org logs: /home/logs/logs images: /home/logs/images Logs, config files, etc. are available at http://logs.test-lab.xenproject.org/osstest/logs Explanation of these reports, and of osstest in general, is at http://xenbits.xen.org/gitweb/?p=osstest.git;a=blob;f=README.email;hb=master http://xenbits.xen.org/gitweb/?p=osstest.git;a=blob;f=README;hb=master Test harness code can be found at http://xenbits.xen.org/gitweb?p=osstest.git;a=summary Pushing revision : hint: The 'hooks/update' hook was ignored because it's not set as executable. hint: You can disable this warning with `git config advice.ignoredHook false`. hint: The 'hooks/post-receive' hook was ignored because it's not set as executable. hint: You can disable this warning with `git config advice.ignoredHook false`. hint: The 'hooks/post-update' hook was ignored because it's not set as executable. hint: You can disable this warning with `git config advice.ignoredHook false`. To xenbits.xen.org:/home/xen/git/linux-pvops.git 87e8e7a7aa1f..ef379773e2e7 ef379773e2e76d6470a907ae36c3d12f65a6ecdb -> tested/linux-5.4
