flight 183773 linux-linus real [real]
http://logs.test-lab.xenproject.org/osstest/logs/183773/

Regressions :-(

Tests which did not succeed and are blocking,
including tests which could not be run:
 test-arm64-arm64-examine      8 reboot                   fail REGR. vs. 183766
 test-arm64-arm64-libvirt-xsm  8 xen-boot                 fail REGR. vs. 183766
 test-arm64-arm64-xl-thunderx  8 xen-boot                 fail REGR. vs. 183766
 test-arm64-arm64-xl           8 xen-boot                 fail REGR. vs. 183766
 test-arm64-arm64-xl-credit2   8 xen-boot                 fail REGR. vs. 183766
 test-arm64-arm64-libvirt-raw  8 xen-boot                 fail REGR. vs. 183766
 test-arm64-arm64-xl-credit1   8 xen-boot                 fail REGR. vs. 183766
 test-arm64-arm64-xl-vhd       8 xen-boot                 fail REGR. vs. 183766
 test-arm64-arm64-xl-xsm       8 xen-boot                 fail REGR. vs. 183766
 test-amd64-amd64-freebsd12-amd64 16 guest-saverestore    fail REGR. vs. 183766

Tests which did not succeed, but are not blocking:
 test-amd64-amd64-xl-qemut-win7-amd64 19 guest-stop            fail like 183766
 test-amd64-amd64-xl-qemuu-win7-amd64 19 guest-stop            fail like 183766
 test-amd64-amd64-xl-qemuu-ws16-amd64 19 guest-stop            fail like 183766
 test-armhf-armhf-libvirt-raw 15 saverestore-support-check    fail  like 183766
 test-armhf-armhf-libvirt     16 saverestore-support-check    fail  like 183766
 test-amd64-amd64-xl-qemut-ws16-amd64 19 guest-stop            fail like 183766
 test-armhf-armhf-libvirt-qcow2 15 saverestore-support-check   fail like 183766
 test-amd64-amd64-qemuu-nested-amd 20 debian-hvm-install/l1/l2 fail like 183766
 test-amd64-amd64-libvirt     15 migrate-support-check        fail   never pass
 test-amd64-amd64-libvirt-xsm 15 migrate-support-check        fail   never pass
 test-amd64-amd64-libvirt-qemuu-debianhvm-amd64-xsm 13 migrate-support-check 
fail never pass
 test-armhf-armhf-xl-credit2  15 migrate-support-check        fail   never pass
 test-armhf-armhf-xl-credit2  16 saverestore-support-check    fail   never pass
 test-armhf-armhf-xl          15 migrate-support-check        fail   never pass
 test-armhf-armhf-xl          16 saverestore-support-check    fail   never pass
 test-armhf-armhf-xl-multivcpu 15 migrate-support-check        fail  never pass
 test-armhf-armhf-xl-multivcpu 16 saverestore-support-check    fail  never pass
 test-armhf-armhf-xl-rtds     15 migrate-support-check        fail   never pass
 test-armhf-armhf-xl-rtds     16 saverestore-support-check    fail   never pass
 test-amd64-amd64-libvirt-qcow2 14 migrate-support-check        fail never pass
 test-armhf-armhf-xl-arndale  15 migrate-support-check        fail   never pass
 test-armhf-armhf-xl-arndale  16 saverestore-support-check    fail   never pass
 test-amd64-amd64-libvirt-raw 14 migrate-support-check        fail   never pass
 test-armhf-armhf-libvirt-raw 14 migrate-support-check        fail   never pass
 test-armhf-armhf-xl-vhd      14 migrate-support-check        fail   never pass
 test-armhf-armhf-xl-vhd      15 saverestore-support-check    fail   never pass
 test-armhf-armhf-xl-credit1  15 migrate-support-check        fail   never pass
 test-armhf-armhf-xl-credit1  16 saverestore-support-check    fail   never pass
 test-armhf-armhf-libvirt     15 migrate-support-check        fail   never pass
 test-armhf-armhf-libvirt-qcow2 14 migrate-support-check        fail never pass

version targeted for testing:
 linux                7475e51b87969e01a6812eac713a1c8310372e8a
baseline version:
 linux                c42d9eeef8e5ba9292eda36fd8e3c11f35ee065c

Last test of basis   183766  2023-11-15 17:14:16 Z    1 days
Testing same since   183773  2023-11-16 13:12:48 Z    0 days    1 attempts

------------------------------------------------------------
People who touched revisions under test:
  "Michael S. Tsirkin" <[email protected]>
  Aleksandr Loktionov <[email protected]>
  Alex Pakhunov <[email protected]>
  Alexei Starovoitov <[email protected]>
  Alistair Francis <[email protected]>
  Anders Roxell <[email protected]>
  Andrii Nakryiko <[email protected]>
  Arkadiusz Kubalewski <[email protected]>
  Arpana Arland <[email protected]> (A Contingent worker at Intel)
  Baruch Siach <[email protected]>
  Björn Töpel <[email protected]>
  ChunHao Lin <[email protected]>
  Clément Léger <[email protected]>
  Dan Carpenter <[email protected]>
  Dan Nowlin <[email protected]>
  David S. Miller <[email protected]>
  David Woodhouse <[email protected]>
  Dust Li <[email protected]>
  Eduard Zingerman <[email protected]>
  Erez Shitrit <[email protected]>
  Eric Dumazet <[email protected]>
  Eugenio Pérez <[email protected]>
  Gal Pressman <[email protected]>
  Gavin Li <[email protected]>
  Geliang Tang <[email protected]>
  Hou Tao <[email protected]>
  Itamar Gozlan <[email protected]>
  Jakub Kicinski <[email protected]>
  Jakub Sitnicki <[email protected]>
  Jan Kiszka <[email protected]>
  Jason Andryuk <[email protected]>
  Jason Wang <[email protected]>
  Jay Vosburgh <[email protected]>
  Jian Shen <[email protected]>
  Jianbo Liu <[email protected]>
  Jijie Shao <[email protected]>
  Johnathan Mantey <[email protected]>
  Jozsef Kadlecsik <[email protected]>
  Juergen Gross <[email protected]>
  Linkui Xiao <[email protected]>
  Linus Torvalds <[email protected]>
  Linus Walleij <[email protected]>
  Lorenzo Bianconi <[email protected]>
  Maciej Fijalkowski <[email protected]>
  Maher Sanalla <[email protected]>
  Marek Behún <[email protected]>
  Matthieu Baerts <[email protected]>
  MD Danish Anwar <[email protected]>
  Michael S. Tsirkin <[email protected]>
  Niklas Söderlund <[email protected]>
  Pablo Neira Ayuso <[email protected]>
  Paolo Abeni <[email protected]>
  Paul Greenwalt <[email protected]>
  Rahul Rameshbabu <[email protected]>
  Randy Dunlap <[email protected]>
  Ravi Gunasekaran <[email protected]>
  Richard Cochran <[email protected]>
  Roger Pau Monne <[email protected]>
  Roger Pau Monné <[email protected]>
  Saeed Mahameed <[email protected]>
  Shannon Nelson <[email protected]>
  Shigeru Yoshida <[email protected]>
  Stanislav Fomichev <[email protected]>
  Stefano Garzarella <[email protected]>
  Stefano Stabellini <[email protected]>
  Sunitha Mekala <[email protected]> (A Contingent worker at Intel)
  Sven Auhagen <[email protected]>
  Tony Nguyen <[email protected]>
  Vincent Wong <[email protected]>
  Vlad Buslov <[email protected]>
  Willem de Bruijn <[email protected]>
  Xin Long <[email protected]>
  Yang Li <[email protected]>
  Yonghong Song <[email protected]>
  Yonglong Liu <[email protected]>
  Yuran Pereira <[email protected]>
  Ziwei Xiao <[email protected]>

jobs:
 build-amd64-xsm                                              pass    
 build-arm64-xsm                                              pass    
 build-i386-xsm                                               pass    
 build-amd64                                                  pass    
 build-arm64                                                  pass    
 build-armhf                                                  pass    
 build-i386                                                   pass    
 build-amd64-libvirt                                          pass    
 build-arm64-libvirt                                          pass    
 build-armhf-libvirt                                          pass    
 build-i386-libvirt                                           pass    
 build-amd64-pvops                                            pass    
 build-arm64-pvops                                            pass    
 build-armhf-pvops                                            pass    
 build-i386-pvops                                             pass    
 test-amd64-amd64-xl                                          pass    
 test-amd64-coresched-amd64-xl                                pass    
 test-arm64-arm64-xl                                          fail    
 test-armhf-armhf-xl                                          pass    
 test-amd64-amd64-libvirt-qemuu-debianhvm-amd64-xsm           pass    
 test-amd64-amd64-xl-qemut-stubdom-debianhvm-amd64-xsm        pass    
 test-amd64-amd64-xl-qemut-debianhvm-i386-xsm                 pass    
 test-amd64-amd64-xl-qemuu-debianhvm-i386-xsm                 pass    
 test-amd64-amd64-libvirt-xsm                                 pass    
 test-arm64-arm64-libvirt-xsm                                 fail    
 test-amd64-amd64-xl-xsm                                      pass    
 test-arm64-arm64-xl-xsm                                      fail    
 test-amd64-amd64-qemuu-nested-amd                            fail    
 test-amd64-amd64-xl-pvhv2-amd                                pass    
 test-amd64-amd64-dom0pvh-xl-amd                              pass    
 test-amd64-amd64-xl-qemut-debianhvm-amd64                    pass    
 test-amd64-amd64-xl-qemuu-debianhvm-amd64                    pass    
 test-amd64-amd64-freebsd11-amd64                             pass    
 test-amd64-amd64-freebsd12-amd64                             fail    
 test-amd64-amd64-xl-qemuu-ovmf-amd64                         pass    
 test-amd64-amd64-xl-qemut-win7-amd64                         fail    
 test-amd64-amd64-xl-qemuu-win7-amd64                         fail    
 test-amd64-amd64-xl-qemut-ws16-amd64                         fail    
 test-amd64-amd64-xl-qemuu-ws16-amd64                         fail    
 test-armhf-armhf-xl-arndale                                  pass    
 test-amd64-amd64-examine-bios                                pass    
 test-amd64-amd64-xl-credit1                                  pass    
 test-arm64-arm64-xl-credit1                                  fail    
 test-armhf-armhf-xl-credit1                                  pass    
 test-amd64-amd64-xl-credit2                                  pass    
 test-arm64-arm64-xl-credit2                                  fail    
 test-armhf-armhf-xl-credit2                                  pass    
 test-amd64-amd64-xl-qemuu-dmrestrict-amd64-dmrestrict        pass    
 test-amd64-amd64-examine                                     pass    
 test-arm64-arm64-examine                                     fail    
 test-armhf-armhf-examine                                     pass    
 test-amd64-amd64-qemuu-nested-intel                          pass    
 test-amd64-amd64-xl-pvhv2-intel                              pass    
 test-amd64-amd64-dom0pvh-xl-intel                            pass    
 test-amd64-amd64-libvirt                                     pass    
 test-armhf-armhf-libvirt                                     pass    
 test-amd64-amd64-xl-multivcpu                                pass    
 test-armhf-armhf-xl-multivcpu                                pass    
 test-amd64-amd64-pair                                        pass    
 test-amd64-amd64-libvirt-pair                                pass    
 test-amd64-amd64-xl-pvshim                                   pass    
 test-amd64-amd64-pygrub                                      pass    
 test-amd64-amd64-libvirt-qcow2                               pass    
 test-armhf-armhf-libvirt-qcow2                               pass    
 test-amd64-amd64-libvirt-raw                                 pass    
 test-arm64-arm64-libvirt-raw                                 fail    
 test-armhf-armhf-libvirt-raw                                 pass    
 test-amd64-amd64-xl-rtds                                     pass    
 test-armhf-armhf-xl-rtds                                     pass    
 test-amd64-amd64-xl-qemuu-debianhvm-amd64-shadow             pass    
 test-amd64-amd64-xl-shadow                                   pass    
 test-arm64-arm64-xl-thunderx                                 fail    
 test-amd64-amd64-examine-uefi                                pass    
 test-amd64-amd64-xl-vhd                                      pass    
 test-arm64-arm64-xl-vhd                                      fail    
 test-armhf-armhf-xl-vhd                                      pass    


------------------------------------------------------------
sg-report-flight on osstest.test-lab.xenproject.org
logs: /home/logs/logs
images: /home/logs/images

Logs, config files, etc. are available at
    http://logs.test-lab.xenproject.org/osstest/logs

Explanation of these reports, and of osstest in general, is at
    http://xenbits.xen.org/gitweb/?p=osstest.git;a=blob;f=README.email;hb=master
    http://xenbits.xen.org/gitweb/?p=osstest.git;a=blob;f=README;hb=master

Test harness code can be found at
    http://xenbits.xen.org/gitweb?p=osstest.git;a=summary


Not pushing.

(No revision log; it would be 3427 lines long.)

Reply via email to