flight 183544 linux-linus real [real]
flight 183550 linux-linus real-retest [real]
http://logs.test-lab.xenproject.org/osstest/logs/183544/
http://logs.test-lab.xenproject.org/osstest/logs/183550/

Failures :-/ but no regressions.

Tests which are failing intermittently (not blocking):
 test-armhf-armhf-libvirt      8 xen-boot            fail pass in 183550-retest

Tests which did not succeed, but are not blocking:
 test-armhf-armhf-libvirt 16 saverestore-support-check fail in 183550 like 
183530
 test-armhf-armhf-libvirt    15 migrate-support-check fail in 183550 never pass
 test-amd64-amd64-xl-qemut-win7-amd64 19 guest-stop            fail like 183530
 test-amd64-amd64-xl-qemuu-win7-amd64 19 guest-stop            fail like 183530
 test-armhf-armhf-libvirt-qcow2 15 saverestore-support-check   fail like 183530
 test-amd64-amd64-xl-qemuu-ws16-amd64 19 guest-stop            fail like 183530
 test-armhf-armhf-libvirt-raw 15 saverestore-support-check    fail  like 183530
 test-amd64-amd64-xl-qemut-ws16-amd64 19 guest-stop            fail like 183530
 test-amd64-amd64-qemuu-nested-amd 20 debian-hvm-install/l1/l2 fail like 183530
 test-amd64-amd64-libvirt     15 migrate-support-check        fail   never pass
 test-amd64-amd64-libvirt-xsm 15 migrate-support-check        fail   never pass
 test-arm64-arm64-xl-thunderx 15 migrate-support-check        fail   never pass
 test-arm64-arm64-xl          15 migrate-support-check        fail   never pass
 test-arm64-arm64-xl-thunderx 16 saverestore-support-check    fail   never pass
 test-arm64-arm64-xl-credit1  15 migrate-support-check        fail   never pass
 test-arm64-arm64-xl          16 saverestore-support-check    fail   never pass
 test-arm64-arm64-xl-credit1  16 saverestore-support-check    fail   never pass
 test-arm64-arm64-libvirt-xsm 15 migrate-support-check        fail   never pass
 test-arm64-arm64-libvirt-xsm 16 saverestore-support-check    fail   never pass
 test-arm64-arm64-xl-xsm      15 migrate-support-check        fail   never pass
 test-arm64-arm64-xl-xsm      16 saverestore-support-check    fail   never pass
 test-arm64-arm64-xl-credit2  15 migrate-support-check        fail   never pass
 test-arm64-arm64-xl-credit2  16 saverestore-support-check    fail   never pass
 test-amd64-amd64-libvirt-qemuu-debianhvm-amd64-xsm 13 migrate-support-check 
fail never pass
 test-armhf-armhf-xl-multivcpu 15 migrate-support-check        fail  never pass
 test-armhf-armhf-xl-multivcpu 16 saverestore-support-check    fail  never pass
 test-armhf-armhf-xl-credit1  15 migrate-support-check        fail   never pass
 test-armhf-armhf-xl-credit1  16 saverestore-support-check    fail   never pass
 test-amd64-amd64-libvirt-qcow2 14 migrate-support-check        fail never pass
 test-amd64-amd64-libvirt-raw 14 migrate-support-check        fail   never pass
 test-arm64-arm64-libvirt-raw 14 migrate-support-check        fail   never pass
 test-arm64-arm64-libvirt-raw 15 saverestore-support-check    fail   never pass
 test-arm64-arm64-xl-vhd      14 migrate-support-check        fail   never pass
 test-arm64-arm64-xl-vhd      15 saverestore-support-check    fail   never pass
 test-armhf-armhf-libvirt-qcow2 14 migrate-support-check        fail never pass
 test-armhf-armhf-libvirt-raw 14 migrate-support-check        fail   never pass
 test-armhf-armhf-xl-credit2  15 migrate-support-check        fail   never pass
 test-armhf-armhf-xl-credit2  16 saverestore-support-check    fail   never pass
 test-armhf-armhf-xl-rtds     15 migrate-support-check        fail   never pass
 test-armhf-armhf-xl-rtds     16 saverestore-support-check    fail   never pass
 test-armhf-armhf-xl          15 migrate-support-check        fail   never pass
 test-armhf-armhf-xl          16 saverestore-support-check    fail   never pass
 test-armhf-armhf-xl-arndale  15 migrate-support-check        fail   never pass
 test-armhf-armhf-xl-arndale  16 saverestore-support-check    fail   never pass
 test-armhf-armhf-xl-vhd      14 migrate-support-check        fail   never pass
 test-armhf-armhf-xl-vhd      15 saverestore-support-check    fail   never pass

version targeted for testing:
 linux                3a568e3a961ba330091cd031647e4c303fa0badb
baseline version:
 linux                611da07b89fdd53f140d7b33013f255bf0ed8f34

Last test of basis   183530  2023-10-25 18:12:16 Z    1 days
Testing same since   183544  2023-10-26 19:11:57 Z    0 days    1 attempts

------------------------------------------------------------
People who touched revisions under test:
  Alex Bee <[email protected]>
  Alexandru Matei <[email protected]>
  Anjali Kulkarni <[email protected]>
  Arnd Bergmann <[email protected]>
  Arpana Arland <[email protected]> (A Contingent worker at Intel)
  Avraham Stern <[email protected]>
  Bartosz Golaszewski <[email protected]>
  Ben Greear <[email protected]>
  Bjorn Andersson <[email protected]>
  Christoph Hellwig <[email protected]>
  Christophe JAILLET <[email protected]>
  Christopher Obbard <[email protected]>
  Ciprian Regus <[email protected]>
  Conor Dooley <[email protected]>
  Dan Carpenter <[email protected]>
  David S. Miller <[email protected]>
  Dell Jin <[email protected]>
  Deming Wang <[email protected]>
  Dmitry Baryshkov <[email protected]>
  Douglas Anderson <[email protected]>
  Drew Fustini <[email protected]>
  Eric Dumazet <[email protected]>
  Ermin Sunj <[email protected]>
  Fred Chen <[email protected]>
  Gan, Yi Fang <[email protected]>
  Geert Uytterhoeven <[email protected]>
  Gregory CLEMENT <[email protected]>
  Gregory Greenman <[email protected]>
  Hao Ge <[email protected]>
  Heiko Stuebner <[email protected]>
  [email protected]
  Ivan Vecera <[email protected]>
  Jacob Keller <[email protected]>
  Jakob Unterwurzacher <[email protected]>
  Jakob Unterwurzacher <[email protected]>
  Jakub Kicinski <[email protected]>
  Janusz Krzysztofik <[email protected]>
  Jisheng Zhang <[email protected]>
  Johannes Berg <[email protected]>
  Krzysztof Kozlowski <[email protected]>
  Kunwu Chan <[email protected]>
  Linus Torvalds <[email protected]>
  Maciej Fijalkowski <[email protected]>
  Marco Elver <[email protected]>
  Mateusz Palczewski <[email protected]>
  Michael Sit Wei Hong <[email protected]>
  Michal Schmidt <[email protected]>
  Mirsad Goran Todorovac <[email protected]>
  Moritz Wanzenböck <[email protected]>
  Naama Meir <[email protected]>
  Nam Cao <[email protected]>
  Neal Cardwell <[email protected]>
  Pablo Neira Ayuso <[email protected]>
  Paolo Abeni <[email protected]>
  Pieter Jansen van Vuuren <[email protected]>
  Pucha Himasekhar Reddy <[email protected]> (A Contingent 
worker at Intel)
  Rafal Romanowski <[email protected]>
  Randy Dunlap <[email protected]>
  Rob Herring <[email protected]>
  Robert Marko <[email protected]>
  Samuel Holland <[email protected]>
  Sasha Neftin <[email protected]>
  Shawn Guo <[email protected]>
  Shigeru Yoshida <[email protected]>
  Stephen Boyd <[email protected]>
  Su Hui <[email protected]>
  Tirthendu Sarkar <[email protected]>
  Tony Lindgren <[email protected]>
  Tushar Vyavahare <[email protected]>
  Vlad Buslov <[email protected]>

jobs:
 build-amd64-xsm                                              pass    
 build-arm64-xsm                                              pass    
 build-i386-xsm                                               pass    
 build-amd64                                                  pass    
 build-arm64                                                  pass    
 build-armhf                                                  pass    
 build-i386                                                   pass    
 build-amd64-libvirt                                          pass    
 build-arm64-libvirt                                          pass    
 build-armhf-libvirt                                          pass    
 build-i386-libvirt                                           pass    
 build-amd64-pvops                                            pass    
 build-arm64-pvops                                            pass    
 build-armhf-pvops                                            pass    
 build-i386-pvops                                             pass    
 test-amd64-amd64-xl                                          pass    
 test-amd64-coresched-amd64-xl                                pass    
 test-arm64-arm64-xl                                          pass    
 test-armhf-armhf-xl                                          pass    
 test-amd64-amd64-libvirt-qemuu-debianhvm-amd64-xsm           pass    
 test-amd64-amd64-xl-qemut-stubdom-debianhvm-amd64-xsm        pass    
 test-amd64-amd64-xl-qemut-debianhvm-i386-xsm                 pass    
 test-amd64-amd64-xl-qemuu-debianhvm-i386-xsm                 pass    
 test-amd64-amd64-libvirt-xsm                                 pass    
 test-arm64-arm64-libvirt-xsm                                 pass    
 test-amd64-amd64-xl-xsm                                      pass    
 test-arm64-arm64-xl-xsm                                      pass    
 test-amd64-amd64-qemuu-nested-amd                            fail    
 test-amd64-amd64-xl-pvhv2-amd                                pass    
 test-amd64-amd64-dom0pvh-xl-amd                              pass    
 test-amd64-amd64-xl-qemut-debianhvm-amd64                    pass    
 test-amd64-amd64-xl-qemuu-debianhvm-amd64                    pass    
 test-amd64-amd64-freebsd11-amd64                             pass    
 test-amd64-amd64-freebsd12-amd64                             pass    
 test-amd64-amd64-xl-qemuu-ovmf-amd64                         pass    
 test-amd64-amd64-xl-qemut-win7-amd64                         fail    
 test-amd64-amd64-xl-qemuu-win7-amd64                         fail    
 test-amd64-amd64-xl-qemut-ws16-amd64                         fail    
 test-amd64-amd64-xl-qemuu-ws16-amd64                         fail    
 test-armhf-armhf-xl-arndale                                  pass    
 test-amd64-amd64-examine-bios                                pass    
 test-amd64-amd64-xl-credit1                                  pass    
 test-arm64-arm64-xl-credit1                                  pass    
 test-armhf-armhf-xl-credit1                                  pass    
 test-amd64-amd64-xl-credit2                                  pass    
 test-arm64-arm64-xl-credit2                                  pass    
 test-armhf-armhf-xl-credit2                                  pass    
 test-amd64-amd64-xl-qemuu-dmrestrict-amd64-dmrestrict        pass    
 test-amd64-amd64-examine                                     pass    
 test-arm64-arm64-examine                                     pass    
 test-armhf-armhf-examine                                     pass    
 test-amd64-amd64-qemuu-nested-intel                          pass    
 test-amd64-amd64-xl-pvhv2-intel                              pass    
 test-amd64-amd64-dom0pvh-xl-intel                            pass    
 test-amd64-amd64-libvirt                                     pass    
 test-armhf-armhf-libvirt                                     fail    
 test-amd64-amd64-xl-multivcpu                                pass    
 test-armhf-armhf-xl-multivcpu                                pass    
 test-amd64-amd64-pair                                        pass    
 test-amd64-amd64-libvirt-pair                                pass    
 test-amd64-amd64-xl-pvshim                                   pass    
 test-amd64-amd64-pygrub                                      pass    
 test-amd64-amd64-libvirt-qcow2                               pass    
 test-armhf-armhf-libvirt-qcow2                               pass    
 test-amd64-amd64-libvirt-raw                                 pass    
 test-arm64-arm64-libvirt-raw                                 pass    
 test-armhf-armhf-libvirt-raw                                 pass    
 test-amd64-amd64-xl-rtds                                     pass    
 test-armhf-armhf-xl-rtds                                     pass    
 test-amd64-amd64-xl-qemuu-debianhvm-amd64-shadow             pass    
 test-amd64-amd64-xl-shadow                                   pass    
 test-arm64-arm64-xl-thunderx                                 pass    
 test-amd64-amd64-examine-uefi                                pass    
 test-amd64-amd64-xl-vhd                                      pass    
 test-arm64-arm64-xl-vhd                                      pass    
 test-armhf-armhf-xl-vhd                                      pass    


------------------------------------------------------------
sg-report-flight on osstest.test-lab.xenproject.org
logs: /home/logs/logs
images: /home/logs/images

Logs, config files, etc. are available at
    http://logs.test-lab.xenproject.org/osstest/logs

Explanation of these reports, and of osstest in general, is at
    http://xenbits.xen.org/gitweb/?p=osstest.git;a=blob;f=README.email;hb=master
    http://xenbits.xen.org/gitweb/?p=osstest.git;a=blob;f=README;hb=master

Test harness code can be found at
    http://xenbits.xen.org/gitweb?p=osstest.git;a=summary


Pushing revision :

hint: The 'hooks/update' hook was ignored because it's not set as executable.
hint: You can disable this warning with `git config advice.ignoredHook false`.
hint: The 'hooks/post-receive' hook was ignored because it's not set as 
executable.
hint: You can disable this warning with `git config advice.ignoredHook false`.
hint: The 'hooks/post-update' hook was ignored because it's not set as 
executable.
hint: You can disable this warning with `git config advice.ignoredHook false`.
To xenbits.xen.org:/home/xen/git/linux-pvops.git
   611da07b89fd..3a568e3a961b  3a568e3a961ba330091cd031647e4c303fa0badb -> 
tested/linux-linus

Reply via email to