flight 183523 linux-5.4 real [real]
flight 183531 linux-5.4 real-retest [real]
http://logs.test-lab.xenproject.org/osstest/logs/183523/
http://logs.test-lab.xenproject.org/osstest/logs/183531/

Failures :-/ but no regressions.

Tests which are failing intermittently (not blocking):
 test-armhf-armhf-xl-multivcpu 14 guest-start        fail pass in 183531-retest
 test-arm64-arm64-libvirt-raw 17 guest-start/debian.repeat fail pass in 
183531-retest

Tests which did not succeed, but are not blocking:
 test-armhf-armhf-xl-credit2 18 guest-start/debian.repeat fail blocked in 183335
 test-armhf-armhf-xl-multivcpu 18 guest-start/debian.repeat fail in 183531 like 
183335
 test-armhf-armhf-xl-multivcpu 15 migrate-support-check fail in 183531 never 
pass
 test-armhf-armhf-xl-multivcpu 16 saverestore-support-check fail in 183531 
never pass
 test-armhf-armhf-libvirt     16 saverestore-support-check    fail  like 183335
 test-amd64-amd64-xl-qemuu-win7-amd64 19 guest-stop            fail like 183335
 test-amd64-i386-xl-qemut-win7-amd64 19 guest-stop             fail like 183335
 test-amd64-i386-xl-qemuu-win7-amd64 19 guest-stop             fail like 183335
 test-amd64-amd64-xl-qemut-win7-amd64 19 guest-stop            fail like 183335
 test-amd64-i386-xl-qemut-ws16-amd64 19 guest-stop             fail like 183335
 test-armhf-armhf-libvirt-qcow2 15 saverestore-support-check   fail like 183335
 test-armhf-armhf-libvirt-raw 15 saverestore-support-check    fail  like 183335
 test-amd64-amd64-xl-qemuu-ws16-amd64 19 guest-stop            fail like 183335
 test-amd64-amd64-xl-qemut-ws16-amd64 19 guest-stop            fail like 183335
 test-amd64-amd64-qemuu-nested-amd 20 debian-hvm-install/l1/l2 fail like 183335
 test-amd64-i386-xl-qemuu-ws16-amd64 19 guest-stop             fail like 183335
 test-amd64-i386-xl-pvshim    14 guest-start                  fail   never pass
 test-arm64-arm64-xl-thunderx 15 migrate-support-check        fail   never pass
 test-arm64-arm64-xl-thunderx 16 saverestore-support-check    fail   never pass
 test-amd64-i386-libvirt-qemuu-debianhvm-amd64-xsm 13 migrate-support-check 
fail never pass
 test-amd64-i386-libvirt-xsm  15 migrate-support-check        fail   never pass
 test-amd64-i386-libvirt      15 migrate-support-check        fail   never pass
 test-amd64-amd64-libvirt     15 migrate-support-check        fail   never pass
 test-amd64-amd64-libvirt-xsm 15 migrate-support-check        fail   never pass
 test-amd64-amd64-libvirt-qemuu-debianhvm-amd64-xsm 13 migrate-support-check 
fail never pass
 test-arm64-arm64-libvirt-xsm 15 migrate-support-check        fail   never pass
 test-arm64-arm64-libvirt-xsm 16 saverestore-support-check    fail   never pass
 test-arm64-arm64-xl-credit2  15 migrate-support-check        fail   never pass
 test-arm64-arm64-xl-credit2  16 saverestore-support-check    fail   never pass
 test-arm64-arm64-xl          15 migrate-support-check        fail   never pass
 test-arm64-arm64-xl          16 saverestore-support-check    fail   never pass
 test-amd64-amd64-libvirt-vhd 14 migrate-support-check        fail   never pass
 test-arm64-arm64-xl-credit1  15 migrate-support-check        fail   never pass
 test-arm64-arm64-xl-credit1  16 saverestore-support-check    fail   never pass
 test-armhf-armhf-xl-arndale  15 migrate-support-check        fail   never pass
 test-armhf-armhf-xl-rtds     15 migrate-support-check        fail   never pass
 test-armhf-armhf-xl-arndale  16 saverestore-support-check    fail   never pass
 test-armhf-armhf-xl-rtds     16 saverestore-support-check    fail   never pass
 test-arm64-arm64-xl-xsm      15 migrate-support-check        fail   never pass
 test-arm64-arm64-xl-xsm      16 saverestore-support-check    fail   never pass
 test-armhf-armhf-xl-credit1  15 migrate-support-check        fail   never pass
 test-armhf-armhf-xl-credit1  16 saverestore-support-check    fail   never pass
 test-armhf-armhf-xl          15 migrate-support-check        fail   never pass
 test-armhf-armhf-xl          16 saverestore-support-check    fail   never pass
 test-armhf-armhf-libvirt     15 migrate-support-check        fail   never pass
 test-amd64-i386-libvirt-raw  14 migrate-support-check        fail   never pass
 test-arm64-arm64-libvirt-raw 14 migrate-support-check        fail   never pass
 test-arm64-arm64-libvirt-raw 15 saverestore-support-check    fail   never pass
 test-arm64-arm64-xl-vhd      14 migrate-support-check        fail   never pass
 test-arm64-arm64-xl-vhd      15 saverestore-support-check    fail   never pass
 test-armhf-armhf-libvirt-qcow2 14 migrate-support-check        fail never pass
 test-armhf-armhf-libvirt-raw 14 migrate-support-check        fail   never pass
 test-armhf-armhf-xl-vhd      14 migrate-support-check        fail   never pass
 test-armhf-armhf-xl-vhd      15 saverestore-support-check    fail   never pass
 test-armhf-armhf-xl-credit2  15 migrate-support-check        fail   never pass
 test-armhf-armhf-xl-credit2  16 saverestore-support-check    fail   never pass
 test-amd64-amd64-dom0pvh-xl-amd  3 hosts-allocate               starved  n/a

version targeted for testing:
 linux                86ea40e6ad22d9d7daa54b9e8167ad1e4a8a48ee
baseline version:
 linux                02f78c59a0ed312a41d5d76397ea812c7cb19cb2

Last test of basis   183335  2023-10-10 20:15:05 Z   15 days
Testing same since   183523  2023-10-25 10:14:26 Z    0 days    1 attempts

------------------------------------------------------------
People who touched revisions under test:
  Abhinav Kumar <[email protected]>
  Adrian Hunter <[email protected]>
  Alexander Zangerl <[email protected]>
  Amelie Delaunay <[email protected]>
  Amir Goldstein <[email protected]>
  Andy Shevchenko <[email protected]>
  Arkadiusz Bokowy <[email protected]>
  Arnd Bergmann <[email protected]>
  Artem Chernyshev <[email protected]>
  Atish Patra <[email protected]>
  Avri Altman <[email protected]>
  Bagas Sanjaya <[email protected]>
  Bartosz Golaszewski <[email protected]>
  Benjamin Berg <[email protected]>
  Benjamin Tissoires <[email protected]>
  Benoît Monin <[email protected]>
  Bibek Kumar Patro <[email protected]>
  Borislav Petkov (AMD) <[email protected]>
  Chengfeng Ye <[email protected]>
  Christian Brauner <[email protected]>
  Christophe Leroy <[email protected]>
  Clément Léger <[email protected]>
  Damien Le Moal <[email protected]>
  Dan Carpenter <[email protected]>
  David S. Miller <[email protected]>
  David Sterba <[email protected]>
  Dinghao Liu <[email protected]>
  Dmitry Torokhov <[email protected]>
  Duoming Zhou <[email protected]>
  Dzmitry <[email protected]>
  Edward AD <[email protected]>
  Eric Dumazet <[email protected]>
  Fabio Porcedda <[email protected]>
  Filipe Manana <[email protected]>
  Florian Fainelli <[email protected]>
  Florian Westphal <[email protected]>
  Gavrilov Ilia <[email protected]>
  Geert Uytterhoeven <[email protected]>
  Greg Kroah-Hartman <[email protected]>
  Haibo Chen <[email protected]>
  Hans de Goede <[email protected]>
  Harshit Mogalapalli <[email protected]>
  Heiner Kallweit <[email protected]>
  Herbert Xu <[email protected]>
  Hui Wang <[email protected]>
  Ilya Dryomov <[email protected]>
  Jacob Keller <[email protected]>
  Jakub Kicinski <[email protected]>
  Jamal Hadi Salim <[email protected]>
  Jan Kara <[email protected]>
  Jason Wang <[email protected]>
  Javier Carrasco <[email protected]>
  Jeff Layton <[email protected]>
  Jeffery Miller <[email protected]>
  Jens Axboe <[email protected]>
  Jeremy Cline <[email protected]>
  Jesse Brandeburg <[email protected]>
  Jim Mattson <[email protected]>
  Jiri Kosina <[email protected]>
  Johan Hovold <[email protected]>
  Johan Hovold <[email protected]>
  Johannes Berg <[email protected]>
  John Garry <[email protected]>
  Jonathan Cameron <[email protected]>
  Jordan Rife <[email protected]>
  Jorge Sanjuan Garcia <[email protected]>
  Jose Javier Rodriguez Barbarin <[email protected]>
  Josef Bacik <[email protected]>
  Josua Mayer <[email protected]>
  Kai Uwe Broulik <[email protected]>
  Kees Cook <[email protected]>
  Kellen Renshaw <[email protected]>
  Kenta Sato <[email protected]>
  Konstantin Meskhidze <[email protected]>
  Krishna Kurapati <[email protected]>
  Krzysztof Kozlowski <[email protected]>
  Lakshmi Yadlapati <[email protected]>
  Lee, Chun-Yi <[email protected]>
  Leon Romanovsky <[email protected]>
  Linus Walleij <[email protected]>
  Linux Kernel Functional Testing <[email protected]>
  Liviu Dudau <[email protected]>
  Luiz Augusto von Dentz <[email protected]>
  Ma Ke <[email protected]>
  Manish Chopra <[email protected]>
  Manuel Krause <[email protected]>
  Marc Zyngier <[email protected]>
  Mark Brown <[email protected]>
  Martin Fuzzey <[email protected]>
  Martin Kurbanov <[email protected]>
  Mathias Nyman <[email protected]>
  Matthias Berndt <[email protected]>
  Michael Ellerman <[email protected]>
  Michal Koutný <[email protected]>
  Michal Schmidt <[email protected]>
  Michał Mirosław <[email protected]>
  Mingwei Zhang <[email protected]>
  Miquel Raynal <[email protected]>
  Nathan Chancellor <[email protected]>
  Neal Cardwell <[email protected]>
  Nicolas Dichtel <[email protected]>
  Niklas Schnelle <[email protected]>
  Pablo Neira Ayuso <[email protected]>
  Paolo Abeni <[email protected]>
  Paul Menzel <[email protected]>
  Pedro Tammela <[email protected]>
  Peter Korsgaard <[email protected]>
  Peter Rosin <[email protected]>
  Peter Zijlstra (Intel) <[email protected]>
  Peter Zijlstra <[email protected]>
  Phil Elwell <[email protected]>
  Piyush Mehta <[email protected]>
  Pucha Himasekhar Reddy <[email protected]> (A Contingent 
worker at Intel)
  Puliang Lu <[email protected]>
  Rafael J. Wysocki <[email protected]>
  Rahul Rameshbabu <[email protected]>
  René Rebe <[email protected]>
  Ricardo Cañuelo <[email protected]>
  Roger Pau Monne <[email protected]>
  Roger Pau Monné <[email protected]>
  Sasha Levin <[email protected]>
  Sean Christopherson <[email protected]>
  Simon Horman <[email protected]> # build-tested
  Slade Watkins <[email protected]>
  Stefan Schmidt <[email protected]>
  Stefan Wahren <[email protected]>
  Steffen Klassert <[email protected]>
  Steven Rostedt (Google) <[email protected]>
  Sudip Mukherjee <[email protected]>
  Sunand <[email protected]>
  Sunil V L <[email protected]>
  Tamim Khan <[email protected]>
  Tejun Heo <[email protected]>
  Thierry Reding <[email protected]>
  Thinh Nguyen <[email protected]>
  Thorsten Leemhuis <[email protected]>
  Tony Lindgren <[email protected]>
  Ulf Hansson <[email protected]>
  Uwe Kleine-König <[email protected]>
  Vasily Gorbik <[email protected]>
  Vinod Koul <[email protected]>
  Waiman Long <[email protected]>
  Wei Liu <[email protected]>
  Wen Gong <[email protected]>
  Wesley Cheng <[email protected]>
  Wolfram Sang <[email protected]>
  Xingxing Luo <[email protected]>
  Xiubo Li <[email protected]>
  Ying Hsu <[email protected]>
  Yoshihiro Shimoda <[email protected]>
  Yuchung Cheng <[email protected]>
  Zack Rusin <[email protected]>
  zelenat <[email protected]>
  Zhang Changzhong <[email protected]>
  Ziyang Xuan <[email protected]>

jobs:
 build-amd64-xsm                                              pass    
 build-arm64-xsm                                              pass    
 build-i386-xsm                                               pass    
 build-amd64                                                  pass    
 build-arm64                                                  pass    
 build-armhf                                                  pass    
 build-i386                                                   pass    
 build-amd64-libvirt                                          pass    
 build-arm64-libvirt                                          pass    
 build-armhf-libvirt                                          pass    
 build-i386-libvirt                                           pass    
 build-amd64-pvops                                            pass    
 build-arm64-pvops                                            pass    
 build-armhf-pvops                                            pass    
 build-i386-pvops                                             pass    
 test-amd64-amd64-xl                                          pass    
 test-amd64-coresched-amd64-xl                                pass    
 test-arm64-arm64-xl                                          pass    
 test-armhf-armhf-xl                                          pass    
 test-amd64-i386-xl                                           pass    
 test-amd64-coresched-i386-xl                                 pass    
 test-amd64-amd64-libvirt-qemuu-debianhvm-amd64-xsm           pass    
 test-amd64-i386-libvirt-qemuu-debianhvm-amd64-xsm            pass    
 test-amd64-amd64-xl-qemut-stubdom-debianhvm-amd64-xsm        pass    
 test-amd64-i386-xl-qemut-stubdom-debianhvm-amd64-xsm         pass    
 test-amd64-amd64-xl-qemut-debianhvm-i386-xsm                 pass    
 test-amd64-i386-xl-qemut-debianhvm-i386-xsm                  pass    
 test-amd64-amd64-xl-qemuu-debianhvm-i386-xsm                 pass    
 test-amd64-i386-xl-qemuu-debianhvm-i386-xsm                  pass    
 test-amd64-amd64-libvirt-xsm                                 pass    
 test-arm64-arm64-libvirt-xsm                                 pass    
 test-amd64-i386-libvirt-xsm                                  pass    
 test-amd64-amd64-xl-xsm                                      pass    
 test-arm64-arm64-xl-xsm                                      pass    
 test-amd64-i386-xl-xsm                                       pass    
 test-amd64-amd64-qemuu-nested-amd                            fail    
 test-amd64-amd64-xl-pvhv2-amd                                pass    
 test-amd64-i386-qemut-rhel6hvm-amd                           pass    
 test-amd64-i386-qemuu-rhel6hvm-amd                           pass    
 test-amd64-amd64-dom0pvh-xl-amd                              starved 
 test-amd64-amd64-xl-qemut-debianhvm-amd64                    pass    
 test-amd64-i386-xl-qemut-debianhvm-amd64                     pass    
 test-amd64-amd64-xl-qemuu-debianhvm-amd64                    pass    
 test-amd64-i386-xl-qemuu-debianhvm-amd64                     pass    
 test-amd64-i386-freebsd10-amd64                              pass    
 test-amd64-amd64-qemuu-freebsd11-amd64                       pass    
 test-amd64-amd64-qemuu-freebsd12-amd64                       pass    
 test-amd64-amd64-xl-qemuu-ovmf-amd64                         pass    
 test-amd64-i386-xl-qemuu-ovmf-amd64                          pass    
 test-amd64-amd64-xl-qemut-win7-amd64                         fail    
 test-amd64-i386-xl-qemut-win7-amd64                          fail    
 test-amd64-amd64-xl-qemuu-win7-amd64                         fail    
 test-amd64-i386-xl-qemuu-win7-amd64                          fail    
 test-amd64-amd64-xl-qemut-ws16-amd64                         fail    
 test-amd64-i386-xl-qemut-ws16-amd64                          fail    
 test-amd64-amd64-xl-qemuu-ws16-amd64                         fail    
 test-amd64-i386-xl-qemuu-ws16-amd64                          fail    
 test-armhf-armhf-xl-arndale                                  pass    
 test-amd64-amd64-examine-bios                                pass    
 test-amd64-i386-examine-bios                                 pass    
 test-amd64-amd64-xl-credit1                                  pass    
 test-arm64-arm64-xl-credit1                                  pass    
 test-armhf-armhf-xl-credit1                                  pass    
 test-amd64-amd64-xl-credit2                                  pass    
 test-arm64-arm64-xl-credit2                                  pass    
 test-armhf-armhf-xl-credit2                                  fail    
 test-amd64-amd64-xl-qemuu-dmrestrict-amd64-dmrestrict        pass    
 test-amd64-i386-xl-qemuu-dmrestrict-amd64-dmrestrict         pass    
 test-amd64-amd64-examine                                     pass    
 test-arm64-arm64-examine                                     pass    
 test-armhf-armhf-examine                                     pass    
 test-amd64-i386-examine                                      pass    
 test-amd64-i386-freebsd10-i386                               pass    
 test-amd64-amd64-qemuu-nested-intel                          pass    
 test-amd64-amd64-xl-pvhv2-intel                              pass    
 test-amd64-i386-qemut-rhel6hvm-intel                         pass    
 test-amd64-i386-qemuu-rhel6hvm-intel                         pass    
 test-amd64-amd64-dom0pvh-xl-intel                            pass    
 test-amd64-amd64-libvirt                                     pass    
 test-armhf-armhf-libvirt                                     pass    
 test-amd64-i386-libvirt                                      pass    
 test-amd64-amd64-xl-multivcpu                                pass    
 test-armhf-armhf-xl-multivcpu                                fail    
 test-amd64-amd64-pair                                        pass    
 test-amd64-i386-pair                                         pass    
 test-amd64-amd64-libvirt-pair                                pass    
 test-amd64-i386-libvirt-pair                                 pass    
 test-amd64-amd64-xl-pvshim                                   pass    
 test-amd64-i386-xl-pvshim                                    fail    
 test-amd64-amd64-pygrub                                      pass    
 test-armhf-armhf-libvirt-qcow2                               pass    
 test-amd64-amd64-xl-qcow2                                    pass    
 test-arm64-arm64-libvirt-raw                                 fail    
 test-armhf-armhf-libvirt-raw                                 pass    
 test-amd64-i386-libvirt-raw                                  pass    
 test-amd64-amd64-xl-rtds                                     pass    
 test-armhf-armhf-xl-rtds                                     pass    
 test-amd64-amd64-xl-qemuu-debianhvm-amd64-shadow             pass    
 test-amd64-i386-xl-qemuu-debianhvm-amd64-shadow              pass    
 test-amd64-amd64-xl-shadow                                   pass    
 test-amd64-i386-xl-shadow                                    pass    
 test-arm64-arm64-xl-thunderx                                 pass    
 test-amd64-amd64-examine-uefi                                pass    
 test-amd64-i386-examine-uefi                                 pass    
 test-amd64-amd64-libvirt-vhd                                 pass    
 test-arm64-arm64-xl-vhd                                      pass    
 test-armhf-armhf-xl-vhd                                      pass    
 test-amd64-i386-xl-vhd                                       pass    


------------------------------------------------------------
sg-report-flight on osstest.test-lab.xenproject.org
logs: /home/logs/logs
images: /home/logs/images

Logs, config files, etc. are available at
    http://logs.test-lab.xenproject.org/osstest/logs

Explanation of these reports, and of osstest in general, is at
    http://xenbits.xen.org/gitweb/?p=osstest.git;a=blob;f=README.email;hb=master
    http://xenbits.xen.org/gitweb/?p=osstest.git;a=blob;f=README;hb=master

Test harness code can be found at
    http://xenbits.xen.org/gitweb?p=osstest.git;a=summary


Pushing revision :

hint: The 'hooks/update' hook was ignored because it's not set as executable.
hint: You can disable this warning with `git config advice.ignoredHook false`.
hint: The 'hooks/post-receive' hook was ignored because it's not set as 
executable.
hint: You can disable this warning with `git config advice.ignoredHook false`.
hint: The 'hooks/post-update' hook was ignored because it's not set as 
executable.
hint: You can disable this warning with `git config advice.ignoredHook false`.
To xenbits.xen.org:/home/xen/git/linux-pvops.git
   02f78c59a0ed..86ea40e6ad22  86ea40e6ad22d9d7daa54b9e8167ad1e4a8a48ee -> 
tested/linux-5.4

Reply via email to