flight 123240 linux-4.14 real [real] http://logs.test-lab.xenproject.org/osstest/logs/123240/
Regressions :-( Tests which did not succeed and are blocking, including tests which could not be run: test-arm64-arm64-xl-xsm 6 xen-install fail REGR. vs. 123147 test-arm64-arm64-libvirt-xsm 6 xen-install fail REGR. vs. 123147 Tests which did not succeed, but are not blocking: test-amd64-amd64-libvirt 13 migrate-support-check fail never pass test-amd64-i386-libvirt-xsm 13 migrate-support-check fail never pass test-amd64-i386-xl-pvshim 12 guest-start fail never pass test-amd64-i386-libvirt 13 migrate-support-check fail never pass test-arm64-arm64-xl-credit2 13 migrate-support-check fail never pass test-arm64-arm64-xl-credit2 14 saverestore-support-check fail never pass test-arm64-arm64-xl 13 migrate-support-check fail never pass test-arm64-arm64-xl 14 saverestore-support-check fail never pass test-amd64-amd64-libvirt-xsm 13 migrate-support-check fail never pass test-amd64-amd64-libvirt-qemuu-debianhvm-amd64-xsm 11 migrate-support-check fail never pass test-amd64-i386-libvirt-qemuu-debianhvm-amd64-xsm 11 migrate-support-check fail never pass test-amd64-amd64-qemuu-nested-amd 17 debian-hvm-install/l1/l2 fail never pass test-amd64-i386-xl-qemut-win7-amd64 17 guest-stop fail never pass test-amd64-amd64-libvirt-vhd 12 migrate-support-check fail never pass test-armhf-armhf-xl-rtds 13 migrate-support-check fail never pass test-armhf-armhf-xl-rtds 14 saverestore-support-check fail never pass test-armhf-armhf-xl-xsm 13 migrate-support-check fail never pass test-armhf-armhf-xl-xsm 14 saverestore-support-check fail never pass test-armhf-armhf-xl-cubietruck 13 migrate-support-check fail never pass test-armhf-armhf-xl-cubietruck 14 saverestore-support-check fail never pass test-armhf-armhf-xl 13 migrate-support-check fail never pass test-armhf-armhf-xl 14 saverestore-support-check fail never pass test-armhf-armhf-libvirt-xsm 13 migrate-support-check fail never pass test-armhf-armhf-libvirt-xsm 14 saverestore-support-check fail never pass test-armhf-armhf-xl-multivcpu 13 migrate-support-check fail never pass test-armhf-armhf-xl-multivcpu 14 saverestore-support-check fail never pass test-armhf-armhf-libvirt 13 migrate-support-check fail never pass test-armhf-armhf-libvirt 14 saverestore-support-check fail never pass test-armhf-armhf-xl-credit2 13 migrate-support-check fail never pass test-armhf-armhf-xl-credit2 14 saverestore-support-check fail never pass test-amd64-amd64-xl-qemuu-win7-amd64 17 guest-stop fail never pass test-amd64-amd64-xl-qemuu-ws16-amd64 17 guest-stop fail never pass test-amd64-i386-xl-qemuu-win7-amd64 17 guest-stop fail never pass test-amd64-amd64-xl-qemut-win7-amd64 17 guest-stop fail never pass test-armhf-armhf-xl-vhd 12 migrate-support-check fail never pass test-armhf-armhf-xl-vhd 13 saverestore-support-check fail never pass test-armhf-armhf-xl-arndale 13 migrate-support-check fail never pass test-armhf-armhf-xl-arndale 14 saverestore-support-check fail never pass test-amd64-i386-xl-qemuu-ws16-amd64 17 guest-stop fail never pass test-amd64-amd64-xl-qemut-ws16-amd64 17 guest-stop fail never pass test-amd64-i386-xl-qemut-ws16-amd64 17 guest-stop fail never pass test-armhf-armhf-libvirt-raw 12 migrate-support-check fail never pass test-armhf-armhf-libvirt-raw 13 saverestore-support-check fail never pass test-amd64-i386-xl-qemut-win10-i386 10 windows-install fail never pass test-amd64-amd64-xl-qemut-win10-i386 10 windows-install fail never pass test-amd64-amd64-xl-qemuu-win10-i386 10 windows-install fail never pass test-amd64-i386-xl-qemuu-win10-i386 10 windows-install fail never pass version targeted for testing: linux 102b97d6241d938ac153193504a5936fc0be27ed baseline version: linux 1dff08485b9e835d00bfb34a435bc6f07dadb6fd Last test of basis 123147 2018-05-24 13:30:16 Z 3 days Testing same since 123201 2018-05-26 01:30:05 Z 2 days 2 attempts ------------------------------------------------------------ People who touched revisions under test: Akinobu Mita <[email protected]> Al Viro <[email protected]> Alan Stern <[email protected]> Alexander Duyck <[email protected]> Alexander Potapenko <[email protected]> Alexandre Belloni <[email protected]> Amritha Nambiar <[email protected]> Andrew Morton <[email protected]> Andrew Vasquez <[email protected]> Andrzej Hajda <[email protected]> Antoine Tenart <[email protected]> Arnd Bergmann <[email protected]> Arvind Yadav <[email protected]> Asutosh Das <[email protected]> Baoquan He <[email protected]> Bart Van Assche <[email protected]> Ben Hutchings <[email protected]> Brad Love <[email protected]> Brian Norris <[email protected]> Bryan O'Donoghue <[email protected]> Chad Dupuis <[email protected]> Chanwoo Choi <[email protected]> Chris Dickens <[email protected]> Chris Leech <[email protected]> Colin Ian King <[email protected]> Dan Carpenter <[email protected]> Dave Carroll <[email protected]> David S. Miller <[email protected]> Davide Caratti <[email protected]> Dick Kennedy <[email protected]> Dominik Bozek <[email protected]> Douglas Gilbert <[email protected]> Eric Biggers <[email protected]> Eric Dumazet <[email protected]> Ezequiel Garcia <[email protected]> Felipe Balbi <[email protected]> Fredrik Noring <[email protected]> Gary R Hook <[email protected]> Geert Uytterhoeven <[email protected]> Giuseppe Lippolis <[email protected]> Greg Kroah-Hartman <[email protected]> Grigor Tovmasyan <[email protected]> Grigor Tovmasyan <[email protected]> Haiyang Zhang <[email protected]> Hannes Reinecke <[email protected]> Hannes Reinecke <[email protected]> Hans Verkuil <[email protected]> Hans Verkuil <[email protected]> Heiko Stuebner <[email protected]> Herbert Xu <[email protected]> Himanshu Madhani <[email protected]> Hon Weng Chong <[email protected]> [email protected] <[email protected]> Ioana Radulescu <[email protected]> Jamal Hadi Salim <[email protected]> James Hogan <[email protected]> James Smart <[email protected]> James Smart <[email protected]> Jason Yan <[email protected]> Jens Axboe <[email protected]> Jens Remus <[email protected]> Jeremy Cline <[email protected]> Jerome Brunet <[email protected]> Jianchao Wang <[email protected]> Jiri Kosina <[email protected]> Johannes Berg <[email protected]> John Keeping <[email protected]> John Youn <[email protected]> Jon Hunter <[email protected]> Jyri Sarha <[email protected]> K. Y. Srinivasan <[email protected]> Kieran Bingham <[email protected]> Kieran Bingham <[email protected]> Kirill Marinushkin <[email protected]> Krzysztof Kozlowski <[email protected]> Kuppuswamy Sathyanarayanan <[email protected]> Larry Finger <[email protected]> Lars-Peter Clausen <[email protected]> Laurence Oberman <[email protected]> Laurent Pinchart <[email protected]> Lee Duncan <[email protected]> Leonard Crestez <[email protected]> Linus Torvalds <[email protected]> Manish Rangankar <[email protected]> Manu Gautam <[email protected]> Marcel Holtmann <[email protected]> Marcel Ziswiler <[email protected]> Marcel Ziswiler <[email protected]> Mark Brown <[email protected]> Martin K. Petersen <[email protected]> Martin Schwidefsky <[email protected]> Masami Hiramatsu <[email protected]> Mathias Nyman <[email protected]> Matthew Wilcox <[email protected]> Mauro Carvalho Chehab <[email protected]> Meelis Roos <[email protected]> Michael Kelley (EOSG) <[email protected]> Michael Kelley <[email protected]> Minas Harutyunyan <[email protected]> Mohammed Gamal <[email protected]> Neal Cardwell <[email protected]> NeilBrown <[email protected]> Nilesh Javali <[email protected]> Nobutaka Okabe <[email protected]> Oliver Neukum <[email protected]> Omar Sandoval <[email protected]> Paolo Abeni <[email protected]> Peter Robinson <[email protected]> Peter Ujfalusi <[email protected]> Quinn Tran <[email protected]> Quytelda Kahja <[email protected]> Ranjani Sridharan <[email protected]> Regis Duchesne <[email protected]> Roger Quadros <[email protected]> Ronak Doshi <[email protected]> Sakari Ailus <[email protected]> Sasha Levin <[email protected]> Sebastian Andrzej Siewior <[email protected]> Shawn Guo <[email protected]> Shawn Guo <[email protected]> Shawn Lin <[email protected]> Sreekanth Reddy <[email protected]> Stefan Agner <[email protected]> Steffen Maier <[email protected]> Stephen Boyd <[email protected]> Stephen Hemminger <[email protected]> Stephen Hemminger <[email protected]> Subhash Jadavani <[email protected]> Suganath Prabu Subramani <[email protected]> Sujit Reddy Thumma <[email protected]> Sylwester Nawrocki <[email protected]> Takashi Iwai <[email protected]> Tarick Bedeir <[email protected]> Tetsuo Handa <[email protected]> Thierry Reding <[email protected]> Thinh Nguyen <[email protected]> Thinh Nguyen <[email protected]> Thomas Gleixner <[email protected]> Tobias Klauser <[email protected]> Todor Tomov <[email protected]> Tomas Henzl <[email protected]> Tomasz Figa <[email protected]> Torsten Hilbrich <[email protected]> Uwe Kleine-König <[email protected]> Vardan Mikayelyan <[email protected]> Vicente Bergas <[email protected]> Vignesh R <[email protected]> Vitaly Kuznetsov <[email protected]> Wilfried Weissmann <[email protected]> Willem de Bruijn <[email protected]> Wolfram Sang <[email protected]> Yoshihiro Shimoda <[email protected]> jobs: build-amd64-xsm pass build-arm64-xsm pass build-armhf-xsm pass build-i386-xsm pass build-amd64 pass build-arm64 pass build-armhf pass build-i386 pass build-amd64-libvirt pass build-arm64-libvirt pass build-armhf-libvirt pass build-i386-libvirt pass build-amd64-pvops pass build-arm64-pvops pass build-armhf-pvops pass build-i386-pvops pass build-amd64-rumprun pass build-i386-rumprun pass test-amd64-amd64-xl pass test-arm64-arm64-xl pass test-armhf-armhf-xl pass test-amd64-i386-xl pass test-amd64-amd64-xl-qemut-debianhvm-amd64-xsm pass test-amd64-i386-xl-qemut-debianhvm-amd64-xsm pass test-amd64-amd64-libvirt-qemuu-debianhvm-amd64-xsm pass test-amd64-i386-libvirt-qemuu-debianhvm-amd64-xsm pass test-amd64-amd64-xl-qemuu-debianhvm-amd64-xsm pass test-amd64-i386-xl-qemuu-debianhvm-amd64-xsm pass test-amd64-amd64-xl-qemut-stubdom-debianhvm-amd64-xsm pass test-amd64-i386-xl-qemut-stubdom-debianhvm-amd64-xsm pass test-amd64-amd64-libvirt-xsm pass test-arm64-arm64-libvirt-xsm fail test-armhf-armhf-libvirt-xsm pass test-amd64-i386-libvirt-xsm pass test-amd64-amd64-xl-xsm pass test-arm64-arm64-xl-xsm fail test-armhf-armhf-xl-xsm pass test-amd64-i386-xl-xsm pass test-amd64-amd64-qemuu-nested-amd fail test-amd64-amd64-xl-pvhv2-amd pass test-amd64-i386-qemut-rhel6hvm-amd pass test-amd64-i386-qemuu-rhel6hvm-amd pass test-amd64-amd64-xl-qemut-debianhvm-amd64 pass test-amd64-i386-xl-qemut-debianhvm-amd64 pass test-amd64-amd64-xl-qemuu-debianhvm-amd64 pass test-amd64-i386-xl-qemuu-debianhvm-amd64 pass test-amd64-i386-freebsd10-amd64 pass test-amd64-amd64-xl-qemuu-ovmf-amd64 pass test-amd64-i386-xl-qemuu-ovmf-amd64 pass test-amd64-amd64-rumprun-amd64 pass test-amd64-amd64-xl-qemut-win7-amd64 fail test-amd64-i386-xl-qemut-win7-amd64 fail test-amd64-amd64-xl-qemuu-win7-amd64 fail test-amd64-i386-xl-qemuu-win7-amd64 fail test-amd64-amd64-xl-qemut-ws16-amd64 fail test-amd64-i386-xl-qemut-ws16-amd64 fail test-amd64-amd64-xl-qemuu-ws16-amd64 fail test-amd64-i386-xl-qemuu-ws16-amd64 fail test-armhf-armhf-xl-arndale pass test-amd64-amd64-xl-credit2 pass test-arm64-arm64-xl-credit2 pass test-armhf-armhf-xl-credit2 pass test-armhf-armhf-xl-cubietruck pass test-amd64-amd64-examine pass test-arm64-arm64-examine pass test-armhf-armhf-examine pass test-amd64-i386-examine pass test-amd64-i386-freebsd10-i386 pass test-amd64-i386-rumprun-i386 pass test-amd64-amd64-xl-qemut-win10-i386 fail test-amd64-i386-xl-qemut-win10-i386 fail test-amd64-amd64-xl-qemuu-win10-i386 fail test-amd64-i386-xl-qemuu-win10-i386 fail test-amd64-amd64-qemuu-nested-intel pass test-amd64-amd64-xl-pvhv2-intel pass test-amd64-i386-qemut-rhel6hvm-intel pass test-amd64-i386-qemuu-rhel6hvm-intel pass test-amd64-amd64-libvirt pass test-armhf-armhf-libvirt pass test-amd64-i386-libvirt pass test-amd64-amd64-xl-multivcpu pass test-armhf-armhf-xl-multivcpu pass test-amd64-amd64-pair pass test-amd64-i386-pair pass test-amd64-amd64-libvirt-pair pass test-amd64-i386-libvirt-pair pass test-amd64-amd64-amd64-pvgrub pass test-amd64-amd64-i386-pvgrub pass test-amd64-amd64-xl-pvshim pass test-amd64-i386-xl-pvshim fail test-amd64-amd64-pygrub pass test-amd64-amd64-xl-qcow2 pass test-armhf-armhf-libvirt-raw pass test-amd64-i386-xl-raw pass test-amd64-amd64-xl-rtds pass test-armhf-armhf-xl-rtds pass test-amd64-amd64-xl-qemuu-debianhvm-amd64-shadow pass test-amd64-i386-xl-qemuu-debianhvm-amd64-shadow pass test-amd64-amd64-xl-shadow pass test-amd64-i386-xl-shadow pass test-amd64-amd64-libvirt-vhd pass test-armhf-armhf-xl-vhd pass ------------------------------------------------------------ sg-report-flight on osstest.test-lab.xenproject.org logs: /home/logs/logs images: /home/logs/images Logs, config files, etc. are available at http://logs.test-lab.xenproject.org/osstest/logs Explanation of these reports, and of osstest in general, is at http://xenbits.xen.org/gitweb/?p=osstest.git;a=blob;f=README.email;hb=master http://xenbits.xen.org/gitweb/?p=osstest.git;a=blob;f=README;hb=master Test harness code can be found at http://xenbits.xen.org/gitweb?p=osstest.git;a=summary Not pushing. (No revision log; it would be 4518 lines long.) _______________________________________________ Xen-devel mailing list [email protected] https://lists.xenproject.org/mailman/listinfo/xen-devel
