flight 183378 linux-linus real [real]
http://logs.test-lab.xenproject.org/osstest/logs/183378/

Failures :-/ but no regressions.

Tests which did not succeed, but are not blocking:
 test-amd64-amd64-xl-qemut-win7-amd64 19 guest-stop            fail like 183377
 test-amd64-amd64-xl-qemuu-win7-amd64 19 guest-stop            fail like 183377
 test-amd64-amd64-xl-qemuu-ws16-amd64 19 guest-stop            fail like 183377
 test-armhf-armhf-libvirt-raw 15 saverestore-support-check    fail  like 183377
 test-armhf-armhf-libvirt     16 saverestore-support-check    fail  like 183377
 test-amd64-amd64-xl-qemut-ws16-amd64 19 guest-stop            fail like 183377
 test-armhf-armhf-libvirt-qcow2 15 saverestore-support-check   fail like 183377
 test-amd64-amd64-qemuu-nested-amd 20 debian-hvm-install/l1/l2 fail like 183377
 test-amd64-amd64-libvirt     15 migrate-support-check        fail   never pass
 test-amd64-amd64-libvirt-xsm 15 migrate-support-check        fail   never pass
 test-arm64-arm64-xl-thunderx 15 migrate-support-check        fail   never pass
 test-arm64-arm64-xl-thunderx 16 saverestore-support-check    fail   never pass
 test-arm64-arm64-xl-xsm      15 migrate-support-check        fail   never pass
 test-arm64-arm64-libvirt-xsm 15 migrate-support-check        fail   never pass
 test-arm64-arm64-xl-xsm      16 saverestore-support-check    fail   never pass
 test-arm64-arm64-libvirt-xsm 16 saverestore-support-check    fail   never pass
 test-arm64-arm64-xl          15 migrate-support-check        fail   never pass
 test-arm64-arm64-xl          16 saverestore-support-check    fail   never pass
 test-arm64-arm64-xl-credit2  15 migrate-support-check        fail   never pass
 test-arm64-arm64-xl-credit2  16 saverestore-support-check    fail   never pass
 test-amd64-amd64-libvirt-qemuu-debianhvm-amd64-xsm 13 migrate-support-check 
fail never pass
 test-armhf-armhf-xl-multivcpu 15 migrate-support-check        fail  never pass
 test-armhf-armhf-xl-multivcpu 16 saverestore-support-check    fail  never pass
 test-armhf-armhf-xl-arndale  15 migrate-support-check        fail   never pass
 test-armhf-armhf-xl-arndale  16 saverestore-support-check    fail   never pass
 test-armhf-armhf-xl-rtds     15 migrate-support-check        fail   never pass
 test-armhf-armhf-xl-rtds     16 saverestore-support-check    fail   never pass
 test-arm64-arm64-xl-credit1  15 migrate-support-check        fail   never pass
 test-arm64-arm64-xl-credit1  16 saverestore-support-check    fail   never pass
 test-amd64-amd64-libvirt-qcow2 14 migrate-support-check        fail never pass
 test-amd64-amd64-libvirt-raw 14 migrate-support-check        fail   never pass
 test-arm64-arm64-libvirt-raw 14 migrate-support-check        fail   never pass
 test-arm64-arm64-libvirt-raw 15 saverestore-support-check    fail   never pass
 test-arm64-arm64-xl-vhd      14 migrate-support-check        fail   never pass
 test-arm64-arm64-xl-vhd      15 saverestore-support-check    fail   never pass
 test-armhf-armhf-libvirt-raw 14 migrate-support-check        fail   never pass
 test-armhf-armhf-xl-vhd      14 migrate-support-check        fail   never pass
 test-armhf-armhf-xl-vhd      15 saverestore-support-check    fail   never pass
 test-armhf-armhf-xl          15 migrate-support-check        fail   never pass
 test-armhf-armhf-xl          16 saverestore-support-check    fail   never pass
 test-armhf-armhf-xl-credit2  15 migrate-support-check        fail   never pass
 test-armhf-armhf-xl-credit2  16 saverestore-support-check    fail   never pass
 test-armhf-armhf-libvirt     15 migrate-support-check        fail   never pass
 test-armhf-armhf-xl-credit1  15 migrate-support-check        fail   never pass
 test-armhf-armhf-xl-credit1  16 saverestore-support-check    fail   never pass
 test-armhf-armhf-libvirt-qcow2 14 migrate-support-check        fail never pass

version targeted for testing:
 linux                fbe1bf1e5ff1e3b298420d7a8434983ef8d72bd1
baseline version:
 linux                9a3dad63edbe9a2ab2be1e7361a2133f519f855b

Last test of basis   183377  2023-10-15 12:43:18 Z    0 days
Testing same since   183378  2023-10-15 19:43:01 Z    0 days    1 attempts

------------------------------------------------------------
People who touched revisions under test:
  Alexander Zangerl <[email protected]>
  Alisa-Dariana Roman <[email protected]>
  Amir Goldstein <[email protected]>
  Antoniu Miclaus <[email protected]>
  Athira Rajeev <[email protected]>
  Bryan O'Donoghue <[email protected]>
  Bryan O'Donoghue <[email protected]> # rb5
  Carlos Llamas <[email protected]>
  Christian Brauner <[email protected]>
  Christophe Leroy <[email protected]>
  Conor Dooley <[email protected]>
  Dharma Balasubiramani <[email protected]>
  Eddie James <[email protected]>
  Fabrice Gasnier <[email protected]>
  GONG, Ruiqi <[email protected]>
  Greg Kroah-Hartman <[email protected]>
  Gustavo A. R. Silva <[email protected]>
  Haibo Chen <[email protected]>
  Heikki Krogerus <[email protected]>
  Hui Liu <[email protected]>
  Janusz Krzysztofik <[email protected]>
  Jason Wang <[email protected]>
  Javier Carrasco <[email protected]>
  Jonathan Cameron <[email protected]>
  Jorge Sanjuan Garcia <[email protected]>
  Jose Javier Rodriguez Barbarin <[email protected]>
  Kees Cook <[email protected]>
  Kenta Sato <[email protected]>
  Krishna Kurapati <[email protected]>
  Krzysztof Kozlowski <[email protected]>
  Lakshmi Yadlapati <[email protected]>
  Linu Cherian <[email protected]>
  Linus Torvalds <[email protected]>
  Lukas Wunner <[email protected]>
  Marcelo Schmitt <[email protected]>
  Mario Limonciello <[email protected]>
  Mathias Nyman <[email protected]>
  Matthias Kaehlcke <[email protected]>
  Maximilian Luz <[email protected]>
  Michael Ellerman <[email protected]>
  Mika Westerberg <[email protected]>
  Mårten Lindahl <[email protected]>
  Naveen N Rao <[email protected]>
  Pawel Laszczak <[email protected]>
  Peter Chen <[email protected]>
  Phil Elwell <[email protected]>
  Philipp Rossak <[email protected]>
  Piyush Mehta <[email protected]>
  Prashanth K <[email protected]>
  Randy Dunlap <[email protected]>
  RD Babiera <[email protected]>
  Ricardo Cañuelo <[email protected]>
  Rob Herring <[email protected]>
  Russ Weight <[email protected]>
  Russell King (Oracle) <[email protected]>
  Suzuki K Poulose <[email protected]>
  Thinh Nguyen <[email protected]>
  Thomas Gleixner <[email protected]>
  Thomas Richard <[email protected]>
  Todd Kjos <[email protected]>
  Tony Lindgren <[email protected]>
  Tzung-Bi Shih <[email protected]>
  Waqar Hameed <[email protected]>
  Wesley Cheng <[email protected]>
  William Breathitt Gray <[email protected]>
  Xiaolei Wang <[email protected]>
  Xingxing Luo <[email protected]>
  Xuan Zhuo <[email protected]>

jobs:
 build-amd64-xsm                                              pass    
 build-arm64-xsm                                              pass    
 build-i386-xsm                                               pass    
 build-amd64                                                  pass    
 build-arm64                                                  pass    
 build-armhf                                                  pass    
 build-i386                                                   pass    
 build-amd64-libvirt                                          pass    
 build-arm64-libvirt                                          pass    
 build-armhf-libvirt                                          pass    
 build-i386-libvirt                                           pass    
 build-amd64-pvops                                            pass    
 build-arm64-pvops                                            pass    
 build-armhf-pvops                                            pass    
 build-i386-pvops                                             pass    
 test-amd64-amd64-xl                                          pass    
 test-amd64-coresched-amd64-xl                                pass    
 test-arm64-arm64-xl                                          pass    
 test-armhf-armhf-xl                                          pass    
 test-amd64-amd64-libvirt-qemuu-debianhvm-amd64-xsm           pass    
 test-amd64-amd64-xl-qemut-stubdom-debianhvm-amd64-xsm        pass    
 test-amd64-amd64-xl-qemut-debianhvm-i386-xsm                 pass    
 test-amd64-amd64-xl-qemuu-debianhvm-i386-xsm                 pass    
 test-amd64-amd64-libvirt-xsm                                 pass    
 test-arm64-arm64-libvirt-xsm                                 pass    
 test-amd64-amd64-xl-xsm                                      pass    
 test-arm64-arm64-xl-xsm                                      pass    
 test-amd64-amd64-qemuu-nested-amd                            fail    
 test-amd64-amd64-xl-pvhv2-amd                                pass    
 test-amd64-amd64-dom0pvh-xl-amd                              pass    
 test-amd64-amd64-xl-qemut-debianhvm-amd64                    pass    
 test-amd64-amd64-xl-qemuu-debianhvm-amd64                    pass    
 test-amd64-amd64-freebsd11-amd64                             pass    
 test-amd64-amd64-freebsd12-amd64                             pass    
 test-amd64-amd64-xl-qemuu-ovmf-amd64                         pass    
 test-amd64-amd64-xl-qemut-win7-amd64                         fail    
 test-amd64-amd64-xl-qemuu-win7-amd64                         fail    
 test-amd64-amd64-xl-qemut-ws16-amd64                         fail    
 test-amd64-amd64-xl-qemuu-ws16-amd64                         fail    
 test-armhf-armhf-xl-arndale                                  pass    
 test-amd64-amd64-examine-bios                                pass    
 test-amd64-amd64-xl-credit1                                  pass    
 test-arm64-arm64-xl-credit1                                  pass    
 test-armhf-armhf-xl-credit1                                  pass    
 test-amd64-amd64-xl-credit2                                  pass    
 test-arm64-arm64-xl-credit2                                  pass    
 test-armhf-armhf-xl-credit2                                  pass    
 test-amd64-amd64-xl-qemuu-dmrestrict-amd64-dmrestrict        pass    
 test-amd64-amd64-examine                                     pass    
 test-arm64-arm64-examine                                     pass    
 test-armhf-armhf-examine                                     pass    
 test-amd64-amd64-qemuu-nested-intel                          pass    
 test-amd64-amd64-xl-pvhv2-intel                              pass    
 test-amd64-amd64-dom0pvh-xl-intel                            pass    
 test-amd64-amd64-libvirt                                     pass    
 test-armhf-armhf-libvirt                                     pass    
 test-amd64-amd64-xl-multivcpu                                pass    
 test-armhf-armhf-xl-multivcpu                                pass    
 test-amd64-amd64-pair                                        pass    
 test-amd64-amd64-libvirt-pair                                pass    
 test-amd64-amd64-xl-pvshim                                   pass    
 test-amd64-amd64-pygrub                                      pass    
 test-amd64-amd64-libvirt-qcow2                               pass    
 test-armhf-armhf-libvirt-qcow2                               pass    
 test-amd64-amd64-libvirt-raw                                 pass    
 test-arm64-arm64-libvirt-raw                                 pass    
 test-armhf-armhf-libvirt-raw                                 pass    
 test-amd64-amd64-xl-rtds                                     pass    
 test-armhf-armhf-xl-rtds                                     pass    
 test-amd64-amd64-xl-qemuu-debianhvm-amd64-shadow             pass    
 test-amd64-amd64-xl-shadow                                   pass    
 test-arm64-arm64-xl-thunderx                                 pass    
 test-amd64-amd64-examine-uefi                                pass    
 test-amd64-amd64-xl-vhd                                      pass    
 test-arm64-arm64-xl-vhd                                      pass    
 test-armhf-armhf-xl-vhd                                      pass    


------------------------------------------------------------
sg-report-flight on osstest.test-lab.xenproject.org
logs: /home/logs/logs
images: /home/logs/images

Logs, config files, etc. are available at
    http://logs.test-lab.xenproject.org/osstest/logs

Explanation of these reports, and of osstest in general, is at
    http://xenbits.xen.org/gitweb/?p=osstest.git;a=blob;f=README.email;hb=master
    http://xenbits.xen.org/gitweb/?p=osstest.git;a=blob;f=README;hb=master

Test harness code can be found at
    http://xenbits.xen.org/gitweb?p=osstest.git;a=summary


Pushing revision :

hint: The 'hooks/update' hook was ignored because it's not set as executable.
hint: You can disable this warning with `git config advice.ignoredHook false`.
hint: The 'hooks/post-receive' hook was ignored because it's not set as 
executable.
hint: You can disable this warning with `git config advice.ignoredHook false`.
hint: The 'hooks/post-update' hook was ignored because it's not set as 
executable.
hint: You can disable this warning with `git config advice.ignoredHook false`.
To xenbits.xen.org:/home/xen/git/linux-pvops.git
   9a3dad63edbe..fbe1bf1e5ff1  fbe1bf1e5ff1e3b298420d7a8434983ef8d72bd1 -> 
tested/linux-linus

Reply via email to