flight 123218 linux-linus real [real]
http://logs.test-lab.xenproject.org/osstest/logs/123218/

Regressions :-(

Tests which did not succeed and are blocking,
including tests which could not be run:
 test-arm64-arm64-libvirt-xsm  6 xen-install              fail REGR. vs. 123188
 test-arm64-arm64-xl-xsm       6 xen-install              fail REGR. vs. 123188

Tests which did not succeed, but are not blocking:
 test-armhf-armhf-libvirt-xsm 14 saverestore-support-check    fail  like 123188
 test-amd64-amd64-xl-qemut-win7-amd64 17 guest-stop            fail like 123188
 test-armhf-armhf-libvirt     14 saverestore-support-check    fail  like 123188
 test-amd64-i386-xl-qemut-win7-amd64 17 guest-stop             fail like 123188
 test-amd64-amd64-xl-qemuu-win7-amd64 17 guest-stop            fail like 123188
 test-amd64-i386-xl-qemuu-win7-amd64 17 guest-stop             fail like 123188
 test-armhf-armhf-libvirt-raw 13 saverestore-support-check    fail  like 123188
 test-amd64-amd64-xl-qemut-ws16-amd64 17 guest-stop            fail like 123188
 test-amd64-amd64-xl-qemuu-ws16-amd64 17 guest-stop            fail like 123188
 test-amd64-i386-xl-pvshim    12 guest-start                  fail   never pass
 test-amd64-amd64-libvirt-xsm 13 migrate-support-check        fail   never pass
 test-amd64-i386-libvirt-xsm  13 migrate-support-check        fail   never pass
 test-amd64-i386-libvirt      13 migrate-support-check        fail   never pass
 test-amd64-amd64-libvirt     13 migrate-support-check        fail   never pass
 test-arm64-arm64-xl-credit2  13 migrate-support-check        fail   never pass
 test-arm64-arm64-xl-credit2  14 saverestore-support-check    fail   never pass
 test-arm64-arm64-xl          13 migrate-support-check        fail   never pass
 test-arm64-arm64-xl          14 saverestore-support-check    fail   never pass
 test-amd64-i386-libvirt-qemuu-debianhvm-amd64-xsm 11 migrate-support-check 
fail never pass
 test-amd64-amd64-libvirt-qemuu-debianhvm-amd64-xsm 11 migrate-support-check 
fail never pass
 test-armhf-armhf-xl-arndale  13 migrate-support-check        fail   never pass
 test-armhf-armhf-xl-arndale  14 saverestore-support-check    fail   never pass
 test-amd64-amd64-qemuu-nested-amd 17 debian-hvm-install/l1/l2  fail never pass
 test-armhf-armhf-libvirt-xsm 13 migrate-support-check        fail   never pass
 test-amd64-amd64-libvirt-vhd 12 migrate-support-check        fail   never pass
 test-armhf-armhf-xl-credit2  13 migrate-support-check        fail   never pass
 test-armhf-armhf-xl-credit2  14 saverestore-support-check    fail   never pass
 test-armhf-armhf-libvirt     13 migrate-support-check        fail   never pass
 test-armhf-armhf-xl          13 migrate-support-check        fail   never pass
 test-armhf-armhf-xl          14 saverestore-support-check    fail   never pass
 test-armhf-armhf-xl-multivcpu 13 migrate-support-check        fail  never pass
 test-armhf-armhf-xl-xsm      13 migrate-support-check        fail   never pass
 test-armhf-armhf-xl-xsm      14 saverestore-support-check    fail   never pass
 test-armhf-armhf-xl-multivcpu 14 saverestore-support-check    fail  never pass
 test-armhf-armhf-xl-cubietruck 13 migrate-support-check        fail never pass
 test-armhf-armhf-xl-cubietruck 14 saverestore-support-check    fail never pass
 test-armhf-armhf-libvirt-raw 12 migrate-support-check        fail   never pass
 test-armhf-armhf-xl-vhd      12 migrate-support-check        fail   never pass
 test-armhf-armhf-xl-vhd      13 saverestore-support-check    fail   never pass
 test-armhf-armhf-xl-rtds     13 migrate-support-check        fail   never pass
 test-armhf-armhf-xl-rtds     14 saverestore-support-check    fail   never pass
 test-amd64-i386-xl-qemuu-ws16-amd64 17 guest-stop              fail never pass
 test-amd64-i386-xl-qemut-ws16-amd64 17 guest-stop              fail never pass
 test-amd64-amd64-xl-qemut-win10-i386 10 windows-install        fail never pass
 test-amd64-amd64-xl-qemuu-win10-i386 10 windows-install        fail never pass
 test-amd64-i386-xl-qemuu-win10-i386 10 windows-install         fail never pass
 test-amd64-i386-xl-qemut-win10-i386 10 windows-install         fail never pass

version targeted for testing:
 linux                bc2dbc5420e82560e650f8531ceca597441ca171
baseline version:
 linux                b50694381cfc22dce3a60a291cdae294a5e5777c

Last test of basis   123188  2018-05-24 22:54:06 Z    2 days
Testing same since   123218  2018-05-26 12:19:54 Z    1 days    1 attempts

------------------------------------------------------------
People who touched revisions under test:
  Adi Nissim <[email protected]>
  Alex Deucher <[email protected]>
  Alexei Starovoitov <[email protected]>
  Alexey Kodanev <[email protected]>
  Anders Roxell <[email protected]>
  Andrew Morton <[email protected]>
  Andrew Zaborowski <[email protected]>
  Andrey Ryabinin <[email protected]>
  Antonio Quartulli <[email protected]>
  Ariel Elior <[email protected]>
  Ben Hutchings <[email protected]>
  Bo Chen <[email protected]>
  Bob Copeland <[email protected]>
  Bob Copeland <[email protected]>
  Changwei Ge <[email protected]>
  Colin Ian King <[email protected]>
  Corneliu Doban <[email protected]>
  Daniel Borkmann <[email protected]>
  Daniel Jurgens <[email protected]>
  Dave Airlie <[email protected]>
  David Ahern <[email protected]>
  David Hildenbrand <[email protected]>
  David S. Miller <[email protected]>
  Davidlohr Bueso <[email protected]>
  Davidlohr Bueso <[email protected]>
  Dedy Lansky <[email protected]>
  Eran Ben Elisha <[email protected]>
  Eric Biggers <[email protected]>
  Eric Dumazet <[email protected]>
  Fabio Estevam <[email protected]>
  Florian Fainelli <[email protected]>
  Fugang Duan <[email protected]>
  Govindarajulu Varadarajan <[email protected]>
  Guillaume Nault <[email protected]>
  Gustavo A. R. Silva <[email protected]>
  Haim Dreyfuss <[email protected]>
  Hugh Dickins <[email protected]>
  Jack Morgenstein <[email protected]>
  Jason A. Donenfeld <[email protected]>
  Jason Wang <[email protected]>
  Joe Perches <[email protected]>
  Johannes Berg <[email protected]>
  Jonathan Cameron <[email protected]>
  Kalle Valo <[email protected]>
  Kirill A. Shutemov <[email protected]>
  Laura Abbott <[email protected]>
  Laurent Pinchart <[email protected]>
  Linus Lüssing <[email protected]>
  Linus Torvalds <[email protected]>
  Luca Coelho <[email protected]>
  Luis R. Rodriguez <[email protected]>
  Lukas Wunner <[email protected]>
  Marcelo Ricardo Leitner <[email protected]>
  Marek Lindner <[email protected]>
  Mathieu Malaterre <[email protected]>
  Matthew Wilcox <[email protected]>
  Michael Ellerman <[email protected]>
  Michael Neuling <[email protected]>
  Michael S. Tsirkin <[email protected]>
  Michal Hocko <[email protected]>
  Mike Kravetz <[email protected]>
  Naoya Horiguchi <[email protected]>
  Nathan Fontenot <[email protected]>
  Neil Horman <[email protected]>
  Nikolay Aleksandrov <[email protected]>
  Omar Sandoval <[email protected]>
  Or Gerlitz <[email protected]>
  Oscar Salvador <[email protected]>
  Paul Mackerras <[email protected]>
  Peter Maydell <[email protected]>
  Peter Robinson <[email protected]>
  Qing Huang <[email protected]>
  Rafał Miłecki <[email protected]>
  Roopa Prabhu <[email protected]>
  Saeed Mahameed <[email protected]>
  Scott Branden <[email protected]>
  Shahed Shaikh <[email protected]>
  Simon Wunderlich <[email protected]>
  Soheil Hassas Yeganeh <[email protected]>
  Srinath Mannam <[email protected]>
  Stefano Brivio <[email protected]>
  Steven Rostedt (VMware) <[email protected]>
  Sven Eckelmann <[email protected]>
  Takashi Iwai <[email protected]>
  Tariq Toukan <[email protected]>
  Thomas Falcon <[email protected]>
  Thomas Hellstrom <[email protected]>
  Ulf Hansson <[email protected]>
  Vlastimil Babka <[email protected]>
  Wenwen Wang <[email protected]>
  Will Deacon <[email protected]>
  Willem de Bruijn <[email protected]>
  Xin Long <[email protected]>
  Yossi Kuperman <[email protected]>

jobs:
 build-amd64-xsm                                              pass    
 build-arm64-xsm                                              pass    
 build-armhf-xsm                                              pass    
 build-i386-xsm                                               pass    
 build-amd64                                                  pass    
 build-arm64                                                  pass    
 build-armhf                                                  pass    
 build-i386                                                   pass    
 build-amd64-libvirt                                          pass    
 build-arm64-libvirt                                          pass    
 build-armhf-libvirt                                          pass    
 build-i386-libvirt                                           pass    
 build-amd64-pvops                                            pass    
 build-arm64-pvops                                            pass    
 build-armhf-pvops                                            pass    
 build-i386-pvops                                             pass    
 build-amd64-rumprun                                          pass    
 build-i386-rumprun                                           pass    
 test-amd64-amd64-xl                                          pass    
 test-arm64-arm64-xl                                          pass    
 test-armhf-armhf-xl                                          pass    
 test-amd64-i386-xl                                           pass    
 test-amd64-amd64-xl-qemut-debianhvm-amd64-xsm                pass    
 test-amd64-i386-xl-qemut-debianhvm-amd64-xsm                 pass    
 test-amd64-amd64-libvirt-qemuu-debianhvm-amd64-xsm           pass    
 test-amd64-i386-libvirt-qemuu-debianhvm-amd64-xsm            pass    
 test-amd64-amd64-xl-qemuu-debianhvm-amd64-xsm                pass    
 test-amd64-i386-xl-qemuu-debianhvm-amd64-xsm                 pass    
 test-amd64-amd64-xl-qemut-stubdom-debianhvm-amd64-xsm        pass    
 test-amd64-i386-xl-qemut-stubdom-debianhvm-amd64-xsm         pass    
 test-amd64-amd64-libvirt-xsm                                 pass    
 test-arm64-arm64-libvirt-xsm                                 fail    
 test-armhf-armhf-libvirt-xsm                                 pass    
 test-amd64-i386-libvirt-xsm                                  pass    
 test-amd64-amd64-xl-xsm                                      pass    
 test-arm64-arm64-xl-xsm                                      fail    
 test-armhf-armhf-xl-xsm                                      pass    
 test-amd64-i386-xl-xsm                                       pass    
 test-amd64-amd64-qemuu-nested-amd                            fail    
 test-amd64-amd64-xl-pvhv2-amd                                pass    
 test-amd64-i386-qemut-rhel6hvm-amd                           pass    
 test-amd64-i386-qemuu-rhel6hvm-amd                           pass    
 test-amd64-amd64-xl-qemut-debianhvm-amd64                    pass    
 test-amd64-i386-xl-qemut-debianhvm-amd64                     pass    
 test-amd64-amd64-xl-qemuu-debianhvm-amd64                    pass    
 test-amd64-i386-xl-qemuu-debianhvm-amd64                     pass    
 test-amd64-i386-freebsd10-amd64                              pass    
 test-amd64-amd64-xl-qemuu-ovmf-amd64                         pass    
 test-amd64-i386-xl-qemuu-ovmf-amd64                          pass    
 test-amd64-amd64-rumprun-amd64                               pass    
 test-amd64-amd64-xl-qemut-win7-amd64                         fail    
 test-amd64-i386-xl-qemut-win7-amd64                          fail    
 test-amd64-amd64-xl-qemuu-win7-amd64                         fail    
 test-amd64-i386-xl-qemuu-win7-amd64                          fail    
 test-amd64-amd64-xl-qemut-ws16-amd64                         fail    
 test-amd64-i386-xl-qemut-ws16-amd64                          fail    
 test-amd64-amd64-xl-qemuu-ws16-amd64                         fail    
 test-amd64-i386-xl-qemuu-ws16-amd64                          fail    
 test-armhf-armhf-xl-arndale                                  pass    
 test-amd64-amd64-xl-credit2                                  pass    
 test-arm64-arm64-xl-credit2                                  pass    
 test-armhf-armhf-xl-credit2                                  pass    
 test-armhf-armhf-xl-cubietruck                               pass    
 test-amd64-amd64-examine                                     pass    
 test-arm64-arm64-examine                                     pass    
 test-armhf-armhf-examine                                     pass    
 test-amd64-i386-examine                                      pass    
 test-amd64-i386-freebsd10-i386                               pass    
 test-amd64-i386-rumprun-i386                                 pass    
 test-amd64-amd64-xl-qemut-win10-i386                         fail    
 test-amd64-i386-xl-qemut-win10-i386                          fail    
 test-amd64-amd64-xl-qemuu-win10-i386                         fail    
 test-amd64-i386-xl-qemuu-win10-i386                          fail    
 test-amd64-amd64-qemuu-nested-intel                          pass    
 test-amd64-amd64-xl-pvhv2-intel                              pass    
 test-amd64-i386-qemut-rhel6hvm-intel                         pass    
 test-amd64-i386-qemuu-rhel6hvm-intel                         pass    
 test-amd64-amd64-libvirt                                     pass    
 test-armhf-armhf-libvirt                                     pass    
 test-amd64-i386-libvirt                                      pass    
 test-amd64-amd64-xl-multivcpu                                pass    
 test-armhf-armhf-xl-multivcpu                                pass    
 test-amd64-amd64-pair                                        pass    
 test-amd64-i386-pair                                         pass    
 test-amd64-amd64-libvirt-pair                                pass    
 test-amd64-i386-libvirt-pair                                 pass    
 test-amd64-amd64-amd64-pvgrub                                pass    
 test-amd64-amd64-i386-pvgrub                                 pass    
 test-amd64-amd64-xl-pvshim                                   pass    
 test-amd64-i386-xl-pvshim                                    fail    
 test-amd64-amd64-pygrub                                      pass    
 test-amd64-amd64-xl-qcow2                                    pass    
 test-armhf-armhf-libvirt-raw                                 pass    
 test-amd64-i386-xl-raw                                       pass    
 test-amd64-amd64-xl-rtds                                     pass    
 test-armhf-armhf-xl-rtds                                     pass    
 test-amd64-amd64-xl-qemuu-debianhvm-amd64-shadow             pass    
 test-amd64-i386-xl-qemuu-debianhvm-amd64-shadow              pass    
 test-amd64-amd64-xl-shadow                                   pass    
 test-amd64-i386-xl-shadow                                    pass    
 test-amd64-amd64-libvirt-vhd                                 pass    
 test-armhf-armhf-xl-vhd                                      pass    


------------------------------------------------------------
sg-report-flight on osstest.test-lab.xenproject.org
logs: /home/logs/logs
images: /home/logs/images

Logs, config files, etc. are available at
    http://logs.test-lab.xenproject.org/osstest/logs

Explanation of these reports, and of osstest in general, is at
    http://xenbits.xen.org/gitweb/?p=osstest.git;a=blob;f=README.email;hb=master
    http://xenbits.xen.org/gitweb/?p=osstest.git;a=blob;f=README;hb=master

Test harness code can be found at
    http://xenbits.xen.org/gitweb?p=osstest.git;a=summary


Not pushing.

(No revision log; it would be 2634 lines long.)

_______________________________________________
Xen-devel mailing list
[email protected]
https://lists.xenproject.org/mailman/listinfo/xen-devel

Reply via email to