flight 183362 linux-linus real [real]
http://logs.test-lab.xenproject.org/osstest/logs/183362/

Failures :-/ but no regressions.

Tests which did not succeed, but are not blocking:
 test-amd64-amd64-xl-qemut-win7-amd64 19 guest-stop            fail like 183359
 test-amd64-amd64-xl-qemuu-win7-amd64 19 guest-stop            fail like 183359
 test-amd64-amd64-xl-qemuu-ws16-amd64 19 guest-stop            fail like 183359
 test-armhf-armhf-libvirt-raw 15 saverestore-support-check    fail  like 183359
 test-armhf-armhf-libvirt     16 saverestore-support-check    fail  like 183359
 test-amd64-amd64-xl-qemut-ws16-amd64 19 guest-stop            fail like 183359
 test-armhf-armhf-libvirt-qcow2 15 saverestore-support-check   fail like 183359
 test-amd64-amd64-qemuu-nested-amd 20 debian-hvm-install/l1/l2 fail like 183359
 test-amd64-amd64-libvirt-xsm 15 migrate-support-check        fail   never pass
 test-arm64-arm64-xl-thunderx 15 migrate-support-check        fail   never pass
 test-arm64-arm64-xl-thunderx 16 saverestore-support-check    fail   never pass
 test-arm64-arm64-xl-xsm      15 migrate-support-check        fail   never pass
 test-arm64-arm64-libvirt-xsm 15 migrate-support-check        fail   never pass
 test-arm64-arm64-xl-xsm      16 saverestore-support-check    fail   never pass
 test-arm64-arm64-libvirt-xsm 16 saverestore-support-check    fail   never pass
 test-arm64-arm64-xl          15 migrate-support-check        fail   never pass
 test-arm64-arm64-xl          16 saverestore-support-check    fail   never pass
 test-arm64-arm64-xl-credit2  15 migrate-support-check        fail   never pass
 test-arm64-arm64-xl-credit2  16 saverestore-support-check    fail   never pass
 test-amd64-amd64-libvirt-qemuu-debianhvm-amd64-xsm 13 migrate-support-check 
fail never pass
 test-armhf-armhf-xl-multivcpu 15 migrate-support-check        fail  never pass
 test-armhf-armhf-xl-multivcpu 16 saverestore-support-check    fail  never pass
 test-armhf-armhf-xl-arndale  15 migrate-support-check        fail   never pass
 test-armhf-armhf-xl-arndale  16 saverestore-support-check    fail   never pass
 test-arm64-arm64-xl-credit1  15 migrate-support-check        fail   never pass
 test-arm64-arm64-xl-credit1  16 saverestore-support-check    fail   never pass
 test-amd64-amd64-libvirt-qcow2 14 migrate-support-check        fail never pass
 test-amd64-amd64-libvirt-raw 14 migrate-support-check        fail   never pass
 test-arm64-arm64-libvirt-raw 14 migrate-support-check        fail   never pass
 test-arm64-arm64-libvirt-raw 15 saverestore-support-check    fail   never pass
 test-arm64-arm64-xl-vhd      14 migrate-support-check        fail   never pass
 test-arm64-arm64-xl-vhd      15 saverestore-support-check    fail   never pass
 test-amd64-amd64-libvirt     15 migrate-support-check        fail   never pass
 test-armhf-armhf-libvirt-raw 14 migrate-support-check        fail   never pass
 test-armhf-armhf-xl-vhd      14 migrate-support-check        fail   never pass
 test-armhf-armhf-xl-vhd      15 saverestore-support-check    fail   never pass
 test-armhf-armhf-xl          15 migrate-support-check        fail   never pass
 test-armhf-armhf-xl          16 saverestore-support-check    fail   never pass
 test-armhf-armhf-xl-rtds     15 migrate-support-check        fail   never pass
 test-armhf-armhf-xl-credit2  15 migrate-support-check        fail   never pass
 test-armhf-armhf-xl-rtds     16 saverestore-support-check    fail   never pass
 test-armhf-armhf-xl-credit2  16 saverestore-support-check    fail   never pass
 test-armhf-armhf-libvirt     15 migrate-support-check        fail   never pass
 test-armhf-armhf-xl-credit1  15 migrate-support-check        fail   never pass
 test-armhf-armhf-xl-credit1  16 saverestore-support-check    fail   never pass
 test-armhf-armhf-libvirt-qcow2 14 migrate-support-check        fail never pass

version targeted for testing:
 linux                20f4757fa5ed2d9a7746d01b8950cfe04d593a0a
baseline version:
 linux                401644852d0b2a278811de38081be23f74b5bb04

Last test of basis   183359  2023-10-12 13:01:48 Z    0 days
Testing same since   183362  2023-10-13 02:07:59 Z    0 days    1 attempts

------------------------------------------------------------
People who touched revisions under test:
  Andrew Kanner <[email protected]>
  AngeloGioacchino Del Regno <[email protected]>
  Arnd Bergmann <[email protected]>
  Björn Töpel <[email protected]>
  Charlotte Tan <[email protected]>
  Christian Marangi <[email protected]>
  Dan Carpenter <[email protected]>
  Daniel Borkmann <[email protected]>
  David S. Miller <[email protected]>
  David Vernet <[email protected]>
  Deepak Saxena <[email protected]>
  Dinghao Liu <[email protected]>
  Dmitry Torokhov <[email protected]>
  Drew Fustini <[email protected]>
  Eric Dumazet <[email protected]>
  Eugen Hristev <[email protected]>
  Geert Uytterhoeven <[email protected]>
  Gerd Bayer <[email protected]>
  Gustavo A. R. Silva <[email protected]>
  Haibo Chen <[email protected]>
  Hal Feng <[email protected]>
  Ilya Leoshkevich <[email protected]>
  Ioana Ciornei <[email protected]>
  Jakub Kicinski <[email protected]>
  Jamal Hadi Salim <[email protected]>
  Javier Carrasco <[email protected]>
  Jens Wiklander <[email protected]>
  Jeremy Cline <[email protected]>
  Jeremy Kerr <[email protected]>
  Jisheng Zhang <[email protected]>
  John Watts <[email protected]>
  Kory Maincent <[email protected]>
  Krzysztof Hałasa <[email protected]>
  Kuniyuki Iwashima <[email protected]>
  Linus Torvalds <[email protected]>
  Linus Walleij <[email protected]>
  Lorenz Bauer <[email protected]>
  Louis Peens <[email protected]>
  Lucy Mielke <[email protected]>
  Lukas Magel <[email protected]>
  Macpaul Lin <[email protected]>
  Magnus Karlsson <[email protected]>
  Marc Kleine-Budde <[email protected]>
  Marcin Szycik <[email protected]>
  Marek Behún <[email protected]>
  Markus Schneider-Pargmann <[email protected]>
  Martin KaFai Lau <[email protected]>
  Mathieu Poirier <[email protected]>
  Matthias Brugger <[email protected]>
  Michal Koutný <[email protected]>
  Michal Swiatkowski <[email protected]>
  Mikhail Kobuk <[email protected]>
  Miquel Raynal <[email protected]>
  Moshe Shemesh <[email protected]>
  Nils Hoppmann <[email protected]>
  Nícolas F. R. A. Prado <[email protected]>
  Paolo Abeni <[email protected]>
  Peng Fan <[email protected]>
  Peter Korsgaard <[email protected]>
  Radu Pirea (NXP OSS) <[email protected]>
  Ralph Siemsen <[email protected]>
  Randy Dunlap <[email protected]>
  Randy Dunlap <[email protected]> # build-tested
  Ratheesh Kannoth <[email protected]>
  Rijo Thomas <[email protected]>
  Roger Pau Monne <[email protected]>
  Roger Pau Monné <[email protected]>
  Simon Horman <[email protected]> # build-tested
  Stefan Schmidt <[email protected]>
  Sujai Buvaneswaran <[email protected]>
  [email protected]
  Tejun Heo <[email protected]>
  Tony Nguyen <[email protected]>
  Ulf Hansson <[email protected]>
  Vladimir Oltean <[email protected]>
  Waiman Long <[email protected]>
  WangJinchao <[email protected]>
  Wei Liu <[email protected]>
  Wenjia Zhang <[email protected]>
  Will Mortensen <[email protected]>
  Yanguo Li <[email protected]>
  Yoshihiro Shimoda <[email protected]>
  YueHaibing <[email protected]>
  Zqiang <[email protected]>

jobs:
 build-amd64-xsm                                              pass    
 build-arm64-xsm                                              pass    
 build-i386-xsm                                               pass    
 build-amd64                                                  pass    
 build-arm64                                                  pass    
 build-armhf                                                  pass    
 build-i386                                                   pass    
 build-amd64-libvirt                                          pass    
 build-arm64-libvirt                                          pass    
 build-armhf-libvirt                                          pass    
 build-i386-libvirt                                           pass    
 build-amd64-pvops                                            pass    
 build-arm64-pvops                                            pass    
 build-armhf-pvops                                            pass    
 build-i386-pvops                                             pass    
 test-amd64-amd64-xl                                          pass    
 test-amd64-coresched-amd64-xl                                pass    
 test-arm64-arm64-xl                                          pass    
 test-armhf-armhf-xl                                          pass    
 test-amd64-amd64-libvirt-qemuu-debianhvm-amd64-xsm           pass    
 test-amd64-amd64-xl-qemut-stubdom-debianhvm-amd64-xsm        pass    
 test-amd64-amd64-xl-qemut-debianhvm-i386-xsm                 pass    
 test-amd64-amd64-xl-qemuu-debianhvm-i386-xsm                 pass    
 test-amd64-amd64-libvirt-xsm                                 pass    
 test-arm64-arm64-libvirt-xsm                                 pass    
 test-amd64-amd64-xl-xsm                                      pass    
 test-arm64-arm64-xl-xsm                                      pass    
 test-amd64-amd64-qemuu-nested-amd                            fail    
 test-amd64-amd64-xl-pvhv2-amd                                pass    
 test-amd64-amd64-dom0pvh-xl-amd                              pass    
 test-amd64-amd64-xl-qemut-debianhvm-amd64                    pass    
 test-amd64-amd64-xl-qemuu-debianhvm-amd64                    pass    
 test-amd64-amd64-freebsd11-amd64                             pass    
 test-amd64-amd64-freebsd12-amd64                             pass    
 test-amd64-amd64-xl-qemuu-ovmf-amd64                         pass    
 test-amd64-amd64-xl-qemut-win7-amd64                         fail    
 test-amd64-amd64-xl-qemuu-win7-amd64                         fail    
 test-amd64-amd64-xl-qemut-ws16-amd64                         fail    
 test-amd64-amd64-xl-qemuu-ws16-amd64                         fail    
 test-armhf-armhf-xl-arndale                                  pass    
 test-amd64-amd64-examine-bios                                pass    
 test-amd64-amd64-xl-credit1                                  pass    
 test-arm64-arm64-xl-credit1                                  pass    
 test-armhf-armhf-xl-credit1                                  pass    
 test-amd64-amd64-xl-credit2                                  pass    
 test-arm64-arm64-xl-credit2                                  pass    
 test-armhf-armhf-xl-credit2                                  pass    
 test-amd64-amd64-xl-qemuu-dmrestrict-amd64-dmrestrict        pass    
 test-amd64-amd64-examine                                     pass    
 test-arm64-arm64-examine                                     pass    
 test-armhf-armhf-examine                                     pass    
 test-amd64-amd64-qemuu-nested-intel                          pass    
 test-amd64-amd64-xl-pvhv2-intel                              pass    
 test-amd64-amd64-dom0pvh-xl-intel                            pass    
 test-amd64-amd64-libvirt                                     pass    
 test-armhf-armhf-libvirt                                     pass    
 test-amd64-amd64-xl-multivcpu                                pass    
 test-armhf-armhf-xl-multivcpu                                pass    
 test-amd64-amd64-pair                                        pass    
 test-amd64-amd64-libvirt-pair                                pass    
 test-amd64-amd64-xl-pvshim                                   pass    
 test-amd64-amd64-pygrub                                      pass    
 test-amd64-amd64-libvirt-qcow2                               pass    
 test-armhf-armhf-libvirt-qcow2                               pass    
 test-amd64-amd64-libvirt-raw                                 pass    
 test-arm64-arm64-libvirt-raw                                 pass    
 test-armhf-armhf-libvirt-raw                                 pass    
 test-amd64-amd64-xl-rtds                                     pass    
 test-armhf-armhf-xl-rtds                                     pass    
 test-amd64-amd64-xl-qemuu-debianhvm-amd64-shadow             pass    
 test-amd64-amd64-xl-shadow                                   pass    
 test-arm64-arm64-xl-thunderx                                 pass    
 test-amd64-amd64-examine-uefi                                pass    
 test-amd64-amd64-xl-vhd                                      pass    
 test-arm64-arm64-xl-vhd                                      pass    
 test-armhf-armhf-xl-vhd                                      pass    


------------------------------------------------------------
sg-report-flight on osstest.test-lab.xenproject.org
logs: /home/logs/logs
images: /home/logs/images

Logs, config files, etc. are available at
    http://logs.test-lab.xenproject.org/osstest/logs

Explanation of these reports, and of osstest in general, is at
    http://xenbits.xen.org/gitweb/?p=osstest.git;a=blob;f=README.email;hb=master
    http://xenbits.xen.org/gitweb/?p=osstest.git;a=blob;f=README;hb=master

Test harness code can be found at
    http://xenbits.xen.org/gitweb?p=osstest.git;a=summary


Pushing revision :

hint: The 'hooks/update' hook was ignored because it's not set as executable.
hint: You can disable this warning with `git config advice.ignoredHook false`.
hint: The 'hooks/post-receive' hook was ignored because it's not set as 
executable.
hint: You can disable this warning with `git config advice.ignoredHook false`.
hint: The 'hooks/post-update' hook was ignored because it's not set as 
executable.
hint: You can disable this warning with `git config advice.ignoredHook false`.
To xenbits.xen.org:/home/xen/git/linux-pvops.git
   401644852d0b..20f4757fa5ed  20f4757fa5ed2d9a7746d01b8950cfe04d593a0a -> 
tested/linux-linus

Reply via email to