flight 183335 linux-5.4 real [real]
http://logs.test-lab.xenproject.org/osstest/logs/183335/

Failures :-/ but no regressions.

Tests which did not succeed, but are not blocking:
 test-armhf-armhf-xl-multivcpu 18 guest-start/debian.repeat    fail like 183199
 test-armhf-armhf-xl-credit2  14 guest-start                  fail  like 183205
 test-armhf-armhf-xl-rtds     18 guest-start/debian.repeat    fail  like 183220
 test-armhf-armhf-libvirt-raw 15 saverestore-support-check    fail  like 183220
 test-armhf-armhf-libvirt     16 saverestore-support-check    fail  like 183226
 test-amd64-amd64-xl-qemuu-win7-amd64 19 guest-stop            fail like 183226
 test-amd64-i386-xl-qemut-win7-amd64 19 guest-stop             fail like 183226
 test-amd64-i386-xl-qemuu-win7-amd64 19 guest-stop             fail like 183226
 test-amd64-amd64-xl-qemut-win7-amd64 19 guest-stop            fail like 183226
 test-amd64-amd64-xl-qemuu-ws16-amd64 19 guest-stop            fail like 183226
 test-amd64-amd64-xl-qemut-ws16-amd64 19 guest-stop            fail like 183226
 test-amd64-amd64-qemuu-nested-amd 20 debian-hvm-install/l1/l2 fail like 183226
 test-amd64-i386-xl-qemut-ws16-amd64 19 guest-stop             fail like 183226
 test-armhf-armhf-libvirt-qcow2 15 saverestore-support-check   fail like 183226
 test-armhf-armhf-libvirt-qcow2 17 guest-start/debian.repeat   fail like 183226
 test-amd64-i386-xl-qemuu-ws16-amd64 19 guest-stop             fail like 183226
 test-arm64-arm64-xl          15 migrate-support-check        fail   never pass
 test-arm64-arm64-xl          16 saverestore-support-check    fail   never pass
 test-amd64-amd64-libvirt     15 migrate-support-check        fail   never pass
 test-amd64-i386-xl-pvshim    14 guest-start                  fail   never pass
 test-amd64-amd64-libvirt-xsm 15 migrate-support-check        fail   never pass
 test-amd64-i386-libvirt-xsm  15 migrate-support-check        fail   never pass
 test-amd64-i386-libvirt-qemuu-debianhvm-amd64-xsm 13 migrate-support-check 
fail never pass
 test-arm64-arm64-libvirt-xsm 15 migrate-support-check        fail   never pass
 test-arm64-arm64-libvirt-xsm 16 saverestore-support-check    fail   never pass
 test-arm64-arm64-xl-credit1  15 migrate-support-check        fail   never pass
 test-arm64-arm64-xl-credit1  16 saverestore-support-check    fail   never pass
 test-arm64-arm64-xl-thunderx 15 migrate-support-check        fail   never pass
 test-arm64-arm64-xl-thunderx 16 saverestore-support-check    fail   never pass
 test-armhf-armhf-xl-rtds     15 migrate-support-check        fail   never pass
 test-armhf-armhf-xl-rtds     16 saverestore-support-check    fail   never pass
 test-armhf-armhf-xl          15 migrate-support-check        fail   never pass
 test-armhf-armhf-xl          16 saverestore-support-check    fail   never pass
 test-armhf-armhf-libvirt     15 migrate-support-check        fail   never pass
 test-armhf-armhf-xl-multivcpu 15 migrate-support-check        fail  never pass
 test-armhf-armhf-xl-multivcpu 16 saverestore-support-check    fail  never pass
 test-armhf-armhf-xl-arndale  15 migrate-support-check        fail   never pass
 test-armhf-armhf-xl-arndale  16 saverestore-support-check    fail   never pass
 test-amd64-i386-libvirt-raw  14 migrate-support-check        fail   never pass
 test-amd64-amd64-libvirt-vhd 14 migrate-support-check        fail   never pass
 test-armhf-armhf-xl-credit1  15 migrate-support-check        fail   never pass
 test-armhf-armhf-xl-credit1  16 saverestore-support-check    fail   never pass
 test-arm64-arm64-libvirt-raw 14 migrate-support-check        fail   never pass
 test-arm64-arm64-libvirt-raw 15 saverestore-support-check    fail   never pass
 test-amd64-i386-libvirt      15 migrate-support-check        fail   never pass
 test-armhf-armhf-xl-vhd      14 migrate-support-check        fail   never pass
 test-armhf-armhf-xl-vhd      15 saverestore-support-check    fail   never pass
 test-amd64-amd64-libvirt-qemuu-debianhvm-amd64-xsm 13 migrate-support-check 
fail never pass
 test-armhf-armhf-libvirt-qcow2 14 migrate-support-check        fail never pass
 test-armhf-armhf-libvirt-raw 14 migrate-support-check        fail   never pass
 test-arm64-arm64-xl-credit2   3 hosts-allocate               starved  n/a
 test-arm64-arm64-xl-vhd       3 hosts-allocate               starved  n/a
 test-arm64-arm64-xl-xsm       3 hosts-allocate               starved  n/a

version targeted for testing:
 linux                02f78c59a0ed312a41d5d76397ea812c7cb19cb2
baseline version:
 linux                a140610d8aff1a06d36f8e4e9e66079b561d043d

Last test of basis   183226  2023-09-30 15:31:03 Z   10 days
Testing same since   183335  2023-10-10 20:15:05 Z    0 days    1 attempts

------------------------------------------------------------
People who touched revisions under test:
  Aaron Brown <[email protected]>
  Aleksandr Loktionov <[email protected]>
  Alex Deucher <[email protected]>
  Alexandra Diupina <[email protected]>
  Alexei Starovoitov <[email protected]>
  Amanda Liu <[email protected]>
  Andrew Bowers <[email protected]>
  Andrew Morton <[email protected]>
  Andy Shevchenko <[email protected]>
  Anna Schumaker <[email protected]>
  Anthony Koo <[email protected]>
  Arkadiusz Kubalewski <[email protected]>
  Arnd Bergmann <[email protected]>
  Artem Chernyshev <[email protected]>
  Bartosz Golaszewski <[email protected]>
  Ben Wolsieffer <[email protected]>
  Benjamin Block <[email protected]>
  Benjamin Gray <[email protected]>
  Bernard Metzler <[email protected]>
  Brian Norris <[email protected]>
  Casey Schaufler <[email protected]>
  Chia-Lin Kao (AceLan) <[email protected]>
  Christoph Hellwig <[email protected]>
  Christophe JAILLET <[email protected]>
  Chuck Lever <[email protected]>
  Damien Le Moal <[email protected]>
  Daniel Borkmann <[email protected]>
  Daniel P. Berrangé <[email protected]>
  David Howells <[email protected]>
  David S. Miller <[email protected]>
  David Sterba <[email protected]>
  Dhruva Gole <[email protected]>
  Dinghao Liu <[email protected]>
  Disha Goel <[email protected]>
  Dmitry Monakhov <[email protected]>
  Dmitry Torokhov <[email protected]>
  Duje Mihanović <[email protected]>
  Eric Dumazet <[email protected]>
  Fabio Estevam <[email protected]>
  Felix Fietkau <[email protected]>
  Florian Fainelli <[email protected]>
  Florian Westphal <[email protected]>
  Geert Uytterhoeven <[email protected]>
  Greg Kroah-Hartman <[email protected]>
  Greg Ungerer <[email protected]>
  Gregory Greenman <[email protected]>
  Grzegorz Szczurek <[email protected]>
  Guenter Roeck <[email protected]>
  Gustavo A. R. Silva <[email protected]>
  Hamza Mahfooz <[email protected]>
  Han Xu <[email protected]>
  Harshit Mogalapalli <[email protected]>
  Heiner Kallweit <[email protected]>
  Helge Deller <[email protected]>
  Himanshu Madhani <[email protected]>
  Hsin-Wei Hung <[email protected]>
  Ilya Dryomov <[email protected]>
  Ivan Babrou <[email protected]>
  Ivan Vecera <[email protected]>
  Ivanov Mikhail <[email protected]>
  Jakub Kicinski <[email protected]>
  Jan Kara <[email protected]>
  Jeff Kirsher <[email protected]>
  Jeremy Cline <[email protected]>
  Jerome Brunet <[email protected]>
  Jie Wang <[email protected]>
  Jijie Shao <[email protected]>
  Johannes Berg <[email protected]>
  John David Anglin <[email protected]>
  John David Anglin <[email protected]>
  John Paul Adrian Glaubitz <[email protected]>
  Johnathan Mantey <[email protected]>
  Jon Hunter <[email protected]>
  Jordan Rife <[email protected]>
  Josef Bacik <[email protected]>
  Jozsef Kadlecsik <[email protected]>
  Juergen Gross <[email protected]>
  Julia Lawall <[email protected]>
  Junxiao Bi <[email protected]>
  Kailang Yang <[email protected]>
  Kajol Jain <[email protected]>
  Kalle Valo <[email protected]>
  Karen Sornek <[email protected]>
  Kees Cook <[email protected]>
  Keith Busch <[email protected]>
  Kemeng Shi <[email protected]>
  Kevin Hilman <[email protected]>
  Konrad Jankowski <[email protected]>
  Konstantin Meskhidze <[email protected]>
  Kyle Zeng <[email protected]>
  Leon Romanovsky <[email protected]>
  Leon Romanovsky <[email protected]>
  Linux Kernel Functional Testing <[email protected]>
  Lukas Bulwahn <[email protected]>
  Lukas Czerner <[email protected]>
  Mark Brown <[email protected]>
  Martin K. Petersen <[email protected]>
  Masahiro Yamada <[email protected]>
  Masami Hiramatsu (Google) <[email protected]>
  Matthias Schiffer <[email protected]>
  Mauricio Faria de Oliveira <[email protected]>
  Max Filippov <[email protected]>
  Michael Ellerman <[email protected]>
  Mika Westerberg <[email protected]>
  Mikko Perttunen <[email protected]>
  Mimi Zohar <[email protected]>
  Naresh Kamboju <[email protected]>
  Neal Cardwell <[email protected]>
  Niklas Cassel <[email protected]>
  Nikolay Aleksandrov <[email protected]>
  Nilesh Javali <[email protected]>
  Oleksandr Tymoshenko <[email protected]>
  Pablo Neira Ayuso <[email protected]>
  Pan Bian <[email protected]>
  Paolo Abeni <[email protected]>
  Pin-yen Lin <[email protected]>
  Pratyush Yadav <[email protected]>
  Qingqing Zhuo <[email protected]>
  Quinn Tran <[email protected]>
  Rafal Romanowski <[email protected]>
  Randy Dunlap <[email protected]>
  Randy Dunlap <[email protected]> # build-tested
  Richard Fitzgerald <[email protected]>
  Richard Weinberger <[email protected]>
  Roberto Sassu <[email protected]>
  Rodrigo Siqueira <[email protected]>
  Ryusuke Konishi <[email protected]>
  Sabrina Dubroca <[email protected]>
  Sasha Levin <[email protected]>
  Shay Drory <[email protected]>
  Shengjiu Wang <[email protected]>
  Shigeru Yoshida <[email protected]>
  Shuah Khan <[email protected]>
  Stanislav Fomichev <[email protected]>
  Stefan Assmann <[email protected]>
  Stephen Boyd <[email protected]>
  Steven Rostedt (Google) <[email protected]>
  Sylwia Wnuczko <[email protected]>
  Szuying Chen <[email protected]>
  Szuying Chen <[email protected]>
  Takashi Iwai <[email protected]>
  Theodore Ts'o <[email protected]>
  Thomas Bogendoerfer <[email protected]>
  Thomas Zimmermann <[email protected]>
  Timo Alho <[email protected]>
  Toke Høiland-Jørgensen <[email protected]>
  Tony Brelinski <[email protected]>
  Tony Lindgren <[email protected]>
  Tony Nguyen <[email protected]>
  Trond Myklebust <[email protected]>
  Vishal Goel <[email protected]>
  Wang Jianchao <[email protected]>
  Wenhua Lin <[email protected]>
  Werner Sembach <[email protected]>
  Wim Van Sebroeck <[email protected]>
  Wolfram Sang <[email protected]>
  Xiaoke Wang <[email protected]>
  Xin Long <[email protected]>
  Zheng Yejian <[email protected]>
  Zhihao Cheng <[email protected]>
  Ziyang Xuan <[email protected]>

jobs:
 build-amd64-xsm                                              pass    
 build-arm64-xsm                                              pass    
 build-i386-xsm                                               pass    
 build-amd64                                                  pass    
 build-arm64                                                  pass    
 build-armhf                                                  pass    
 build-i386                                                   pass    
 build-amd64-libvirt                                          pass    
 build-arm64-libvirt                                          pass    
 build-armhf-libvirt                                          pass    
 build-i386-libvirt                                           pass    
 build-amd64-pvops                                            pass    
 build-arm64-pvops                                            pass    
 build-armhf-pvops                                            pass    
 build-i386-pvops                                             pass    
 test-amd64-amd64-xl                                          pass    
 test-amd64-coresched-amd64-xl                                pass    
 test-arm64-arm64-xl                                          pass    
 test-armhf-armhf-xl                                          pass    
 test-amd64-i386-xl                                           pass    
 test-amd64-coresched-i386-xl                                 pass    
 test-amd64-amd64-libvirt-qemuu-debianhvm-amd64-xsm           pass    
 test-amd64-i386-libvirt-qemuu-debianhvm-amd64-xsm            pass    
 test-amd64-amd64-xl-qemut-stubdom-debianhvm-amd64-xsm        pass    
 test-amd64-i386-xl-qemut-stubdom-debianhvm-amd64-xsm         pass    
 test-amd64-amd64-xl-qemut-debianhvm-i386-xsm                 pass    
 test-amd64-i386-xl-qemut-debianhvm-i386-xsm                  pass    
 test-amd64-amd64-xl-qemuu-debianhvm-i386-xsm                 pass    
 test-amd64-i386-xl-qemuu-debianhvm-i386-xsm                  pass    
 test-amd64-amd64-libvirt-xsm                                 pass    
 test-arm64-arm64-libvirt-xsm                                 pass    
 test-amd64-i386-libvirt-xsm                                  pass    
 test-amd64-amd64-xl-xsm                                      pass    
 test-arm64-arm64-xl-xsm                                      starved 
 test-amd64-i386-xl-xsm                                       pass    
 test-amd64-amd64-qemuu-nested-amd                            fail    
 test-amd64-amd64-xl-pvhv2-amd                                pass    
 test-amd64-i386-qemut-rhel6hvm-amd                           pass    
 test-amd64-i386-qemuu-rhel6hvm-amd                           pass    
 test-amd64-amd64-dom0pvh-xl-amd                              pass    
 test-amd64-amd64-xl-qemut-debianhvm-amd64                    pass    
 test-amd64-i386-xl-qemut-debianhvm-amd64                     pass    
 test-amd64-amd64-xl-qemuu-debianhvm-amd64                    pass    
 test-amd64-i386-xl-qemuu-debianhvm-amd64                     pass    
 test-amd64-i386-freebsd10-amd64                              pass    
 test-amd64-amd64-qemuu-freebsd11-amd64                       pass    
 test-amd64-amd64-qemuu-freebsd12-amd64                       pass    
 test-amd64-amd64-xl-qemuu-ovmf-amd64                         pass    
 test-amd64-i386-xl-qemuu-ovmf-amd64                          pass    
 test-amd64-amd64-xl-qemut-win7-amd64                         fail    
 test-amd64-i386-xl-qemut-win7-amd64                          fail    
 test-amd64-amd64-xl-qemuu-win7-amd64                         fail    
 test-amd64-i386-xl-qemuu-win7-amd64                          fail    
 test-amd64-amd64-xl-qemut-ws16-amd64                         fail    
 test-amd64-i386-xl-qemut-ws16-amd64                          fail    
 test-amd64-amd64-xl-qemuu-ws16-amd64                         fail    
 test-amd64-i386-xl-qemuu-ws16-amd64                          fail    
 test-armhf-armhf-xl-arndale                                  pass    
 test-amd64-amd64-examine-bios                                pass    
 test-amd64-i386-examine-bios                                 pass    
 test-amd64-amd64-xl-credit1                                  pass    
 test-arm64-arm64-xl-credit1                                  pass    
 test-armhf-armhf-xl-credit1                                  pass    
 test-amd64-amd64-xl-credit2                                  pass    
 test-arm64-arm64-xl-credit2                                  starved 
 test-armhf-armhf-xl-credit2                                  fail    
 test-amd64-amd64-xl-qemuu-dmrestrict-amd64-dmrestrict        pass    
 test-amd64-i386-xl-qemuu-dmrestrict-amd64-dmrestrict         pass    
 test-amd64-amd64-examine                                     pass    
 test-arm64-arm64-examine                                     pass    
 test-armhf-armhf-examine                                     pass    
 test-amd64-i386-examine                                      pass    
 test-amd64-i386-freebsd10-i386                               pass    
 test-amd64-amd64-qemuu-nested-intel                          pass    
 test-amd64-amd64-xl-pvhv2-intel                              pass    
 test-amd64-i386-qemut-rhel6hvm-intel                         pass    
 test-amd64-i386-qemuu-rhel6hvm-intel                         pass    
 test-amd64-amd64-dom0pvh-xl-intel                            pass    
 test-amd64-amd64-libvirt                                     pass    
 test-armhf-armhf-libvirt                                     pass    
 test-amd64-i386-libvirt                                      pass    
 test-amd64-amd64-xl-multivcpu                                pass    
 test-armhf-armhf-xl-multivcpu                                fail    
 test-amd64-amd64-pair                                        pass    
 test-amd64-i386-pair                                         pass    
 test-amd64-amd64-libvirt-pair                                pass    
 test-amd64-i386-libvirt-pair                                 pass    
 test-amd64-amd64-xl-pvshim                                   pass    
 test-amd64-i386-xl-pvshim                                    fail    
 test-amd64-amd64-pygrub                                      pass    
 test-armhf-armhf-libvirt-qcow2                               fail    
 test-amd64-amd64-xl-qcow2                                    pass    
 test-arm64-arm64-libvirt-raw                                 pass    
 test-armhf-armhf-libvirt-raw                                 pass    
 test-amd64-i386-libvirt-raw                                  pass    
 test-amd64-amd64-xl-rtds                                     pass    
 test-armhf-armhf-xl-rtds                                     fail    
 test-amd64-amd64-xl-qemuu-debianhvm-amd64-shadow             pass    
 test-amd64-i386-xl-qemuu-debianhvm-amd64-shadow              pass    
 test-amd64-amd64-xl-shadow                                   pass    
 test-amd64-i386-xl-shadow                                    pass    
 test-arm64-arm64-xl-thunderx                                 pass    
 test-amd64-amd64-examine-uefi                                pass    
 test-amd64-i386-examine-uefi                                 pass    
 test-amd64-amd64-libvirt-vhd                                 pass    
 test-arm64-arm64-xl-vhd                                      starved 
 test-armhf-armhf-xl-vhd                                      pass    
 test-amd64-i386-xl-vhd                                       pass    


------------------------------------------------------------
sg-report-flight on osstest.test-lab.xenproject.org
logs: /home/logs/logs
images: /home/logs/images

Logs, config files, etc. are available at
    http://logs.test-lab.xenproject.org/osstest/logs

Explanation of these reports, and of osstest in general, is at
    http://xenbits.xen.org/gitweb/?p=osstest.git;a=blob;f=README.email;hb=master
    http://xenbits.xen.org/gitweb/?p=osstest.git;a=blob;f=README;hb=master

Test harness code can be found at
    http://xenbits.xen.org/gitweb?p=osstest.git;a=summary


Pushing revision :

hint: The 'hooks/update' hook was ignored because it's not set as executable.
hint: You can disable this warning with `git config advice.ignoredHook false`.
hint: The 'hooks/post-receive' hook was ignored because it's not set as 
executable.
hint: You can disable this warning with `git config advice.ignoredHook false`.
hint: The 'hooks/post-update' hook was ignored because it's not set as 
executable.
hint: You can disable this warning with `git config advice.ignoredHook false`.
To xenbits.xen.org:/home/xen/git/linux-pvops.git
   a140610d8aff..02f78c59a0ed  02f78c59a0ed312a41d5d76397ea812c7cb19cb2 -> 
tested/linux-5.4

Reply via email to