flight 183304 linux-linus real [real]
http://logs.test-lab.xenproject.org/osstest/logs/183304/

Failures :-/ but no regressions.

Tests which did not succeed, but are not blocking:
 test-amd64-amd64-xl-qemut-win7-amd64 19 guest-stop            fail like 183284
 test-amd64-amd64-xl-qemuu-win7-amd64 19 guest-stop            fail like 183284
 test-amd64-amd64-xl-qemuu-ws16-amd64 19 guest-stop            fail like 183284
 test-armhf-armhf-libvirt-raw 15 saverestore-support-check    fail  like 183284
 test-armhf-armhf-libvirt     16 saverestore-support-check    fail  like 183284
 test-amd64-amd64-xl-qemut-ws16-amd64 19 guest-stop            fail like 183284
 test-armhf-armhf-libvirt-qcow2 15 saverestore-support-check   fail like 183284
 test-amd64-amd64-qemuu-nested-amd 20 debian-hvm-install/l1/l2 fail like 183284
 test-amd64-amd64-libvirt-xsm 15 migrate-support-check        fail   never pass
 test-arm64-arm64-xl-thunderx 15 migrate-support-check        fail   never pass
 test-arm64-arm64-xl-thunderx 16 saverestore-support-check    fail   never pass
 test-arm64-arm64-xl-xsm      15 migrate-support-check        fail   never pass
 test-arm64-arm64-xl-xsm      16 saverestore-support-check    fail   never pass
 test-arm64-arm64-xl          15 migrate-support-check        fail   never pass
 test-arm64-arm64-xl          16 saverestore-support-check    fail   never pass
 test-arm64-arm64-libvirt-xsm 15 migrate-support-check        fail   never pass
 test-arm64-arm64-libvirt-xsm 16 saverestore-support-check    fail   never pass
 test-arm64-arm64-xl-credit2  15 migrate-support-check        fail   never pass
 test-arm64-arm64-xl-credit2  16 saverestore-support-check    fail   never pass
 test-amd64-amd64-libvirt-qemuu-debianhvm-amd64-xsm 13 migrate-support-check 
fail never pass
 test-armhf-armhf-xl-arndale  15 migrate-support-check        fail   never pass
 test-armhf-armhf-xl-arndale  16 saverestore-support-check    fail   never pass
 test-armhf-armhf-xl-multivcpu 15 migrate-support-check        fail  never pass
 test-armhf-armhf-xl-multivcpu 16 saverestore-support-check    fail  never pass
 test-arm64-arm64-xl-credit1  15 migrate-support-check        fail   never pass
 test-arm64-arm64-xl-credit1  16 saverestore-support-check    fail   never pass
 test-amd64-amd64-libvirt-qcow2 14 migrate-support-check        fail never pass
 test-amd64-amd64-libvirt-raw 14 migrate-support-check        fail   never pass
 test-arm64-arm64-libvirt-raw 14 migrate-support-check        fail   never pass
 test-arm64-arm64-libvirt-raw 15 saverestore-support-check    fail   never pass
 test-arm64-arm64-xl-vhd      14 migrate-support-check        fail   never pass
 test-arm64-arm64-xl-vhd      15 saverestore-support-check    fail   never pass
 test-amd64-amd64-libvirt     15 migrate-support-check        fail   never pass
 test-armhf-armhf-libvirt-raw 14 migrate-support-check        fail   never pass
 test-armhf-armhf-xl-vhd      14 migrate-support-check        fail   never pass
 test-armhf-armhf-xl-vhd      15 saverestore-support-check    fail   never pass
 test-armhf-armhf-xl          15 migrate-support-check        fail   never pass
 test-armhf-armhf-xl          16 saverestore-support-check    fail   never pass
 test-armhf-armhf-xl-rtds     15 migrate-support-check        fail   never pass
 test-armhf-armhf-xl-credit2  15 migrate-support-check        fail   never pass
 test-armhf-armhf-xl-rtds     16 saverestore-support-check    fail   never pass
 test-armhf-armhf-xl-credit2  16 saverestore-support-check    fail   never pass
 test-armhf-armhf-libvirt     15 migrate-support-check        fail   never pass
 test-armhf-armhf-xl-credit1  15 migrate-support-check        fail   never pass
 test-armhf-armhf-xl-credit1  16 saverestore-support-check    fail   never pass
 test-armhf-armhf-libvirt-qcow2 14 migrate-support-check        fail never pass

version targeted for testing:
 linux                af95dc6fdc25e616051d0234aad638e15c02ec8f
baseline version:
 linux                b78b18fb8ee19f7a05f20c3abc865b3bfe182884

Last test of basis   183284  2023-10-06 05:23:40 Z    0 days
Testing same since   183304  2023-10-06 21:41:37 Z    0 days    1 attempts

------------------------------------------------------------
People who touched revisions under test:
  Alex Deucher <[email protected]>
  Andi Shyti <[email protected]>
  Armin Wolf <[email protected]>
  Arthur Grillo <[email protected]>
  Aurabindo Pillai <[email protected]>
  Bjorn Helgaas <[email protected]>
  Chris Wilson <[email protected]>
  Daniel Wheeler <[email protected]>
  Danilo Krummrich <[email protected]>
  Dave Airlie <[email protected]>
  David Perry <[email protected]>
  David Sterba <[email protected]>
  Faith Ekstrand <[email protected]>
  Filipe Manana <[email protected]>
  Hans de Goede <[email protected]>
  Jing Zhang <[email protected]>
  Jithu Joseph <[email protected]>
  Jonathan Cavitt <[email protected]>
  Josef Bacik <[email protected]>
  Kai Uwe Broulik <[email protected]>
  Kenneth Feng <[email protected]>
  Linus Torvalds <[email protected]>
  Liviu Dudau <[email protected]>
  Lizhi Hou <[email protected]>
  Luben Tuikov <[email protected]>
  Mario Limonciello <[email protected]>
  Mathias Krause <[email protected]>
  Matt Roper <[email protected]>
  Maxime Ripard <[email protected]>
  Maíra Canal <[email protected]>
  Mika Westerberg <[email protected]>
  Nirmoy Das <[email protected]>
  Oza Pawandeep <[email protected]>
  Qu Wenruo <[email protected]>
  Rafael J. Wysocki <[email protected]>
  Randy Dunlap <[email protected]>
  Renan Guilherme Lebre Ramos <[email protected]>
  Rob Herring <[email protected]>
  Robert Marko <[email protected]>
  Rodrigo Vivi <[email protected]>
  Samson Tam <[email protected]>
  Sricharan Ramabadhran <[email protected]>
  Tapani Pälli <[email protected]>
  Thomas Zimmermann <[email protected]>
  Tomasz Swiatek <[email protected]>
  Tvrtko Ursulin <[email protected]>
  Uwe Kleine-König <[email protected]>
  Will Deacon <[email protected]>

jobs:
 build-amd64-xsm                                              pass    
 build-arm64-xsm                                              pass    
 build-i386-xsm                                               pass    
 build-amd64                                                  pass    
 build-arm64                                                  pass    
 build-armhf                                                  pass    
 build-i386                                                   pass    
 build-amd64-libvirt                                          pass    
 build-arm64-libvirt                                          pass    
 build-armhf-libvirt                                          pass    
 build-i386-libvirt                                           pass    
 build-amd64-pvops                                            pass    
 build-arm64-pvops                                            pass    
 build-armhf-pvops                                            pass    
 build-i386-pvops                                             pass    
 test-amd64-amd64-xl                                          pass    
 test-amd64-coresched-amd64-xl                                pass    
 test-arm64-arm64-xl                                          pass    
 test-armhf-armhf-xl                                          pass    
 test-amd64-amd64-libvirt-qemuu-debianhvm-amd64-xsm           pass    
 test-amd64-amd64-xl-qemut-stubdom-debianhvm-amd64-xsm        pass    
 test-amd64-amd64-xl-qemut-debianhvm-i386-xsm                 pass    
 test-amd64-amd64-xl-qemuu-debianhvm-i386-xsm                 pass    
 test-amd64-amd64-libvirt-xsm                                 pass    
 test-arm64-arm64-libvirt-xsm                                 pass    
 test-amd64-amd64-xl-xsm                                      pass    
 test-arm64-arm64-xl-xsm                                      pass    
 test-amd64-amd64-qemuu-nested-amd                            fail    
 test-amd64-amd64-xl-pvhv2-amd                                pass    
 test-amd64-amd64-dom0pvh-xl-amd                              pass    
 test-amd64-amd64-xl-qemut-debianhvm-amd64                    pass    
 test-amd64-amd64-xl-qemuu-debianhvm-amd64                    pass    
 test-amd64-amd64-freebsd11-amd64                             pass    
 test-amd64-amd64-freebsd12-amd64                             pass    
 test-amd64-amd64-xl-qemuu-ovmf-amd64                         pass    
 test-amd64-amd64-xl-qemut-win7-amd64                         fail    
 test-amd64-amd64-xl-qemuu-win7-amd64                         fail    
 test-amd64-amd64-xl-qemut-ws16-amd64                         fail    
 test-amd64-amd64-xl-qemuu-ws16-amd64                         fail    
 test-armhf-armhf-xl-arndale                                  pass    
 test-amd64-amd64-examine-bios                                pass    
 test-amd64-amd64-xl-credit1                                  pass    
 test-arm64-arm64-xl-credit1                                  pass    
 test-armhf-armhf-xl-credit1                                  pass    
 test-amd64-amd64-xl-credit2                                  pass    
 test-arm64-arm64-xl-credit2                                  pass    
 test-armhf-armhf-xl-credit2                                  pass    
 test-amd64-amd64-xl-qemuu-dmrestrict-amd64-dmrestrict        pass    
 test-amd64-amd64-examine                                     pass    
 test-arm64-arm64-examine                                     pass    
 test-armhf-armhf-examine                                     pass    
 test-amd64-amd64-qemuu-nested-intel                          pass    
 test-amd64-amd64-xl-pvhv2-intel                              pass    
 test-amd64-amd64-dom0pvh-xl-intel                            pass    
 test-amd64-amd64-libvirt                                     pass    
 test-armhf-armhf-libvirt                                     pass    
 test-amd64-amd64-xl-multivcpu                                pass    
 test-armhf-armhf-xl-multivcpu                                pass    
 test-amd64-amd64-pair                                        pass    
 test-amd64-amd64-libvirt-pair                                pass    
 test-amd64-amd64-xl-pvshim                                   pass    
 test-amd64-amd64-pygrub                                      pass    
 test-amd64-amd64-libvirt-qcow2                               pass    
 test-armhf-armhf-libvirt-qcow2                               pass    
 test-amd64-amd64-libvirt-raw                                 pass    
 test-arm64-arm64-libvirt-raw                                 pass    
 test-armhf-armhf-libvirt-raw                                 pass    
 test-amd64-amd64-xl-rtds                                     pass    
 test-armhf-armhf-xl-rtds                                     pass    
 test-amd64-amd64-xl-qemuu-debianhvm-amd64-shadow             pass    
 test-amd64-amd64-xl-shadow                                   pass    
 test-arm64-arm64-xl-thunderx                                 pass    
 test-amd64-amd64-examine-uefi                                pass    
 test-amd64-amd64-xl-vhd                                      pass    
 test-arm64-arm64-xl-vhd                                      pass    
 test-armhf-armhf-xl-vhd                                      pass    


------------------------------------------------------------
sg-report-flight on osstest.test-lab.xenproject.org
logs: /home/logs/logs
images: /home/logs/images

Logs, config files, etc. are available at
    http://logs.test-lab.xenproject.org/osstest/logs

Explanation of these reports, and of osstest in general, is at
    http://xenbits.xen.org/gitweb/?p=osstest.git;a=blob;f=README.email;hb=master
    http://xenbits.xen.org/gitweb/?p=osstest.git;a=blob;f=README;hb=master

Test harness code can be found at
    http://xenbits.xen.org/gitweb?p=osstest.git;a=summary


Pushing revision :

hint: The 'hooks/update' hook was ignored because it's not set as executable.
hint: You can disable this warning with `git config advice.ignoredHook false`.
hint: The 'hooks/post-receive' hook was ignored because it's not set as 
executable.
hint: You can disable this warning with `git config advice.ignoredHook false`.
hint: The 'hooks/post-update' hook was ignored because it's not set as 
executable.
hint: You can disable this warning with `git config advice.ignoredHook false`.
To xenbits.xen.org:/home/xen/git/linux-pvops.git
   b78b18fb8ee1..af95dc6fdc25  af95dc6fdc25e616051d0234aad638e15c02ec8f -> 
tested/linux-linus

Reply via email to