flight 183166 linux-5.4 real [real]
flight 183171 linux-5.4 real-retest [real]
http://logs.test-lab.xenproject.org/osstest/logs/183166/
http://logs.test-lab.xenproject.org/osstest/logs/183171/
Regressions :-(
Tests which did not succeed and are blocking,
including tests which could not be run:
test-armhf-armhf-xl-credit1 19 guest-start.2 fail in 183144 REGR. vs. 182613
Tests which are failing intermittently (not blocking):
test-armhf-armhf-libvirt-qcow2 17 guest-start/debian.repeat fail in 183144
pass in 183159
test-armhf-armhf-xl-credit2 14 guest-start fail in 183144 pass in 183166
test-amd64-i386-xl-qemut-debianhvm-i386-xsm 12 debian-hvm-install fail in
183144 pass in 183166
test-arm64-arm64-libvirt-raw 18 guest-start.2 fail in 183149 pass in 183166
test-armhf-armhf-xl-credit1 18 guest-start/debian.repeat fail in 183159 pass
in 183144
test-amd64-i386-qemuu-rhel6hvm-intel 14 guest-start/redhat.repeat fail in
183159 pass in 183166
test-armhf-armhf-xl-vhd 13 guest-start fail in 183159 pass in 183166
test-armhf-armhf-libvirt-raw 13 guest-start fail pass in 183149
test-amd64-i386-examine-uefi 6 xen-install fail pass in 183159
test-armhf-armhf-xl-multivcpu 8 xen-boot fail pass in 183159
test-armhf-armhf-xl-credit1 14 guest-start fail pass in 183159
test-armhf-armhf-libvirt-qcow2 13 guest-start fail pass in 183159
Tests which did not succeed, but are not blocking:
test-armhf-armhf-libvirt-raw 15 saverestore-support-check fail in 183144 like
182613
test-armhf-armhf-libvirt-raw 14 migrate-support-check fail in 183144 never pass
test-armhf-armhf-xl-multivcpu 18 guest-start/debian.repeat fail in 183159
blocked in 182613
test-armhf-armhf-libvirt-qcow2 15 saverestore-support-check fail in 183159
like 182613
test-armhf-armhf-xl-multivcpu 15 migrate-support-check fail in 183159 never
pass
test-armhf-armhf-xl-multivcpu 16 saverestore-support-check fail in 183159
never pass
test-armhf-armhf-xl-credit1 15 migrate-support-check fail in 183159 never pass
test-armhf-armhf-xl-credit1 16 saverestore-support-check fail in 183159 never
pass
test-armhf-armhf-libvirt-qcow2 14 migrate-support-check fail in 183159 never
pass
test-armhf-armhf-libvirt 16 saverestore-support-check fail like 182613
test-amd64-amd64-xl-qemuu-win7-amd64 19 guest-stop fail like 182613
test-amd64-i386-xl-qemut-win7-amd64 19 guest-stop fail like 182613
test-amd64-i386-xl-qemuu-win7-amd64 19 guest-stop fail like 182613
test-amd64-amd64-xl-qemut-win7-amd64 19 guest-stop fail like 182613
test-amd64-amd64-qemuu-nested-amd 20 debian-hvm-install/l1/l2 fail like 182613
test-armhf-armhf-xl 18 guest-start/debian.repeat fail like 182613
test-armhf-armhf-xl-rtds 18 guest-start/debian.repeat fail like 182613
test-amd64-amd64-xl-qemuu-ws16-amd64 19 guest-stop fail like 182613
test-amd64-amd64-xl-qemut-ws16-amd64 19 guest-stop fail like 182613
test-amd64-i386-xl-qemut-ws16-amd64 19 guest-stop fail like 182613
test-amd64-i386-xl-qemuu-ws16-amd64 19 guest-stop fail like 182613
test-arm64-arm64-xl 15 migrate-support-check fail never pass
test-arm64-arm64-xl 16 saverestore-support-check fail never pass
test-amd64-i386-libvirt-xsm 15 migrate-support-check fail never pass
test-amd64-i386-xl-pvshim 14 guest-start fail never pass
test-amd64-amd64-libvirt 15 migrate-support-check fail never pass
test-amd64-amd64-libvirt-xsm 15 migrate-support-check fail never pass
test-arm64-arm64-xl-thunderx 15 migrate-support-check fail never pass
test-arm64-arm64-xl-thunderx 16 saverestore-support-check fail never pass
test-arm64-arm64-xl-credit1 15 migrate-support-check fail never pass
test-arm64-arm64-xl-xsm 15 migrate-support-check fail never pass
test-arm64-arm64-xl-credit1 16 saverestore-support-check fail never pass
test-arm64-arm64-xl-xsm 16 saverestore-support-check fail never pass
test-arm64-arm64-libvirt-xsm 15 migrate-support-check fail never pass
test-arm64-arm64-libvirt-xsm 16 saverestore-support-check fail never pass
test-armhf-armhf-xl-credit2 15 migrate-support-check fail never pass
test-armhf-armhf-xl-credit2 16 saverestore-support-check fail never pass
test-amd64-amd64-libvirt-qemuu-debianhvm-amd64-xsm 13 migrate-support-check
fail never pass
test-amd64-i386-libvirt-qemuu-debianhvm-amd64-xsm 13 migrate-support-check
fail never pass
test-armhf-armhf-xl-arndale 15 migrate-support-check fail never pass
test-armhf-armhf-xl-arndale 16 saverestore-support-check fail never pass
test-arm64-arm64-xl-credit2 15 migrate-support-check fail never pass
test-arm64-arm64-xl-credit2 16 saverestore-support-check fail never pass
test-armhf-armhf-libvirt 15 migrate-support-check fail never pass
test-armhf-armhf-xl 15 migrate-support-check fail never pass
test-armhf-armhf-xl 16 saverestore-support-check fail never pass
test-armhf-armhf-xl-rtds 15 migrate-support-check fail never pass
test-armhf-armhf-xl-rtds 16 saverestore-support-check fail never pass
test-amd64-i386-libvirt-raw 14 migrate-support-check fail never pass
test-amd64-amd64-libvirt-vhd 14 migrate-support-check fail never pass
test-arm64-arm64-libvirt-raw 14 migrate-support-check fail never pass
test-arm64-arm64-libvirt-raw 15 saverestore-support-check fail never pass
test-arm64-arm64-xl-vhd 14 migrate-support-check fail never pass
test-arm64-arm64-xl-vhd 15 saverestore-support-check fail never pass
test-amd64-i386-libvirt 15 migrate-support-check fail never pass
test-armhf-armhf-xl-vhd 14 migrate-support-check fail never pass
test-armhf-armhf-xl-vhd 15 saverestore-support-check fail never pass
version targeted for testing:
linux a140610d8aff1a06d36f8e4e9e66079b561d043d
baseline version:
linux 0c2544add9fc25c0e54a2167d6a2cfd2e696cf58
Last test of basis 182613 2023-09-02 07:45:54 Z 23 days
Testing same since 183129 2023-09-23 09:20:22 Z 2 days 6 attempts
------------------------------------------------------------
373 people touched revisions under test,
not listing them all
jobs:
build-amd64-xsm pass
build-arm64-xsm pass
build-i386-xsm pass
build-amd64 pass
build-arm64 pass
build-armhf pass
build-i386 pass
build-amd64-libvirt pass
build-arm64-libvirt pass
build-armhf-libvirt pass
build-i386-libvirt pass
build-amd64-pvops pass
build-arm64-pvops pass
build-armhf-pvops pass
build-i386-pvops pass
test-amd64-amd64-xl pass
test-amd64-coresched-amd64-xl pass
test-arm64-arm64-xl pass
test-armhf-armhf-xl fail
test-amd64-i386-xl pass
test-amd64-coresched-i386-xl pass
test-amd64-amd64-libvirt-qemuu-debianhvm-amd64-xsm pass
test-amd64-i386-libvirt-qemuu-debianhvm-amd64-xsm pass
test-amd64-amd64-xl-qemut-stubdom-debianhvm-amd64-xsm pass
test-amd64-i386-xl-qemut-stubdom-debianhvm-amd64-xsm pass
test-amd64-amd64-xl-qemut-debianhvm-i386-xsm pass
test-amd64-i386-xl-qemut-debianhvm-i386-xsm pass
test-amd64-amd64-xl-qemuu-debianhvm-i386-xsm pass
test-amd64-i386-xl-qemuu-debianhvm-i386-xsm pass
test-amd64-amd64-libvirt-xsm pass
test-arm64-arm64-libvirt-xsm pass
test-amd64-i386-libvirt-xsm pass
test-amd64-amd64-xl-xsm pass
test-arm64-arm64-xl-xsm pass
test-amd64-i386-xl-xsm pass
test-amd64-amd64-qemuu-nested-amd fail
test-amd64-amd64-xl-pvhv2-amd pass
test-amd64-i386-qemut-rhel6hvm-amd pass
test-amd64-i386-qemuu-rhel6hvm-amd pass
test-amd64-amd64-dom0pvh-xl-amd pass
test-amd64-amd64-xl-qemut-debianhvm-amd64 pass
test-amd64-i386-xl-qemut-debianhvm-amd64 pass
test-amd64-amd64-xl-qemuu-debianhvm-amd64 pass
test-amd64-i386-xl-qemuu-debianhvm-amd64 pass
test-amd64-i386-freebsd10-amd64 pass
test-amd64-amd64-qemuu-freebsd11-amd64 pass
test-amd64-amd64-qemuu-freebsd12-amd64 pass
test-amd64-amd64-xl-qemuu-ovmf-amd64 pass
test-amd64-i386-xl-qemuu-ovmf-amd64 pass
test-amd64-amd64-xl-qemut-win7-amd64 fail
test-amd64-i386-xl-qemut-win7-amd64 fail
test-amd64-amd64-xl-qemuu-win7-amd64 fail
test-amd64-i386-xl-qemuu-win7-amd64 fail
test-amd64-amd64-xl-qemut-ws16-amd64 fail
test-amd64-i386-xl-qemut-ws16-amd64 fail
test-amd64-amd64-xl-qemuu-ws16-amd64 fail
test-amd64-i386-xl-qemuu-ws16-amd64 fail
test-armhf-armhf-xl-arndale pass
test-amd64-amd64-examine-bios pass
test-amd64-i386-examine-bios pass
test-amd64-amd64-xl-credit1 pass
test-arm64-arm64-xl-credit1 pass
test-armhf-armhf-xl-credit1 fail
test-amd64-amd64-xl-credit2 pass
test-arm64-arm64-xl-credit2 pass
test-armhf-armhf-xl-credit2 pass
test-amd64-amd64-xl-qemuu-dmrestrict-amd64-dmrestrict pass
test-amd64-i386-xl-qemuu-dmrestrict-amd64-dmrestrict pass
test-amd64-amd64-examine pass
test-arm64-arm64-examine pass
test-armhf-armhf-examine pass
test-amd64-i386-examine pass
test-amd64-i386-freebsd10-i386 pass
test-amd64-amd64-qemuu-nested-intel pass
test-amd64-amd64-xl-pvhv2-intel pass
test-amd64-i386-qemut-rhel6hvm-intel pass
test-amd64-i386-qemuu-rhel6hvm-intel pass
test-amd64-amd64-dom0pvh-xl-intel pass
test-amd64-amd64-libvirt pass
test-armhf-armhf-libvirt pass
test-amd64-i386-libvirt pass
test-amd64-amd64-xl-multivcpu pass
test-armhf-armhf-xl-multivcpu fail
test-amd64-amd64-pair pass
test-amd64-i386-pair pass
test-amd64-amd64-libvirt-pair pass
test-amd64-i386-libvirt-pair pass
test-amd64-amd64-xl-pvshim pass
test-amd64-i386-xl-pvshim fail
test-amd64-amd64-pygrub pass
test-armhf-armhf-libvirt-qcow2 fail
test-amd64-amd64-xl-qcow2 pass
test-arm64-arm64-libvirt-raw pass
test-armhf-armhf-libvirt-raw fail
test-amd64-i386-libvirt-raw pass
test-amd64-amd64-xl-rtds pass
test-armhf-armhf-xl-rtds fail
test-amd64-amd64-xl-qemuu-debianhvm-amd64-shadow pass
test-amd64-i386-xl-qemuu-debianhvm-amd64-shadow pass
test-amd64-amd64-xl-shadow pass
test-amd64-i386-xl-shadow pass
test-arm64-arm64-xl-thunderx pass
test-amd64-amd64-examine-uefi pass
test-amd64-i386-examine-uefi fail
test-amd64-amd64-libvirt-vhd pass
test-arm64-arm64-xl-vhd pass
test-armhf-armhf-xl-vhd pass
test-amd64-i386-xl-vhd pass
------------------------------------------------------------
sg-report-flight on osstest.test-lab.xenproject.org
logs: /home/logs/logs
images: /home/logs/images
Logs, config files, etc. are available at
http://logs.test-lab.xenproject.org/osstest/logs
Explanation of these reports, and of osstest in general, is at
http://xenbits.xen.org/gitweb/?p=osstest.git;a=blob;f=README.email;hb=master
http://xenbits.xen.org/gitweb/?p=osstest.git;a=blob;f=README;hb=master
Test harness code can be found at
http://xenbits.xen.org/gitweb?p=osstest.git;a=summary
Not pushing.
(No revision log; it would be 10794 lines long.)