flight 182544 linux-linus real [real]
flight 182552 linux-linus real-retest [real]
http://logs.test-lab.xenproject.org/osstest/logs/182544/
http://logs.test-lab.xenproject.org/osstest/logs/182552/

Regressions :-(

Tests which did not succeed and are blocking,
including tests which could not be run:
 test-amd64-amd64-freebsd12-amd64 19 guest-localmigrate/x10 fail REGR. vs. 
182531

Tests which are failing intermittently (not blocking):
 test-amd64-amd64-freebsd12-amd64  8 xen-boot     fail in 182552 pass in 182544
 test-amd64-amd64-xl-credit2 20 guest-localmigrate/x10 fail pass in 
182552-retest
 test-amd64-amd64-xl-qemuu-win7-amd64 12 windows-install fail pass in 
182552-retest

Tests which did not succeed, but are not blocking:
 test-amd64-amd64-xl-qemuu-win7-amd64 19 guest-stop  fail in 182552 like 182531
 test-amd64-amd64-xl-qemut-win7-amd64 19 guest-stop            fail like 182531
 test-amd64-amd64-xl-qemuu-ws16-amd64 19 guest-stop            fail like 182531
 test-armhf-armhf-libvirt     16 saverestore-support-check    fail  like 182531
 test-amd64-amd64-xl-qemut-ws16-amd64 19 guest-stop            fail like 182531
 test-armhf-armhf-libvirt-raw 15 saverestore-support-check    fail  like 182531
 test-armhf-armhf-libvirt-qcow2 15 saverestore-support-check   fail like 182531
 test-amd64-amd64-qemuu-nested-amd 20 debian-hvm-install/l1/l2 fail like 182531
 test-amd64-amd64-libvirt-xsm 15 migrate-support-check        fail   never pass
 test-amd64-amd64-libvirt     15 migrate-support-check        fail   never pass
 test-arm64-arm64-xl          15 migrate-support-check        fail   never pass
 test-arm64-arm64-xl          16 saverestore-support-check    fail   never pass
 test-arm64-arm64-libvirt-xsm 15 migrate-support-check        fail   never pass
 test-arm64-arm64-libvirt-xsm 16 saverestore-support-check    fail   never pass
 test-arm64-arm64-xl-xsm      15 migrate-support-check        fail   never pass
 test-arm64-arm64-xl-xsm      16 saverestore-support-check    fail   never pass
 test-arm64-arm64-xl-thunderx 15 migrate-support-check        fail   never pass
 test-arm64-arm64-xl-thunderx 16 saverestore-support-check    fail   never pass
 test-arm64-arm64-xl-credit1  15 migrate-support-check        fail   never pass
 test-arm64-arm64-xl-credit1  16 saverestore-support-check    fail   never pass
 test-arm64-arm64-xl-credit2  15 migrate-support-check        fail   never pass
 test-arm64-arm64-xl-credit2  16 saverestore-support-check    fail   never pass
 test-amd64-amd64-libvirt-qemuu-debianhvm-amd64-xsm 13 migrate-support-check 
fail never pass
 test-armhf-armhf-xl-arndale  15 migrate-support-check        fail   never pass
 test-armhf-armhf-xl-arndale  16 saverestore-support-check    fail   never pass
 test-armhf-armhf-xl-credit1  15 migrate-support-check        fail   never pass
 test-armhf-armhf-xl-credit1  16 saverestore-support-check    fail   never pass
 test-amd64-amd64-libvirt-qcow2 14 migrate-support-check        fail never pass
 test-armhf-armhf-xl          15 migrate-support-check        fail   never pass
 test-armhf-armhf-xl          16 saverestore-support-check    fail   never pass
 test-armhf-armhf-xl-multivcpu 15 migrate-support-check        fail  never pass
 test-armhf-armhf-xl-multivcpu 16 saverestore-support-check    fail  never pass
 test-amd64-amd64-libvirt-raw 14 migrate-support-check        fail   never pass
 test-arm64-arm64-libvirt-raw 14 migrate-support-check        fail   never pass
 test-arm64-arm64-libvirt-raw 15 saverestore-support-check    fail   never pass
 test-arm64-arm64-xl-vhd      14 migrate-support-check        fail   never pass
 test-arm64-arm64-xl-vhd      15 saverestore-support-check    fail   never pass
 test-armhf-armhf-xl-vhd      14 migrate-support-check        fail   never pass
 test-armhf-armhf-xl-vhd      15 saverestore-support-check    fail   never pass
 test-armhf-armhf-xl-credit2  15 migrate-support-check        fail   never pass
 test-armhf-armhf-xl-credit2  16 saverestore-support-check    fail   never pass
 test-armhf-armhf-libvirt     15 migrate-support-check        fail   never pass
 test-armhf-armhf-xl-rtds     15 migrate-support-check        fail   never pass
 test-armhf-armhf-xl-rtds     16 saverestore-support-check    fail   never pass
 test-armhf-armhf-libvirt-raw 14 migrate-support-check        fail   never pass
 test-armhf-armhf-libvirt-qcow2 14 migrate-support-check        fail never pass

version targeted for testing:
 linux                727dbda16b83600379061c4ca8270ef3e2f51922
baseline version:
 linux                2dde18cd1d8fac735875f2e4987f11817cc0bc2c

Last test of basis   182531  2023-08-27 22:41:14 Z    1 days
Testing same since   182544  2023-08-28 20:42:13 Z    0 days    1 attempts

------------------------------------------------------------
People who touched revisions under test:
  "Christian Brauner (Microsoft)" <[email protected]>
  "Darrick J. Wong" <[email protected]>
  "Fabio M. De Francesco" <[email protected]>
  "Guilherme G. Piccoli" <[email protected]> # Steam Deck
  "Gustavo A. R. Silva" <[email protected]>
  "Matthew Wilcox (Oracle)" <[email protected]>
  "Peter Zijlstra (Intel)" <[email protected]>
  "Steven Rostedt (Google)" <[email protected]>
  Ahelenia Ziemiańska <[email protected]>
  Aleksa Sarai <[email protected]>
  Alexander Gordeev <[email protected]>
  Alexander Mikhalitsyn <[email protected]>
  Alexey Gladkov <[email protected]>
  Alexey Khoroshilov <[email protected]>
  Amir Goldstein <[email protected]>
  Anand Jain <[email protected]>
  Anders Larsen <[email protected]>
  Andrei Vagin <[email protected]>
  Andy Shevchenko <[email protected]>
  Anh Tuan Phan <[email protected]>
  Anton Ivanov <[email protected]>
  Ard Biesheuvel <[email protected]>
  Arnd Bergmann <[email protected]>
  Azeem Shaikh <[email protected]>
  Bob Copeland <[email protected]>
  Boris Burkov <[email protected]>
  butt3rflyh4ck <[email protected]>
  Carlos Maiolino <[email protected]>
  Carlos Maiolino <[email protected]>
  Casey Schaufler <[email protected]>
  Christian Brauner <[email protected]>
  Christoph Hellwig <[email protected]>
  Chuck Lever <[email protected]>
  Colin Ian King <[email protected]>
  Damien Le Moal <[email protected]>
  Darrick J. Wong <[email protected]>
  Dave Kleikamp <[email protected]>
  David Howells <[email protected]>
  David Sterba <[email protected]>
  Dennis Dalessandro <[email protected]>
  Edward Shishkin <[email protected]>
  Elena Reshetova <[email protected]>
  Enlin Mu <[email protected]>
  Eric Biggers <[email protected]>
  Fabio M. De Francesco <[email protected]>
  Fedor Pchelkin <[email protected]>
  Ferry Meng <[email protected]>
  Filipe Manana <[email protected]>
  Frederic Weisbecker <[email protected]>
  Gao Xiang <[email protected]>
  Gao Xiang <[email protected]>
  Geert Uytterhoeven <[email protected]>
  Goldwyn Rodrigues <[email protected]>
  Goldwyn Rodrigues <[email protected]>
  GONG, Ruiqi <[email protected]>
  Greg Kroah-Hartman <[email protected]>
  Guilherme G. Piccoli <[email protected]>
  Gustavo A. R. Silva <[email protected]>
  Hugh Dickins <[email protected]>
  Ian Kent <[email protected]>
  Jakub Wilk <[email protected]>
  Jan Kara <[email protected]>
  Jann Horn <[email protected]>
  Jarkko Sakkinen <[email protected]>
  Jeff Layton <[email protected]>
  Jens Axboe <[email protected]>
  Jeremy Kerr <[email protected]>
  Jingbo Xu <[email protected]>
  Joel Becker <[email protected]>
  John Johansen <[email protected]>
  Josef Bacik <[email protected]>
  Joseph Qi <[email protected]>
  Julia Lawall <[email protected]>
  Justin Stitt <[email protected]>
  Kees Cook <[email protected]>
  Kent Overstreet <[email protected]>
  Lee Trager <[email protected]>
  Linus Torvalds <[email protected]>
  Loic Poulain <[email protected]>
  Luca Vizzarro <[email protected]>
  Luis Chamberlain <[email protected]>
  Lukas Czerner <[email protected]>
  Marcelo Tosatti <[email protected]>
  Marco Elver <[email protected]>
  Mark Rutland <[email protected]>
  Mateusz Guzik <[email protected]>
  Matthew Wilcox (Oracle) <[email protected]>
  Matthew Wilcox <[email protected]>
  Miguel Ojeda <[email protected]>
  Mike Kravetz <[email protected]>
  Mimi Zohar <[email protected]>
  Minjie Du <[email protected]>
  Muhammad Usama Anjum <[email protected]>
  Naohiro Aota <[email protected]>
  Nicolas Pitre <[email protected]>
  OGAWA Hirofumi <[email protected]>
  Palmer Dabbelt <[email protected]>
  Paul Moore <[email protected]>
  Peter Oskolkov <[email protected]>
  Qu Wenruo <[email protected]>
  Ritesh Harjani (IBM) <[email protected]>
  Ruan Jinjie <[email protected]>
  Ryusuke Konishi <[email protected]>
  Stas Sergeev <[email protected]>
  Steve French <[email protected]>
  sunshijie <[email protected]>
  Theodore Ts'o <[email protected]>
  Thomas Weißschuh <[email protected]>
  Tom Talpey <[email protected]>
  Wang Ming <[email protected]>
  Wen Yang <[email protected]>
  Will Shiu <[email protected]>
  Willy Tarreau <[email protected]>
  Yang Li <[email protected]>
  Yonghong Song <[email protected]>
  Yuxiao Zhang <[email protected]>
  Zhangjin Wu <[email protected]>
  Zhen Lei <[email protected]>
  Zhu Wang <[email protected]>

jobs:
 build-amd64-xsm                                              pass    
 build-arm64-xsm                                              pass    
 build-i386-xsm                                               pass    
 build-amd64                                                  pass    
 build-arm64                                                  pass    
 build-armhf                                                  pass    
 build-i386                                                   pass    
 build-amd64-libvirt                                          pass    
 build-arm64-libvirt                                          pass    
 build-armhf-libvirt                                          pass    
 build-i386-libvirt                                           pass    
 build-amd64-pvops                                            pass    
 build-arm64-pvops                                            pass    
 build-armhf-pvops                                            pass    
 build-i386-pvops                                             pass    
 test-amd64-amd64-xl                                          pass    
 test-amd64-coresched-amd64-xl                                pass    
 test-arm64-arm64-xl                                          pass    
 test-armhf-armhf-xl                                          pass    
 test-amd64-amd64-libvirt-qemuu-debianhvm-amd64-xsm           pass    
 test-amd64-amd64-xl-qemut-stubdom-debianhvm-amd64-xsm        pass    
 test-amd64-amd64-xl-qemut-debianhvm-i386-xsm                 pass    
 test-amd64-amd64-xl-qemuu-debianhvm-i386-xsm                 pass    
 test-amd64-amd64-libvirt-xsm                                 pass    
 test-arm64-arm64-libvirt-xsm                                 pass    
 test-amd64-amd64-xl-xsm                                      pass    
 test-arm64-arm64-xl-xsm                                      pass    
 test-amd64-amd64-qemuu-nested-amd                            fail    
 test-amd64-amd64-xl-pvhv2-amd                                pass    
 test-amd64-amd64-dom0pvh-xl-amd                              pass    
 test-amd64-amd64-xl-qemut-debianhvm-amd64                    pass    
 test-amd64-amd64-xl-qemuu-debianhvm-amd64                    pass    
 test-amd64-amd64-freebsd11-amd64                             pass    
 test-amd64-amd64-freebsd12-amd64                             fail    
 test-amd64-amd64-xl-qemuu-ovmf-amd64                         pass    
 test-amd64-amd64-xl-qemut-win7-amd64                         fail    
 test-amd64-amd64-xl-qemuu-win7-amd64                         fail    
 test-amd64-amd64-xl-qemut-ws16-amd64                         fail    
 test-amd64-amd64-xl-qemuu-ws16-amd64                         fail    
 test-armhf-armhf-xl-arndale                                  pass    
 test-amd64-amd64-examine-bios                                pass    
 test-amd64-amd64-xl-credit1                                  pass    
 test-arm64-arm64-xl-credit1                                  pass    
 test-armhf-armhf-xl-credit1                                  pass    
 test-amd64-amd64-xl-credit2                                  fail    
 test-arm64-arm64-xl-credit2                                  pass    
 test-armhf-armhf-xl-credit2                                  pass    
 test-amd64-amd64-xl-qemuu-dmrestrict-amd64-dmrestrict        pass    
 test-amd64-amd64-examine                                     pass    
 test-arm64-arm64-examine                                     pass    
 test-armhf-armhf-examine                                     pass    
 test-amd64-amd64-qemuu-nested-intel                          pass    
 test-amd64-amd64-xl-pvhv2-intel                              pass    
 test-amd64-amd64-dom0pvh-xl-intel                            pass    
 test-amd64-amd64-libvirt                                     pass    
 test-armhf-armhf-libvirt                                     pass    
 test-amd64-amd64-xl-multivcpu                                pass    
 test-armhf-armhf-xl-multivcpu                                pass    
 test-amd64-amd64-pair                                        pass    
 test-amd64-amd64-libvirt-pair                                pass    
 test-amd64-amd64-xl-pvshim                                   pass    
 test-amd64-amd64-pygrub                                      pass    
 test-amd64-amd64-libvirt-qcow2                               pass    
 test-armhf-armhf-libvirt-qcow2                               pass    
 test-amd64-amd64-libvirt-raw                                 pass    
 test-arm64-arm64-libvirt-raw                                 pass    
 test-armhf-armhf-libvirt-raw                                 pass    
 test-amd64-amd64-xl-rtds                                     pass    
 test-armhf-armhf-xl-rtds                                     pass    
 test-amd64-amd64-xl-qemuu-debianhvm-amd64-shadow             pass    
 test-amd64-amd64-xl-shadow                                   pass    
 test-arm64-arm64-xl-thunderx                                 pass    
 test-amd64-amd64-examine-uefi                                pass    
 test-amd64-amd64-xl-vhd                                      pass    
 test-arm64-arm64-xl-vhd                                      pass    
 test-armhf-armhf-xl-vhd                                      pass    


------------------------------------------------------------
sg-report-flight on osstest.test-lab.xenproject.org
logs: /home/logs/logs
images: /home/logs/images

Logs, config files, etc. are available at
    http://logs.test-lab.xenproject.org/osstest/logs

Explanation of these reports, and of osstest in general, is at
    http://xenbits.xen.org/gitweb/?p=osstest.git;a=blob;f=README.email;hb=master
    http://xenbits.xen.org/gitweb/?p=osstest.git;a=blob;f=README;hb=master

Test harness code can be found at
    http://xenbits.xen.org/gitweb?p=osstest.git;a=summary


Not pushing.

(No revision log; it would be 10599 lines long.)

Reply via email to