flight 181729 linux-linus real [real]
http://logs.test-lab.xenproject.org/osstest/logs/181729/
Regressions :-(
Tests which did not succeed and are blocking,
including tests which could not be run:
test-amd64-amd64-xl-qemut-stubdom-debianhvm-amd64-xsm 8 xen-boot fail REGR.
vs. 180278
test-amd64-amd64-pygrub 8 xen-boot fail REGR. vs. 180278
test-amd64-amd64-xl-qemut-ws16-amd64 11 leak-check/basis(11) fail REGR. vs.
180278
test-amd64-amd64-xl-qemuu-ws16-amd64 8 xen-boot fail REGR. vs. 180278
test-amd64-coresched-amd64-xl 8 xen-boot fail REGR. vs. 180278
test-amd64-amd64-xl-qemuu-win7-amd64 8 xen-boot fail REGR. vs. 180278
test-amd64-amd64-xl-qemut-win7-amd64 8 xen-boot fail REGR. vs. 180278
test-amd64-amd64-xl 8 xen-boot fail REGR. vs. 180278
test-amd64-amd64-xl-qemuu-debianhvm-amd64-shadow 11 leak-check/basis(11) fail
REGR. vs. 180278
test-amd64-amd64-libvirt-xsm 8 xen-boot fail REGR. vs. 180278
test-amd64-amd64-xl-xsm 8 xen-boot fail REGR. vs. 180278
test-amd64-amd64-xl-shadow 8 xen-boot fail REGR. vs. 180278
test-amd64-amd64-xl-pvhv2-amd 8 xen-boot fail REGR. vs. 180278
test-amd64-amd64-xl-credit1 11 leak-check/basis(11) fail REGR. vs. 180278
test-amd64-amd64-xl-qemut-debianhvm-amd64 8 xen-boot fail REGR. vs. 180278
test-amd64-amd64-freebsd11-amd64 11 leak-check/basis(11) fail REGR. vs. 180278
test-amd64-amd64-libvirt 8 xen-boot fail REGR. vs. 180278
test-amd64-amd64-libvirt-raw 8 xen-boot fail REGR. vs. 180278
test-amd64-amd64-xl-multivcpu 12 debian-install fail REGR. vs. 180278
test-amd64-amd64-libvirt-qemuu-debianhvm-amd64-xsm 11 leak-check/basis(11)
fail REGR. vs. 180278
test-amd64-amd64-xl-credit2 12 debian-install fail REGR. vs. 180278
test-amd64-amd64-xl-qemuu-debianhvm-amd64 12 debian-hvm-install fail REGR. vs.
180278
test-amd64-amd64-qemuu-nested-amd 12 debian-hvm-install fail REGR. vs. 180278
test-amd64-amd64-libvirt-pair 12 xen-boot/src_host fail REGR. vs. 180278
test-amd64-amd64-libvirt-pair 13 xen-boot/dst_host fail REGR. vs. 180278
test-amd64-amd64-xl-qemuu-ovmf-amd64 12 debian-hvm-install fail REGR. vs.
180278
test-amd64-amd64-libvirt-qcow2 12 debian-di-install fail REGR. vs. 180278
test-armhf-armhf-xl-credit1 8 xen-boot fail REGR. vs. 180278
test-amd64-amd64-xl-pvhv2-intel 8 xen-boot fail REGR. vs. 180278
test-amd64-amd64-qemuu-nested-intel 8 xen-boot fail REGR. vs. 180278
test-amd64-amd64-xl-vhd 8 xen-boot fail REGR. vs. 180278
test-amd64-amd64-xl-qemuu-dmrestrict-amd64-dmrestrict 8 xen-boot fail REGR.
vs. 180278
test-amd64-amd64-xl-pvshim 8 xen-boot fail REGR. vs. 180278
test-amd64-amd64-pair 12 xen-boot/src_host fail REGR. vs. 180278
test-amd64-amd64-pair 13 xen-boot/dst_host fail REGR. vs. 180278
test-amd64-amd64-xl-qemuu-debianhvm-i386-xsm 12 debian-hvm-install fail REGR.
vs. 180278
test-amd64-amd64-freebsd12-amd64 8 xen-boot fail REGR. vs. 180278
test-amd64-amd64-examine 8 reboot fail REGR. vs. 180278
test-arm64-arm64-xl-vhd 13 guest-start fail REGR. vs. 180278
test-arm64-arm64-libvirt-raw 13 guest-start fail REGR. vs. 180278
test-amd64-amd64-examine-uefi 8 reboot fail REGR. vs. 180278
test-amd64-amd64-xl-qemut-debianhvm-i386-xsm 12 debian-hvm-install fail REGR.
vs. 180278
test-amd64-amd64-examine-bios 8 reboot fail REGR. vs. 180278
Regressions which are regarded as allowable (not blocking):
test-amd64-amd64-xl-rtds 8 xen-boot fail REGR. vs. 180278
Tests which did not succeed, but are not blocking:
test-armhf-armhf-xl 8 xen-boot fail like 180278
test-armhf-armhf-xl-vhd 8 xen-boot fail like 180278
test-armhf-armhf-libvirt-raw 8 xen-boot fail like 180278
test-armhf-armhf-xl-arndale 8 xen-boot fail like 180278
test-armhf-armhf-examine 8 reboot fail like 180278
test-armhf-armhf-libvirt 8 xen-boot fail like 180278
test-armhf-armhf-xl-multivcpu 8 xen-boot fail like 180278
test-armhf-armhf-xl-credit2 8 xen-boot fail like 180278
test-armhf-armhf-libvirt-qcow2 8 xen-boot fail like 180278
test-armhf-armhf-xl-rtds 8 xen-boot fail like 180278
test-arm64-arm64-xl 15 migrate-support-check fail never pass
test-arm64-arm64-xl 16 saverestore-support-check fail never pass
test-arm64-arm64-xl-thunderx 15 migrate-support-check fail never pass
test-arm64-arm64-xl-thunderx 16 saverestore-support-check fail never pass
test-arm64-arm64-xl-credit2 15 migrate-support-check fail never pass
test-arm64-arm64-xl-credit2 16 saverestore-support-check fail never pass
test-arm64-arm64-xl-credit1 15 migrate-support-check fail never pass
test-arm64-arm64-xl-credit1 16 saverestore-support-check fail never pass
test-arm64-arm64-xl-xsm 15 migrate-support-check fail never pass
test-arm64-arm64-xl-xsm 16 saverestore-support-check fail never pass
test-arm64-arm64-libvirt-xsm 15 migrate-support-check fail never pass
test-arm64-arm64-libvirt-xsm 16 saverestore-support-check fail never pass
version targeted for testing:
linux a452483508d7b70b0f6c69e249ec0b3ea2330b5c
baseline version:
linux 6c538e1adbfc696ac4747fb10d63e704344f763d
Last test of basis 180278 2023-04-16 19:41:46 Z 81 days
Failing since 180281 2023-04-17 06:24:36 Z 81 days 159 attempts
Testing same since 181729 2023-07-07 01:40:33 Z 0 days 1 attempts
------------------------------------------------------------
3707 people touched revisions under test,
not listing them all
jobs:
build-amd64-xsm pass
build-arm64-xsm pass
build-i386-xsm pass
build-amd64 pass
build-arm64 pass
build-armhf pass
build-i386 pass
build-amd64-libvirt pass
build-arm64-libvirt pass
build-armhf-libvirt pass
build-i386-libvirt pass
build-amd64-pvops pass
build-arm64-pvops pass
build-armhf-pvops pass
build-i386-pvops pass
test-amd64-amd64-xl fail
test-amd64-coresched-amd64-xl fail
test-arm64-arm64-xl pass
test-armhf-armhf-xl fail
test-amd64-amd64-libvirt-qemuu-debianhvm-amd64-xsm fail
test-amd64-amd64-xl-qemut-stubdom-debianhvm-amd64-xsm fail
test-amd64-amd64-xl-qemut-debianhvm-i386-xsm fail
test-amd64-amd64-xl-qemuu-debianhvm-i386-xsm fail
test-amd64-amd64-libvirt-xsm fail
test-arm64-arm64-libvirt-xsm pass
test-amd64-amd64-xl-xsm fail
test-arm64-arm64-xl-xsm pass
test-amd64-amd64-qemuu-nested-amd fail
test-amd64-amd64-xl-pvhv2-amd fail
test-amd64-amd64-dom0pvh-xl-amd pass
test-amd64-amd64-xl-qemut-debianhvm-amd64 fail
test-amd64-amd64-xl-qemuu-debianhvm-amd64 fail
test-amd64-amd64-freebsd11-amd64 fail
test-amd64-amd64-freebsd12-amd64 fail
test-amd64-amd64-xl-qemuu-ovmf-amd64 fail
test-amd64-amd64-xl-qemut-win7-amd64 fail
test-amd64-amd64-xl-qemuu-win7-amd64 fail
test-amd64-amd64-xl-qemut-ws16-amd64 fail
test-amd64-amd64-xl-qemuu-ws16-amd64 fail
test-armhf-armhf-xl-arndale fail
test-amd64-amd64-examine-bios fail
test-amd64-amd64-xl-credit1 fail
test-arm64-arm64-xl-credit1 pass
test-armhf-armhf-xl-credit1 fail
test-amd64-amd64-xl-credit2 fail
test-arm64-arm64-xl-credit2 pass
test-armhf-armhf-xl-credit2 fail
test-amd64-amd64-xl-qemuu-dmrestrict-amd64-dmrestrict fail
test-amd64-amd64-examine fail
test-arm64-arm64-examine pass
test-armhf-armhf-examine fail
test-amd64-amd64-qemuu-nested-intel fail
test-amd64-amd64-xl-pvhv2-intel fail
test-amd64-amd64-dom0pvh-xl-intel pass
test-amd64-amd64-libvirt fail
test-armhf-armhf-libvirt fail
test-amd64-amd64-xl-multivcpu fail
test-armhf-armhf-xl-multivcpu fail
test-amd64-amd64-pair fail
test-amd64-amd64-libvirt-pair fail
test-amd64-amd64-xl-pvshim fail
test-amd64-amd64-pygrub fail
test-amd64-amd64-libvirt-qcow2 fail
test-armhf-armhf-libvirt-qcow2 fail
test-amd64-amd64-libvirt-raw fail
test-arm64-arm64-libvirt-raw fail
test-armhf-armhf-libvirt-raw fail
test-amd64-amd64-xl-rtds fail
test-armhf-armhf-xl-rtds fail
test-amd64-amd64-xl-qemuu-debianhvm-amd64-shadow fail
test-amd64-amd64-xl-shadow fail
test-arm64-arm64-xl-thunderx pass
test-amd64-amd64-examine-uefi fail
test-amd64-amd64-xl-vhd fail
test-arm64-arm64-xl-vhd fail
test-armhf-armhf-xl-vhd fail
------------------------------------------------------------
sg-report-flight on osstest.test-lab.xenproject.org
logs: /home/logs/logs
images: /home/logs/images
Logs, config files, etc. are available at
http://logs.test-lab.xenproject.org/osstest/logs
Explanation of these reports, and of osstest in general, is at
http://xenbits.xen.org/gitweb/?p=osstest.git;a=blob;f=README.email;hb=master
http://xenbits.xen.org/gitweb/?p=osstest.git;a=blob;f=README;hb=master
Test harness code can be found at
http://xenbits.xen.org/gitweb?p=osstest.git;a=summary
Not pushing.
(No revision log; it would be 613668 lines long.)