flight 181363 linux-5.4 real [real]
http://logs.test-lab.xenproject.org/osstest/logs/181363/

Failures :-/ but no regressions.

Tests which are failing intermittently (not blocking):
 test-amd64-amd64-qemuu-freebsd12-amd64 19 guest-localmigrate/x10 fail in 
181336 pass in 181363
 test-armhf-armhf-xl-multivcpu 14 guest-start     fail in 181336 pass in 181363
 test-armhf-armhf-xl-credit2 18 guest-start/debian.repeat fail in 181336 pass 
in 181363
 test-armhf-armhf-libvirt-raw 17 guest-start/debian.repeat fail in 181336 pass 
in 181363
 test-amd64-i386-xl-vhd 21 guest-start/debian.repeat fail in 181336 pass in 
181363
 test-amd64-i386-libvirt-pair 11 xen-install/dst_host fail in 181354 pass in 
181363
 test-amd64-amd64-xl-qemuu-debianhvm-amd64 12 debian-hvm-install fail in 181354 
pass in 181363
 test-armhf-armhf-xl-credit2  14 guest-start      fail in 181354 pass in 181363
 test-amd64-i386-libvirt-pair 10 xen-install/src_host       fail pass in 181336
 test-amd64-i386-libvirt-raw   7 xen-install                fail pass in 181336
 test-armhf-armhf-xl-multivcpu 18 guest-start/debian.repeat fail pass in 181354
 test-armhf-armhf-xl-credit1  18 guest-start/debian.repeat  fail pass in 181354
 test-amd64-amd64-xl-qcow2    21 guest-start/debian.repeat  fail pass in 181354

Tests which did not succeed, but are not blocking:
 test-amd64-i386-libvirt-raw 14 migrate-support-check fail in 181336 never pass
 test-armhf-armhf-libvirt     16 saverestore-support-check    fail  like 181182
 test-amd64-amd64-xl-qemuu-win7-amd64 19 guest-stop            fail like 181182
 test-amd64-i386-xl-qemut-win7-amd64 19 guest-stop             fail like 181182
 test-amd64-i386-xl-qemuu-win7-amd64 19 guest-stop             fail like 181182
 test-amd64-amd64-xl-qemut-win7-amd64 19 guest-stop            fail like 181182
 test-amd64-amd64-xl-qemuu-ws16-amd64 19 guest-stop            fail like 181182
 test-amd64-amd64-xl-qemut-ws16-amd64 19 guest-stop            fail like 181182
 test-armhf-armhf-libvirt-raw 15 saverestore-support-check    fail  like 181182
 test-amd64-i386-xl-qemut-ws16-amd64 19 guest-stop             fail like 181182
 test-armhf-armhf-libvirt-qcow2 15 saverestore-support-check   fail like 181182
 test-amd64-i386-xl-qemuu-ws16-amd64 19 guest-stop             fail like 181182
 test-armhf-armhf-xl-rtds     18 guest-start/debian.repeat    fail  like 181182
 test-amd64-amd64-qemuu-nested-amd 20 debian-hvm-install/l1/l2 fail like 181182
 test-amd64-i386-xl-pvshim    14 guest-start                  fail   never pass
 test-amd64-amd64-libvirt-xsm 15 migrate-support-check        fail   never pass
 test-amd64-i386-libvirt-xsm  15 migrate-support-check        fail   never pass
 test-amd64-i386-libvirt      15 migrate-support-check        fail   never pass
 test-amd64-amd64-libvirt     15 migrate-support-check        fail   never pass
 test-amd64-i386-libvirt-qemuu-debianhvm-amd64-xsm 13 migrate-support-check 
fail never pass
 test-arm64-arm64-xl-credit1  15 migrate-support-check        fail   never pass
 test-arm64-arm64-libvirt-xsm 15 migrate-support-check        fail   never pass
 test-arm64-arm64-xl-credit1  16 saverestore-support-check    fail   never pass
 test-arm64-arm64-libvirt-xsm 16 saverestore-support-check    fail   never pass
 test-arm64-arm64-xl-thunderx 15 migrate-support-check        fail   never pass
 test-arm64-arm64-xl-xsm      15 migrate-support-check        fail   never pass
 test-arm64-arm64-xl-thunderx 16 saverestore-support-check    fail   never pass
 test-arm64-arm64-xl-xsm      16 saverestore-support-check    fail   never pass
 test-arm64-arm64-xl          15 migrate-support-check        fail   never pass
 test-arm64-arm64-xl          16 saverestore-support-check    fail   never pass
 test-arm64-arm64-xl-credit2  15 migrate-support-check        fail   never pass
 test-arm64-arm64-xl-credit2  16 saverestore-support-check    fail   never pass
 test-armhf-armhf-libvirt     15 migrate-support-check        fail   never pass
 test-armhf-armhf-xl          15 migrate-support-check        fail   never pass
 test-armhf-armhf-xl          16 saverestore-support-check    fail   never pass
 test-armhf-armhf-xl-multivcpu 15 migrate-support-check        fail  never pass
 test-armhf-armhf-xl-multivcpu 16 saverestore-support-check    fail  never pass
 test-armhf-armhf-xl-credit1  15 migrate-support-check        fail   never pass
 test-armhf-armhf-xl-credit1  16 saverestore-support-check    fail   never pass
 test-armhf-armhf-xl-credit2  15 migrate-support-check        fail   never pass
 test-armhf-armhf-xl-credit2  16 saverestore-support-check    fail   never pass
 test-amd64-amd64-libvirt-vhd 14 migrate-support-check        fail   never pass
 test-arm64-arm64-libvirt-raw 14 migrate-support-check        fail   never pass
 test-arm64-arm64-libvirt-raw 15 saverestore-support-check    fail   never pass
 test-arm64-arm64-xl-vhd      14 migrate-support-check        fail   never pass
 test-arm64-arm64-xl-vhd      15 saverestore-support-check    fail   never pass
 test-amd64-amd64-libvirt-qemuu-debianhvm-amd64-xsm 13 migrate-support-check 
fail never pass
 test-armhf-armhf-libvirt-raw 14 migrate-support-check        fail   never pass
 test-armhf-armhf-xl-vhd      14 migrate-support-check        fail   never pass
 test-armhf-armhf-xl-vhd      15 saverestore-support-check    fail   never pass
 test-armhf-armhf-libvirt-qcow2 14 migrate-support-check        fail never pass
 test-armhf-armhf-xl-arndale  15 migrate-support-check        fail   never pass
 test-armhf-armhf-xl-arndale  16 saverestore-support-check    fail   never pass
 test-armhf-armhf-xl-rtds     15 migrate-support-check        fail   never pass
 test-armhf-armhf-xl-rtds     16 saverestore-support-check    fail   never pass

version targeted for testing:
 linux                f568a20f058fa1e37069cff4aac4187c1650a0e9
baseline version:
 linux                cf0b1e5482eaeb4db15c9e703267483dba88b575

Last test of basis   181182  2023-06-05 06:43:42 Z    5 days
Testing same since   181336  2023-06-09 08:40:57 Z    1 days    3 attempts

------------------------------------------------------------
People who touched revisions under test:
  Adam Borowski <[email protected]>
  Andreas Svensson <[email protected]>
  Andrew Morton <[email protected]>
  Andy Shevchenko <[email protected]>
  Arnd Bergmann <[email protected]>
  Bart Van Assche <[email protected]>
  Ben Hutchings <[email protected]>
  Benedict Wong <[email protected]>
  Bjørn Mork <[email protected]>
  Borislav Petkov <[email protected]>
  Cambda Zhu <[email protected]>
  Chao Wang <[email protected]>
  Chris Packham <[email protected]>
  Chris Paterson (CIP) <[email protected]>
  Cong Wang <[email protected]>
  Damien Le Moal <[email protected]>
  Dan Carpenter <[email protected]>
  Dario Binacchi <[email protected]>
  David S. Miller <[email protected]>
  Deren Wu <[email protected]>
  Devesh Sharma <[email protected]>
  Eric Dumazet <[email protected]>
  Florian Fainelli <[email protected]>
  Florian Westphal <[email protected]>
  Frank Li <[email protected]>
  Greg Kroah-Hartman <[email protected]>
  Guenter Roeck <[email protected]>
  Guillaume Nault <[email protected]>
  Haibo Li <[email protected]>
  Hangyu Hua <[email protected]>
  Hans Verkuil <[email protected]>
  Harshit Mogalapalli <[email protected]>
  Helge Deller <[email protected]>
  Hyunwoo Kim <[email protected]>
  Hyunwoo Kim <[email protected]>
  Ivan Orlov <[email protected]>
  Jakub Kicinski <[email protected]>
  Jamal Hadi Salim <[email protected]>
  Jason Baron <[email protected]>
  Jason Gunthorpe <[email protected]>
  Jason Gunthorpe <[email protected]> # IB
  Jason Gunthorpe <[email protected]>
  Jassi Brar <[email protected]>
  Jens Axboe <[email protected]>
  Jiakai Luo <[email protected]>
  Jim Wylder <[email protected]
  Jim Wylder <[email protected]>
  Jiri Kosina <[email protected]>
  Joao Martins <[email protected]>
  Joerg Roedel <[email protected]>
  Johannes Thumshirn <[email protected]>
  Jonathan Cameron <[email protected]>
  Kalesh AP <[email protected]>
  Kalle Valo <[email protected]> # wireless drivers
  Kalle Valo <[email protected]>
  Kees Cook <[email protected]>
  Krzysztof Kozlowski <[email protected]>
  Kuniyuki Iwashima <[email protected]>
  Larry Finger <[email protected]>
  Lee Jones <[email protected]>
  Linus Torvalds <[email protected]>
  Luiz Capitulino <[email protected]>
  Lukas Bulwahn <[email protected]>
  Lyude Paul <[email protected]>
  Marc Kleine-Budde <[email protected]>
  Marek Vasut <[email protected]>
  Mark Brown <[email protected]
  Martin K. Petersen <[email protected]>
  Martin Liska <[email protected]>
  Martin Liška <[email protected]>
  Masami Hiramatsu (Google) <[email protected]>
  Mauro Carvalho Chehab <[email protected]>
  Maxim Kochetkov <[email protected]
  Maxim Kochetkov <[email protected]>
  Michael Büsch <[email protected]>
  Min-Hua Chen <[email protected]>
  Miquel Raynal <[email protected]>
  Mirsad Goran Todorovac <[email protected]>
  Mukesh Ojha <[email protected]>
  Naresh Kumar PBS <[email protected]>
  Nathan Chancellor <[email protected]>
  Nikita Zhandarovich <[email protected]>
  Niklas Söderlund <[email protected]>
  Paolo Abeni <[email protected]>
  Paul Moore <[email protected]>
  Paweł Anikiel <[email protected]
  Paweł Anikiel <[email protected]>
  Pedro Tammela <[email protected]>
  Peilin Ye <[email protected]>
  Pietro Borrello <[email protected]>
  Ping-Ke Shih <[email protected]>
  Rafael J. Wysocki <[email protected]>
  Raju Rangoju <[email protected]>
  Randy Dunlap <[email protected]>
  Randy Dunlap <[email protected]> # build-tested
  Richard Acayan <[email protected]>
  Russell King (Oracle) <[email protected]>
  Saeed Mahameed <[email protected]>
  Sam Ravnborg <[email protected]>
  Sasha Levin <[email protected]>
  Sebastian Krzyszkowiak <[email protected]>
  Selvin Xavier <[email protected]>
  Shay Drory <[email protected]>
  Sherry Sun <[email protected]>
  Shuah Khan <[email protected]>
  Shyam Sundar S K <[email protected]>
  Simon Kapadia <[email protected]>
  Srinivas Kandagatla <[email protected]>
  Steffen Klassert <[email protected]>
  Sudarsana Reddy Kalluru <[email protected]>
  Sudheesh Mavila <[email protected]>
  Sudip Mukherjee <[email protected]>
  Sung-Chi Li <[email protected]>
  Takashi Iwai <[email protected]>
  Theodore Ts'o <[email protected]>
  Tom Rix <[email protected]>
  Ulf Hansson <[email protected]>
  Uttkarsh Aggarwal <[email protected]>
  Vinod Koul <[email protected]>
  Vladislav Efanov <[email protected]>
  Wei Chen <[email protected]>
  Wenchao Hao <[email protected]>
  Will Deacon <[email protected]>
  Wim Van Sebroeck <[email protected]>
  Yonatan Nachum <[email protected]>
  YongSu Yoo <[email protected]>
  YueHaibing <[email protected]>
  Yun Lu <[email protected]>
  Zhang Shurong <[email protected]>
  Zhengchao Shao <[email protected]>

jobs:
 build-amd64-xsm                                              pass    
 build-arm64-xsm                                              pass    
 build-i386-xsm                                               pass    
 build-amd64                                                  pass    
 build-arm64                                                  pass    
 build-armhf                                                  pass    
 build-i386                                                   pass    
 build-amd64-libvirt                                          pass    
 build-arm64-libvirt                                          pass    
 build-armhf-libvirt                                          pass    
 build-i386-libvirt                                           pass    
 build-amd64-pvops                                            pass    
 build-arm64-pvops                                            pass    
 build-armhf-pvops                                            pass    
 build-i386-pvops                                             pass    
 test-amd64-amd64-xl                                          pass    
 test-amd64-coresched-amd64-xl                                pass    
 test-arm64-arm64-xl                                          pass    
 test-armhf-armhf-xl                                          pass    
 test-amd64-i386-xl                                           pass    
 test-amd64-coresched-i386-xl                                 pass    
 test-amd64-amd64-libvirt-qemuu-debianhvm-amd64-xsm           pass    
 test-amd64-i386-libvirt-qemuu-debianhvm-amd64-xsm            pass    
 test-amd64-amd64-xl-qemut-stubdom-debianhvm-amd64-xsm        pass    
 test-amd64-i386-xl-qemut-stubdom-debianhvm-amd64-xsm         pass    
 test-amd64-amd64-xl-qemut-debianhvm-i386-xsm                 pass    
 test-amd64-i386-xl-qemut-debianhvm-i386-xsm                  pass    
 test-amd64-amd64-xl-qemuu-debianhvm-i386-xsm                 pass    
 test-amd64-i386-xl-qemuu-debianhvm-i386-xsm                  pass    
 test-amd64-amd64-libvirt-xsm                                 pass    
 test-arm64-arm64-libvirt-xsm                                 pass    
 test-amd64-i386-libvirt-xsm                                  pass    
 test-amd64-amd64-xl-xsm                                      pass    
 test-arm64-arm64-xl-xsm                                      pass    
 test-amd64-i386-xl-xsm                                       pass    
 test-amd64-amd64-qemuu-nested-amd                            fail    
 test-amd64-amd64-xl-pvhv2-amd                                pass    
 test-amd64-i386-qemut-rhel6hvm-amd                           pass    
 test-amd64-i386-qemuu-rhel6hvm-amd                           pass    
 test-amd64-amd64-dom0pvh-xl-amd                              pass    
 test-amd64-amd64-xl-qemut-debianhvm-amd64                    pass    
 test-amd64-i386-xl-qemut-debianhvm-amd64                     pass    
 test-amd64-amd64-xl-qemuu-debianhvm-amd64                    pass    
 test-amd64-i386-xl-qemuu-debianhvm-amd64                     pass    
 test-amd64-i386-freebsd10-amd64                              pass    
 test-amd64-amd64-qemuu-freebsd11-amd64                       pass    
 test-amd64-amd64-qemuu-freebsd12-amd64                       pass    
 test-amd64-amd64-xl-qemuu-ovmf-amd64                         pass    
 test-amd64-i386-xl-qemuu-ovmf-amd64                          pass    
 test-amd64-amd64-xl-qemut-win7-amd64                         fail    
 test-amd64-i386-xl-qemut-win7-amd64                          fail    
 test-amd64-amd64-xl-qemuu-win7-amd64                         fail    
 test-amd64-i386-xl-qemuu-win7-amd64                          fail    
 test-amd64-amd64-xl-qemut-ws16-amd64                         fail    
 test-amd64-i386-xl-qemut-ws16-amd64                          fail    
 test-amd64-amd64-xl-qemuu-ws16-amd64                         fail    
 test-amd64-i386-xl-qemuu-ws16-amd64                          fail    
 test-armhf-armhf-xl-arndale                                  pass    
 test-amd64-amd64-examine-bios                                pass    
 test-amd64-i386-examine-bios                                 pass    
 test-amd64-amd64-xl-credit1                                  pass    
 test-arm64-arm64-xl-credit1                                  pass    
 test-armhf-armhf-xl-credit1                                  fail    
 test-amd64-amd64-xl-credit2                                  pass    
 test-arm64-arm64-xl-credit2                                  pass    
 test-armhf-armhf-xl-credit2                                  pass    
 test-amd64-amd64-xl-qemuu-dmrestrict-amd64-dmrestrict        pass    
 test-amd64-i386-xl-qemuu-dmrestrict-amd64-dmrestrict         pass    
 test-amd64-amd64-examine                                     pass    
 test-arm64-arm64-examine                                     pass    
 test-armhf-armhf-examine                                     pass    
 test-amd64-i386-examine                                      pass    
 test-amd64-i386-freebsd10-i386                               pass    
 test-amd64-amd64-qemuu-nested-intel                          pass    
 test-amd64-amd64-xl-pvhv2-intel                              pass    
 test-amd64-i386-qemut-rhel6hvm-intel                         pass    
 test-amd64-i386-qemuu-rhel6hvm-intel                         pass    
 test-amd64-amd64-dom0pvh-xl-intel                            pass    
 test-amd64-amd64-libvirt                                     pass    
 test-armhf-armhf-libvirt                                     pass    
 test-amd64-i386-libvirt                                      pass    
 test-amd64-amd64-xl-multivcpu                                pass    
 test-armhf-armhf-xl-multivcpu                                fail    
 test-amd64-amd64-pair                                        pass    
 test-amd64-i386-pair                                         pass    
 test-amd64-amd64-libvirt-pair                                pass    
 test-amd64-i386-libvirt-pair                                 fail    
 test-amd64-amd64-xl-pvshim                                   pass    
 test-amd64-i386-xl-pvshim                                    fail    
 test-amd64-amd64-pygrub                                      pass    
 test-armhf-armhf-libvirt-qcow2                               pass    
 test-amd64-amd64-xl-qcow2                                    fail    
 test-arm64-arm64-libvirt-raw                                 pass    
 test-armhf-armhf-libvirt-raw                                 pass    
 test-amd64-i386-libvirt-raw                                  fail    
 test-amd64-amd64-xl-rtds                                     pass    
 test-armhf-armhf-xl-rtds                                     fail    
 test-amd64-amd64-xl-qemuu-debianhvm-amd64-shadow             pass    
 test-amd64-i386-xl-qemuu-debianhvm-amd64-shadow              pass    
 test-amd64-amd64-xl-shadow                                   pass    
 test-amd64-i386-xl-shadow                                    pass    
 test-arm64-arm64-xl-thunderx                                 pass    
 test-amd64-amd64-examine-uefi                                pass    
 test-amd64-i386-examine-uefi                                 pass    
 test-amd64-amd64-libvirt-vhd                                 pass    
 test-arm64-arm64-xl-vhd                                      pass    
 test-armhf-armhf-xl-vhd                                      pass    
 test-amd64-i386-xl-vhd                                       pass    


------------------------------------------------------------
sg-report-flight on osstest.test-lab.xenproject.org
logs: /home/logs/logs
images: /home/logs/images

Logs, config files, etc. are available at
    http://logs.test-lab.xenproject.org/osstest/logs

Explanation of these reports, and of osstest in general, is at
    http://xenbits.xen.org/gitweb/?p=osstest.git;a=blob;f=README.email;hb=master
    http://xenbits.xen.org/gitweb/?p=osstest.git;a=blob;f=README;hb=master

Test harness code can be found at
    http://xenbits.xen.org/gitweb?p=osstest.git;a=summary


Pushing revision :

hint: The 'hooks/update' hook was ignored because it's not set as executable.
hint: You can disable this warning with `git config advice.ignoredHook false`.
hint: The 'hooks/post-receive' hook was ignored because it's not set as 
executable.
hint: You can disable this warning with `git config advice.ignoredHook false`.
hint: The 'hooks/post-update' hook was ignored because it's not set as 
executable.
hint: You can disable this warning with `git config advice.ignoredHook false`.
To xenbits.xen.org:/home/xen/git/linux-pvops.git
   cf0b1e5482ea..f568a20f058f  f568a20f058fa1e37069cff4aac4187c1650a0e9 -> 
tested/linux-5.4

Reply via email to