flight 180390 linux-linus real [real]
http://logs.test-lab.xenproject.org/osstest/logs/180390/

Regressions :-(

Tests which did not succeed and are blocking,
including tests which could not be run:
 test-amd64-amd64-dom0pvh-xl-intel    <job status>                 broken
 test-amd64-amd64-dom0pvh-xl-intel 27 host-reuse/final  broken REGR. vs. 180278
 test-amd64-amd64-freebsd11-amd64 19 guest-localmigrate/x10 fail REGR. vs. 
180278
 test-armhf-armhf-xl-credit1   8 xen-boot                 fail REGR. vs. 180278

Tests which did not succeed, but are not blocking:
 test-armhf-armhf-xl           8 xen-boot                     fail  like 180278
 test-armhf-armhf-xl-vhd       8 xen-boot                     fail  like 180278
 test-armhf-armhf-libvirt-qcow2  8 xen-boot                    fail like 180278
 test-armhf-armhf-libvirt      8 xen-boot                     fail  like 180278
 test-armhf-armhf-xl-arndale   8 xen-boot                     fail  like 180278
 test-armhf-armhf-examine      8 reboot                       fail  like 180278
 test-amd64-amd64-xl-qemut-win7-amd64 19 guest-stop            fail like 180278
 test-amd64-amd64-xl-qemuu-win7-amd64 19 guest-stop            fail like 180278
 test-amd64-amd64-xl-qemuu-ws16-amd64 19 guest-stop            fail like 180278
 test-amd64-amd64-qemuu-nested-amd 20 debian-hvm-install/l1/l2 fail like 180278
 test-armhf-armhf-xl-credit2   8 xen-boot                     fail  like 180278
 test-armhf-armhf-xl-rtds      8 xen-boot                     fail  like 180278
 test-armhf-armhf-xl-multivcpu  8 xen-boot                     fail like 180278
 test-amd64-amd64-xl-qemut-ws16-amd64 19 guest-stop            fail like 180278
 test-armhf-armhf-libvirt-raw  8 xen-boot                     fail  like 180278
 test-amd64-amd64-libvirt     15 migrate-support-check        fail   never pass
 test-amd64-amd64-libvirt-xsm 15 migrate-support-check        fail   never pass
 test-arm64-arm64-xl-credit2  15 migrate-support-check        fail   never pass
 test-arm64-arm64-xl-credit2  16 saverestore-support-check    fail   never pass
 test-arm64-arm64-xl-thunderx 15 migrate-support-check        fail   never pass
 test-arm64-arm64-xl-thunderx 16 saverestore-support-check    fail   never pass
 test-arm64-arm64-xl-xsm      15 migrate-support-check        fail   never pass
 test-arm64-arm64-xl-xsm      16 saverestore-support-check    fail   never pass
 test-arm64-arm64-xl-credit1  15 migrate-support-check        fail   never pass
 test-arm64-arm64-xl-credit1  16 saverestore-support-check    fail   never pass
 test-arm64-arm64-xl          15 migrate-support-check        fail   never pass
 test-arm64-arm64-xl          16 saverestore-support-check    fail   never pass
 test-amd64-amd64-libvirt-qemuu-debianhvm-amd64-xsm 13 migrate-support-check 
fail never pass
 test-arm64-arm64-libvirt-xsm 15 migrate-support-check        fail   never pass
 test-arm64-arm64-libvirt-xsm 16 saverestore-support-check    fail   never pass
 test-amd64-amd64-libvirt-qcow2 14 migrate-support-check        fail never pass
 test-amd64-amd64-libvirt-raw 14 migrate-support-check        fail   never pass
 test-arm64-arm64-libvirt-raw 14 migrate-support-check        fail   never pass
 test-arm64-arm64-libvirt-raw 15 saverestore-support-check    fail   never pass
 test-arm64-arm64-xl-vhd      14 migrate-support-check        fail   never pass
 test-arm64-arm64-xl-vhd      15 saverestore-support-check    fail   never pass

version targeted for testing:
 linux                457391b0380335d5e9a5babdec90ac53928b23b4
baseline version:
 linux                6c538e1adbfc696ac4747fb10d63e704344f763d

Last test of basis   180278  2023-04-16 19:41:46 Z    7 days
Failing since        180281  2023-04-17 06:24:36 Z    7 days   13 attempts
Testing same since   180390  2023-04-23 23:41:41 Z    0 days    1 attempts

------------------------------------------------------------
People who touched revisions under test:
  Abhinav Kumar <[email protected]>
  Alan Liu <[email protected]>
  Aleksandr Loktionov <[email protected]>
  Alex Deucher <[email protected]>
  Alex Hung <[email protected]>
  Alexander Aring <[email protected]>
  Alexander Potapenko <[email protected]>
  Alexander Stein <[email protected]>
  Alexei Starovoitov <[email protected]>
  Alexis Lothoré <[email protected]>
  Andrea Righi <[email protected]>
  Andrew Morton <[email protected]>
  Andrii Nakryiko <[email protected]>
  Andy Chi <[email protected]>
  Arnd Bergmann <[email protected]>
  Asahi Lina <[email protected]>
  Axel Lin <[email protected]>
  Baokun Li <[email protected]>
  Baoqi Zhang <[email protected]>
  Bartosz Golaszewski <[email protected]>
  Bhavya Kapoor <[email protected]>
  Bjorn Andersson <[email protected]>
  Bjorn Helgaas <[email protected]>
  Boris Burkov <[email protected]>
  Borislav Petkov (AMD) <[email protected]>
  Brian Masney <[email protected]>
  Chancel Liu <[email protected]>
  Chen Aotian <[email protected]>
  Chong Qiao <[email protected]>
  Chris Morgan <[email protected]>
  Christoph Paasch <[email protected]>
  Christophe JAILLET <[email protected]>
  Chuck Lever <[email protected]>
  Conor Dooley <[email protected]>
  Cristian Ciocaltea <[email protected]>
  Dan Carpenter <[email protected]>
  Dan Carpenter <[email protected]>
  Dan Johansen <[email protected]>
  Daniel Baluta <[email protected]>
  Daniel Borkmann <[email protected]>
  Daniel Miess <[email protected]>
  Daniel Wheeler <[email protected]>
  Dave Airlie <[email protected]>
  David Gow <[email protected]>
  David Hildenbrand <[email protected]>
  David Howells <[email protected]>
  David S. Miller <[email protected]>
  David Sterba <[email protected]>
  Ding Hui <[email protected]>
  Dmitry Baryshkov <[email protected]>
  Dmitry Torokhov <[email protected]>
  Dmytro Laktyushkin <[email protected]>
  Donald Hunter <[email protected]>
  Dragan Simic <[email protected]>
  Duoming Zhou <[email protected]>
  Ekaterina Orlova <[email protected]>
  Enze Li <[email protected]>
  Fabio Estevam <[email protected]>
  Florian Westphal <[email protected]>
  Greg Kroah-Hartman <[email protected]>
  Gwangun Jung <[email protected]>
  Heiko Stuebner <[email protected]>
  hrdl <[email protected]>
  Huacai Chen <[email protected]>
  Ido Schimmel <[email protected]>
  Ilpo Järvinen <[email protected]>
  Ilya Leoshkevich <[email protected]>
  Jacob Keller <[email protected]>
  Jakub Kicinski <[email protected]>
  Jamal Hadi Salim <[email protected]>
  Jamal Hadi Salim<[email protected]>
  Jani Nikula <[email protected]>
  Jaroslav Kysela <[email protected]>
  Jason Wang <[email protected]>
  Javier Martinez Canillas <[email protected]>
  Jay Vosburgh <[email protected]>
  Jens Axboe <[email protected]>
  Jens Wiklander <[email protected]>
  Jianqun Xu <[email protected]>
  Jiaxun Yang <[email protected]>
  Jingbo Xu <[email protected]>
  Johan Hovold <[email protected]>
  John Ogness <[email protected]>
  Jonathan Cameron <[email protected]>
  Jonathan Toppins <[email protected]>
  JR Gonzalez <[email protected]>
  Jules Maselbas <[email protected]>
  Kalesh AP <[email protected]>
  Karol Herbst <[email protected]>
  Krzysztof Kozlowski <[email protected]>
  Li Lanzhe <[email protected]>
  Liam R. Howlett <[email protected]>
  Liang He <[email protected]>
  Linus Torvalds <[email protected]>
  Linus Walleij <[email protected]>
  Long Wang <[email protected]>
  Lorenzo Bianconi <[email protected]>
  Luben Tuikov <[email protected]>
  Marc Gonzalez <[email protected]>
  Marc Zyngier <[email protected]>
  Mark Brown <[email protected]>
  Mark Rutland <[email protected]>
  Martin Rodriguez Reboredo <[email protected]>
  Masahiro Yamada <[email protected]>
  Mat Martineau <[email protected]>
  Mateusz Palczewski <[email protected]>
  Mathieu Desnoyers <[email protected]>
  Matthieu Baerts <[email protected]>
  Mel Gorman <[email protected]>
  Mel Gorman <[email protected]>
  Michael Chan <[email protected]>
  Michael S. Tsirkin <[email protected]>
  Michal Hocko <[email protected]>
  Michal Simek <[email protected]>
  Miguel Ojeda <[email protected]>
  Ming Lei <[email protected]>
  Mirsad Goran Todorovac <[email protected]>
  Naama Meir <[email protected]>
  Naoya Horiguchi <[email protected]>
  Neil Armstrong <[email protected]>
  Nikita Zhandarovich <[email protected]>
  Oliver Upton <[email protected]>
  Ondrej Mosnacek <[email protected]>
  Pablo Neira Ayuso <[email protected]>
  Paolo Abeni <[email protected]>
  Paolo Bonzini <[email protected]>
  Patrick Blass <[email protected]>
  Paulo Alcantara (SUSE) <[email protected]>
  Paulo Alcantara <[email protected]>
  Pedro Tammela <[email protected]>
  Peng Fan <[email protected]>
  Peng Zhang <[email protected]>
  Peter Geis <[email protected]>
  Peter Ujfalusi <[email protected]>
  Peter Xu <[email protected]>
  Petr Machata <[email protected]>
  Pierre-Louis Bossart <[email protected]>
  Pucha Himasekhar Reddy <[email protected]> (A Contingent 
worker at Intel)
  Qi Zheng <[email protected]>
  Qing Zhang <[email protected]>
  Qingqing Zhuo <[email protected]>
  Ricardo Pardini <[email protected]>
  Rob Herring <[email protected]>
  Ryusuke Konishi <[email protected]>
  Sascha Hauer <[email protected]>
  Scott Mayhew <[email protected]>
  Sebastian Basierski <[email protected]>
  Sebastian Reichel <[email protected]>
  Seiji Nishikawa <[email protected]>
  SeongJae Park <[email protected]>
  Shakeel Butt <[email protected]>
  Shawn Guo <[email protected]>
  Shengjiu Wang <[email protected]>
  Soumya Negi <[email protected]>
  Steev Klimaszewski <[email protected]> #Thinkpad X13s
  Steve Chou <[email protected]>
  Steve French <[email protected]>
  Sudeep Holla <[email protected]>
  [email protected]
  Takashi Iwai <[email protected]>
  Tejun Heo <[email protected]>
  Tetsuo Handa <[email protected]>
  Thomas Bamelis <[email protected]>
  Thomas Bogendoerfer <[email protected]>
  Thomas Gleixner <[email protected]>
  Thomas Zimmermann <[email protected]>
  Tiezhu Yang <[email protected]>
  Toke Høiland-Jørgensen <[email protected]>
  Tony Nguyen <[email protected]>
  Ulf Hansson <[email protected]>
  Vadim Fedorenko <[email protected]>
  Ville Syrjälä <[email protected]>
  Vincenzo Palazzo <[email protected]>
  Vitaly Kuznetsov <[email protected]>
  Vitaly Prosyak <[email protected]>
  Vladimir Oltean <[email protected]>
  Vlastimil Babka <[email protected]>
  Will Deacon <[email protected]>
  William Breathitt Gray <[email protected]>
  Willy Tarreau <[email protected]>
  Woody Suwalski <[email protected]>
  Xu Yilun <[email protected]>
  Xuan Zhuo <[email protected]>

jobs:
 build-amd64-xsm                                              pass    
 build-arm64-xsm                                              pass    
 build-i386-xsm                                               pass    
 build-amd64                                                  pass    
 build-arm64                                                  pass    
 build-armhf                                                  pass    
 build-i386                                                   pass    
 build-amd64-libvirt                                          pass    
 build-arm64-libvirt                                          pass    
 build-armhf-libvirt                                          pass    
 build-i386-libvirt                                           pass    
 build-amd64-pvops                                            pass    
 build-arm64-pvops                                            pass    
 build-armhf-pvops                                            pass    
 build-i386-pvops                                             pass    
 test-amd64-amd64-xl                                          pass    
 test-amd64-coresched-amd64-xl                                pass    
 test-arm64-arm64-xl                                          pass    
 test-armhf-armhf-xl                                          fail    
 test-amd64-amd64-libvirt-qemuu-debianhvm-amd64-xsm           pass    
 test-amd64-amd64-xl-qemut-stubdom-debianhvm-amd64-xsm        pass    
 test-amd64-amd64-xl-qemut-debianhvm-i386-xsm                 pass    
 test-amd64-amd64-xl-qemuu-debianhvm-i386-xsm                 pass    
 test-amd64-amd64-libvirt-xsm                                 pass    
 test-arm64-arm64-libvirt-xsm                                 pass    
 test-amd64-amd64-xl-xsm                                      pass    
 test-arm64-arm64-xl-xsm                                      pass    
 test-amd64-amd64-qemuu-nested-amd                            fail    
 test-amd64-amd64-xl-pvhv2-amd                                pass    
 test-amd64-amd64-dom0pvh-xl-amd                              pass    
 test-amd64-amd64-xl-qemut-debianhvm-amd64                    pass    
 test-amd64-amd64-xl-qemuu-debianhvm-amd64                    pass    
 test-amd64-amd64-freebsd11-amd64                             fail    
 test-amd64-amd64-freebsd12-amd64                             pass    
 test-amd64-amd64-xl-qemuu-ovmf-amd64                         pass    
 test-amd64-amd64-xl-qemut-win7-amd64                         fail    
 test-amd64-amd64-xl-qemuu-win7-amd64                         fail    
 test-amd64-amd64-xl-qemut-ws16-amd64                         fail    
 test-amd64-amd64-xl-qemuu-ws16-amd64                         fail    
 test-armhf-armhf-xl-arndale                                  fail    
 test-amd64-amd64-examine-bios                                pass    
 test-amd64-amd64-xl-credit1                                  pass    
 test-arm64-arm64-xl-credit1                                  pass    
 test-armhf-armhf-xl-credit1                                  fail    
 test-amd64-amd64-xl-credit2                                  pass    
 test-arm64-arm64-xl-credit2                                  pass    
 test-armhf-armhf-xl-credit2                                  fail    
 test-amd64-amd64-xl-qemuu-dmrestrict-amd64-dmrestrict        pass    
 test-amd64-amd64-examine                                     pass    
 test-arm64-arm64-examine                                     pass    
 test-armhf-armhf-examine                                     fail    
 test-amd64-amd64-qemuu-nested-intel                          pass    
 test-amd64-amd64-xl-pvhv2-intel                              pass    
 test-amd64-amd64-dom0pvh-xl-intel                            broken  
 test-amd64-amd64-libvirt                                     pass    
 test-armhf-armhf-libvirt                                     fail    
 test-amd64-amd64-xl-multivcpu                                pass    
 test-armhf-armhf-xl-multivcpu                                fail    
 test-amd64-amd64-pair                                        pass    
 test-amd64-amd64-libvirt-pair                                pass    
 test-amd64-amd64-xl-pvshim                                   pass    
 test-amd64-amd64-pygrub                                      pass    
 test-amd64-amd64-libvirt-qcow2                               pass    
 test-armhf-armhf-libvirt-qcow2                               fail    
 test-amd64-amd64-libvirt-raw                                 pass    
 test-arm64-arm64-libvirt-raw                                 pass    
 test-armhf-armhf-libvirt-raw                                 fail    
 test-amd64-amd64-xl-rtds                                     pass    
 test-armhf-armhf-xl-rtds                                     fail    
 test-amd64-amd64-xl-qemuu-debianhvm-amd64-shadow             pass    
 test-amd64-amd64-xl-shadow                                   pass    
 test-arm64-arm64-xl-thunderx                                 pass    
 test-amd64-amd64-examine-uefi                                pass    
 test-amd64-amd64-xl-vhd                                      pass    
 test-arm64-arm64-xl-vhd                                      pass    
 test-armhf-armhf-xl-vhd                                      fail    


------------------------------------------------------------
sg-report-flight on osstest.test-lab.xenproject.org
logs: /home/logs/logs
images: /home/logs/images

Logs, config files, etc. are available at
    http://logs.test-lab.xenproject.org/osstest/logs

Explanation of these reports, and of osstest in general, is at
    http://xenbits.xen.org/gitweb/?p=osstest.git;a=blob;f=README.email;hb=master
    http://xenbits.xen.org/gitweb/?p=osstest.git;a=blob;f=README;hb=master

Test harness code can be found at
    http://xenbits.xen.org/gitweb?p=osstest.git;a=summary

broken-job test-amd64-amd64-dom0pvh-xl-intel broken
broken-step test-amd64-amd64-dom0pvh-xl-intel host-reuse/final

Not pushing.

(No revision log; it would be 5589 lines long.)

Reply via email to