flight 179711 linux-5.4 real [real] flight 179722 linux-5.4 real-retest [real] http://logs.test-lab.xenproject.org/osstest/logs/179711/ http://logs.test-lab.xenproject.org/osstest/logs/179722/
Regressions :-( Tests which did not succeed and are blocking, including tests which could not be run: test-amd64-amd64-xl-qcow2 21 guest-start/debian.repeat fail REGR. vs. 179598 Tests which did not succeed, but are not blocking: test-amd64-i386-xl-qemut-win7-amd64 19 guest-stop fail like 179598 test-amd64-amd64-xl-qemuu-win7-amd64 19 guest-stop fail like 179598 test-amd64-i386-xl-qemuu-win7-amd64 19 guest-stop fail like 179598 test-amd64-amd64-xl-qemut-win7-amd64 19 guest-stop fail like 179598 test-amd64-amd64-xl-qemuu-ws16-amd64 19 guest-stop fail like 179598 test-amd64-amd64-xl-qemut-ws16-amd64 19 guest-stop fail like 179598 test-amd64-i386-xl-qemut-ws16-amd64 19 guest-stop fail like 179598 test-amd64-amd64-qemuu-nested-amd 20 debian-hvm-install/l1/l2 fail like 179598 test-amd64-i386-xl-qemuu-ws16-amd64 19 guest-stop fail like 179598 test-amd64-i386-xl-pvshim 14 guest-start fail never pass test-amd64-amd64-libvirt-xsm 15 migrate-support-check fail never pass test-amd64-amd64-libvirt 15 migrate-support-check fail never pass test-amd64-i386-libvirt-xsm 15 migrate-support-check fail never pass test-amd64-i386-libvirt 15 migrate-support-check fail never pass test-amd64-i386-libvirt-qemuu-debianhvm-amd64-xsm 13 migrate-support-check fail never pass test-amd64-amd64-libvirt-qemuu-debianhvm-amd64-xsm 13 migrate-support-check fail never pass test-amd64-amd64-libvirt-vhd 14 migrate-support-check fail never pass test-amd64-i386-libvirt-raw 14 migrate-support-check fail never pass test-arm64-arm64-examine 1 build-check(1) starved n/a test-arm64-arm64-libvirt-raw 1 build-check(1) starved n/a build-armhf-libvirt 1 build-check(1) starved n/a test-arm64-arm64-libvirt-xsm 1 build-check(1) starved n/a test-arm64-arm64-xl 1 build-check(1) starved n/a test-arm64-arm64-xl-credit1 1 build-check(1) starved n/a test-arm64-arm64-xl-credit2 1 build-check(1) starved n/a test-arm64-arm64-xl-thunderx 1 build-check(1) starved n/a test-arm64-arm64-xl-vhd 1 build-check(1) starved n/a test-arm64-arm64-xl-xsm 1 build-check(1) starved n/a test-armhf-armhf-examine 1 build-check(1) starved n/a test-armhf-armhf-libvirt 1 build-check(1) starved n/a test-armhf-armhf-libvirt-qcow2 1 build-check(1) starved n/a test-armhf-armhf-libvirt-raw 1 build-check(1) starved n/a test-armhf-armhf-xl 1 build-check(1) starved n/a test-armhf-armhf-xl-credit1 1 build-check(1) starved n/a test-armhf-armhf-xl-credit2 1 build-check(1) starved n/a test-armhf-armhf-xl-cubietruck 1 build-check(1) starved n/a test-armhf-armhf-xl-multivcpu 1 build-check(1) starved n/a test-armhf-armhf-xl-rtds 1 build-check(1) starved n/a test-armhf-armhf-xl-vhd 1 build-check(1) starved n/a build-arm64-pvops 2 hosts-allocate starved n/a build-armhf 2 hosts-allocate starved n/a version targeted for testing: linux e4b5c766f50525d84754cfdf0e4edef1db9622c0 baseline version: linux b829e8b6e1a7bb8cd3042b927113a22fed0b0d47 Last test of basis 179598 2023-03-13 09:42:37 Z 4 days Testing same since 179711 2023-03-17 07:42:06 Z 0 days 1 attempts ------------------------------------------------------------ People who touched revisions under test: Al Viro <[email protected]> Alex Deucher <[email protected]> Alexandre Ghiti <[email protected]> Alvaro Karsz <[email protected]> Amir Goldstein <[email protected]> Andrew Cooper <[email protected]> Andrew Morton <[email protected]> Ashok Raj <[email protected]> Bart Van Assche <[email protected]> Bixuan Cui <[email protected]> Bjorn Helgaas <[email protected]> Borislav Petkov (AMD) <[email protected]> Borislav Petkov <[email protected]> Chandrakanth Patil <[email protected]> Chris Paterson (CIP) <[email protected]> Corey Minyard <[email protected]> D. Wythe <[email protected]> Darrick J. Wong <[email protected]> David S. Miller <[email protected]> Dmitry Baryshkov <[email protected]> Edward Humes <[email protected]> Eric Dumazet <[email protected]> Eric Whitney <[email protected]> Fedor Pchelkin <[email protected]> Florian Fainelli <[email protected]> Florian Westphal <[email protected]> Gavrilov Ilia <[email protected]> Greg Kroah-Hartman <[email protected]> Guenter Roeck <[email protected]> H.J. Lu <[email protected]> Hangbin Liu <[email protected]> Harry Wentland <[email protected]> Harshit Mogalapalli <[email protected]> Heiko Carstens <[email protected]> Ilia.Gavrilov <[email protected]> Jacob Pan <[email protected]> Jakub Kicinski <[email protected]> Jan Kara <[email protected]> Jani Nikula <[email protected]> Jens Axboe <[email protected]> Joerg Roedel <[email protected]> Johan Hovold <[email protected]> John Harrison <[email protected]> John Paul Adrian Glaubitz <[email protected]> Jouni Högander <[email protected]> Kang Chen <[email protected]> Kim Phillips <[email protected]> Laurent Pinchart <[email protected]> Lee Jones <[email protected]> Liguang Zhang <[email protected]> Linux Kernel Functional Testing <[email protected]> Lorenz Bauer <[email protected]> Lorenz Bauer <[email protected]> Lu Baolu <[email protected]> Marc Zyngier <[email protected]> Martin K. Petersen <[email protected]> Martin KaFai Lau <[email protected]> Masahiro Yamada <[email protected]> Matt Turner <[email protected]> Mauro Carvalho Chehab <[email protected]> Michael Chan <[email protected]> Michael Ellerman <[email protected]> Michael S. Tsirkin <[email protected]> Nathan Chancellor <[email protected]> Pablo Neira Ayuso <[email protected]> Palmer Dabbelt <[email protected]> Paolo Abeni <[email protected]> Paul Elder <[email protected]> Richard Weinberger <[email protected]> Rob Clark <[email protected]> Sakari Ailus <[email protected]> Sasha Levin <[email protected]> SeongJae Park <[email protected]> Shigeru Yoshida <[email protected]> Shuah Khan <[email protected]> Simon Horman <[email protected]> Stefan Haberland <[email protected]> Steve French <[email protected]> Sumit Saxena <[email protected]> Suravee Suthikulpanit <[email protected]> Theodore Ts'o <[email protected]> Thomas Bogendoerfer <[email protected]> Tom Saeger <[email protected]> Vasant Hegde <[email protected]> Volker Lendecke <[email protected]> xurui <[email protected]> Ye Bin <[email protected]> Yejune Deng <[email protected]> Yuiko Oshino <[email protected]> Zhihao Cheng <[email protected]> jobs: build-amd64-xsm pass build-arm64-xsm pass build-i386-xsm pass build-amd64 pass build-arm64 pass build-armhf starved build-i386 pass build-amd64-libvirt pass build-arm64-libvirt pass build-armhf-libvirt starved build-i386-libvirt pass build-amd64-pvops pass build-arm64-pvops starved build-armhf-pvops pass build-i386-pvops pass test-amd64-amd64-xl pass test-amd64-coresched-amd64-xl pass test-arm64-arm64-xl starved test-armhf-armhf-xl starved test-amd64-i386-xl pass test-amd64-coresched-i386-xl pass test-amd64-amd64-libvirt-qemuu-debianhvm-amd64-xsm pass test-amd64-i386-libvirt-qemuu-debianhvm-amd64-xsm pass test-amd64-amd64-xl-qemut-stubdom-debianhvm-amd64-xsm pass test-amd64-i386-xl-qemut-stubdom-debianhvm-amd64-xsm pass test-amd64-amd64-xl-qemut-debianhvm-i386-xsm pass test-amd64-i386-xl-qemut-debianhvm-i386-xsm pass test-amd64-amd64-xl-qemuu-debianhvm-i386-xsm pass test-amd64-i386-xl-qemuu-debianhvm-i386-xsm pass test-amd64-amd64-libvirt-xsm pass test-arm64-arm64-libvirt-xsm starved test-amd64-i386-libvirt-xsm pass test-amd64-amd64-xl-xsm pass test-arm64-arm64-xl-xsm starved test-amd64-i386-xl-xsm pass test-amd64-amd64-qemuu-nested-amd fail test-amd64-amd64-xl-pvhv2-amd pass test-amd64-i386-qemut-rhel6hvm-amd pass test-amd64-i386-qemuu-rhel6hvm-amd pass test-amd64-amd64-dom0pvh-xl-amd pass test-amd64-amd64-xl-qemut-debianhvm-amd64 pass test-amd64-i386-xl-qemut-debianhvm-amd64 pass test-amd64-amd64-xl-qemuu-debianhvm-amd64 pass test-amd64-i386-xl-qemuu-debianhvm-amd64 pass test-amd64-i386-freebsd10-amd64 pass test-amd64-amd64-qemuu-freebsd11-amd64 pass test-amd64-amd64-qemuu-freebsd12-amd64 pass test-amd64-amd64-xl-qemuu-ovmf-amd64 pass test-amd64-i386-xl-qemuu-ovmf-amd64 pass test-amd64-amd64-xl-qemut-win7-amd64 fail test-amd64-i386-xl-qemut-win7-amd64 fail test-amd64-amd64-xl-qemuu-win7-amd64 fail test-amd64-i386-xl-qemuu-win7-amd64 fail test-amd64-amd64-xl-qemut-ws16-amd64 fail test-amd64-i386-xl-qemut-ws16-amd64 fail test-amd64-amd64-xl-qemuu-ws16-amd64 fail test-amd64-i386-xl-qemuu-ws16-amd64 fail test-amd64-amd64-examine-bios pass test-amd64-i386-examine-bios pass test-amd64-amd64-xl-credit1 pass test-arm64-arm64-xl-credit1 starved test-armhf-armhf-xl-credit1 starved test-amd64-amd64-xl-credit2 pass test-arm64-arm64-xl-credit2 starved test-armhf-armhf-xl-credit2 starved test-armhf-armhf-xl-cubietruck starved test-amd64-amd64-xl-qemuu-dmrestrict-amd64-dmrestrict pass test-amd64-i386-xl-qemuu-dmrestrict-amd64-dmrestrict pass test-amd64-amd64-examine pass test-arm64-arm64-examine starved test-armhf-armhf-examine starved test-amd64-i386-examine pass test-amd64-i386-freebsd10-i386 pass test-amd64-amd64-qemuu-nested-intel pass test-amd64-amd64-xl-pvhv2-intel pass test-amd64-i386-qemut-rhel6hvm-intel pass test-amd64-i386-qemuu-rhel6hvm-intel pass test-amd64-amd64-dom0pvh-xl-intel pass test-amd64-amd64-libvirt pass test-armhf-armhf-libvirt starved test-amd64-i386-libvirt pass test-amd64-amd64-xl-multivcpu pass test-armhf-armhf-xl-multivcpu starved test-amd64-amd64-pair pass test-amd64-i386-pair pass test-amd64-amd64-libvirt-pair pass test-amd64-i386-libvirt-pair pass test-amd64-amd64-xl-pvshim pass test-amd64-i386-xl-pvshim fail test-amd64-amd64-pygrub pass test-armhf-armhf-libvirt-qcow2 starved test-amd64-amd64-xl-qcow2 fail test-arm64-arm64-libvirt-raw starved test-armhf-armhf-libvirt-raw starved test-amd64-i386-libvirt-raw pass test-amd64-amd64-xl-rtds pass test-armhf-armhf-xl-rtds starved test-amd64-amd64-xl-qemuu-debianhvm-amd64-shadow pass test-amd64-i386-xl-qemuu-debianhvm-amd64-shadow pass test-amd64-amd64-xl-shadow pass test-amd64-i386-xl-shadow pass test-arm64-arm64-xl-thunderx starved test-amd64-amd64-examine-uefi pass test-amd64-i386-examine-uefi pass test-amd64-amd64-libvirt-vhd pass test-arm64-arm64-xl-vhd starved test-armhf-armhf-xl-vhd starved test-amd64-i386-xl-vhd pass ------------------------------------------------------------ sg-report-flight on osstest.test-lab.xenproject.org logs: /home/logs/logs images: /home/logs/images Logs, config files, etc. are available at http://logs.test-lab.xenproject.org/osstest/logs Explanation of these reports, and of osstest in general, is at http://xenbits.xen.org/gitweb/?p=osstest.git;a=blob;f=README.email;hb=master http://xenbits.xen.org/gitweb/?p=osstest.git;a=blob;f=README;hb=master Test harness code can be found at http://xenbits.xen.org/gitweb?p=osstest.git;a=summary Not pushing. (No revision log; it would be 1981 lines long.)
