flight 177681 linux-linus real [real]
http://logs.test-lab.xenproject.org/osstest/logs/177681/

Failures :-/ but no regressions.

Tests which did not succeed, but are not blocking:
 test-amd64-amd64-xl-qemut-win7-amd64 19 guest-stop            fail like 177531
 test-amd64-amd64-xl-qemuu-win7-amd64 19 guest-stop            fail like 177531
 test-amd64-amd64-xl-qemuu-ws16-amd64 19 guest-stop            fail like 177531
 test-amd64-amd64-qemuu-nested-amd 20 debian-hvm-install/l1/l2 fail like 177531
 test-amd64-amd64-xl-qemut-ws16-amd64 19 guest-stop            fail like 177531
 test-amd64-amd64-libvirt     15 migrate-support-check        fail   never pass
 test-amd64-amd64-libvirt-xsm 15 migrate-support-check        fail   never pass
 test-arm64-arm64-xl-credit1  15 migrate-support-check        fail   never pass
 test-arm64-arm64-xl-credit1  16 saverestore-support-check    fail   never pass
 test-arm64-arm64-libvirt-xsm 15 migrate-support-check        fail   never pass
 test-arm64-arm64-libvirt-xsm 16 saverestore-support-check    fail   never pass
 test-arm64-arm64-xl-xsm      15 migrate-support-check        fail   never pass
 test-arm64-arm64-xl-xsm      16 saverestore-support-check    fail   never pass
 test-arm64-arm64-xl          15 migrate-support-check        fail   never pass
 test-arm64-arm64-xl          16 saverestore-support-check    fail   never pass
 test-amd64-amd64-libvirt-qemuu-debianhvm-amd64-xsm 13 migrate-support-check 
fail never pass
 test-arm64-arm64-xl-credit2  15 migrate-support-check        fail   never pass
 test-arm64-arm64-xl-credit2  16 saverestore-support-check    fail   never pass
 test-arm64-arm64-xl-thunderx 15 migrate-support-check        fail   never pass
 test-arm64-arm64-xl-thunderx 16 saverestore-support-check    fail   never pass
 test-amd64-amd64-libvirt-raw 14 migrate-support-check        fail   never pass
 test-amd64-amd64-libvirt-qcow2 14 migrate-support-check        fail never pass
 test-arm64-arm64-libvirt-raw 14 migrate-support-check        fail   never pass
 test-arm64-arm64-libvirt-raw 15 saverestore-support-check    fail   never pass
 test-arm64-arm64-xl-vhd      14 migrate-support-check        fail   never pass
 test-arm64-arm64-xl-vhd      15 saverestore-support-check    fail   never pass
 test-armhf-armhf-examine      1 build-check(1)               starved  n/a
 test-armhf-armhf-libvirt      1 build-check(1)               starved  n/a
 test-armhf-armhf-libvirt-qcow2  1 build-check(1)               starved  n/a
 test-armhf-armhf-libvirt-raw  1 build-check(1)               starved  n/a
 test-armhf-armhf-xl           1 build-check(1)               starved  n/a
 test-armhf-armhf-xl-credit1   1 build-check(1)               starved  n/a
 test-armhf-armhf-xl-credit2   1 build-check(1)               starved  n/a
 test-armhf-armhf-xl-cubietruck  1 build-check(1)               starved  n/a
 test-armhf-armhf-xl-multivcpu  1 build-check(1)               starved  n/a
 test-armhf-armhf-xl-rtds      1 build-check(1)               starved  n/a
 test-armhf-armhf-xl-vhd       1 build-check(1)               starved  n/a
 build-armhf-libvirt           1 build-check(1)               starved  n/a
 build-armhf                   2 hosts-allocate               starved  n/a

version targeted for testing:
 linux                38f8ccde04a3fa317b51b05e63c3cb57e1641931
baseline version:
 linux                3ac88fa4605ec98e545fb3ad0154f575fda2de5f

Last test of basis   177531  2023-02-16 20:42:54 Z    1 days
Failing since        177574  2023-02-17 06:09:56 Z    1 days    3 attempts
Testing same since   177681  2023-02-18 04:33:31 Z    0 days    1 attempts

------------------------------------------------------------
People who touched revisions under test:
  Alex Deucher <[email protected]>
  Andrew Morton <[email protected]>
  Andy Chi <[email protected]>
  Anna Schumaker <[email protected]>
  Bartosz Golaszewski <[email protected]>
  Benjamin Gray <[email protected]>
  Bill Metzenthen <[email protected]>
  Bo Liu <[email protected]>
  Cezary Rojewski <[email protected]>
  Damien Le Moal <[email protected]>
  Dave Airlie <[email protected]>
  Dave Stevenson <[email protected]>
  David Hildenbrand <[email protected]>
  Dom Cobley <[email protected]>
  Geraldo Nascimento <[email protected]>
  Greg Kroah-Hartman <[email protected]>
  Heiner Kallweit <[email protected]>
  Hugh Dickins <[email protected]>
  Ingo Molnar <[email protected]>
  Jack Xiao <[email protected]>
  Jani Nikula <[email protected]>
  Jim Cromie <[email protected]>
  Jocelyn Falempe <[email protected]>
  Kailang Yang <[email protected]>
  Leo Li <[email protected]>
  Linus Torvalds <[email protected]>
  Linux Kernel Functional Testing <[email protected]>
  Mark Brown <[email protected]>
  Matt Roper <[email protected]>
  Maxime Ripard <[email protected]>
  Mengchi Cheng <[email protected]>
  Michael Ellerman <[email protected]>
  Mike Kravetz <[email protected]>
  Mikhail Gavrilov <[email protected]>
  Miko Larsson <[email protected]>
  Muchun Song <[email protected]>
  Munehisa Kamata <[email protected]>
  Naresh Kamboju <[email protected]>
  Nick Bowler <[email protected]>
  Patrick McLean <[email protected]>
  Paul Cercueil <[email protected]>
  Peter Ujfalusi <[email protected]>
  Peter Xu <[email protected]>
  Peter Zijlstra (Intel) <[email protected]>
  Peter Zijlstra <[email protected]>
  Pierre-Louis Bossart <[email protected]>
  Qian Yingjin <[email protected]>
  Rander Wang <[email protected]>
  Randy Dunlap <[email protected]>
  Rodrigo Vivi <[email protected]>
  Ryusuke Konishi <[email protected]>
  Simon Gaiser <[email protected]>
  Suren Baghdasaryan <[email protected]>
  Takashi Iwai <[email protected]>
  Thomas Zimmermann <[email protected]>
  Trond Myklebust <[email protected]>
  Ulf Hansson <[email protected]>
  Ville Syrjälä <[email protected]>
  Waiman Long <[email protected]>
  Yang Yingliang <[email protected]>
  Zach O'Keefe <[email protected]>
  Zack Rusin <[email protected]>

jobs:
 build-amd64-xsm                                              pass    
 build-arm64-xsm                                              pass    
 build-i386-xsm                                               pass    
 build-amd64                                                  pass    
 build-arm64                                                  pass    
 build-armhf                                                  starved 
 build-i386                                                   pass    
 build-amd64-libvirt                                          pass    
 build-arm64-libvirt                                          pass    
 build-armhf-libvirt                                          starved 
 build-i386-libvirt                                           pass    
 build-amd64-pvops                                            pass    
 build-arm64-pvops                                            pass    
 build-armhf-pvops                                            pass    
 build-i386-pvops                                             pass    
 test-amd64-amd64-xl                                          pass    
 test-amd64-coresched-amd64-xl                                pass    
 test-arm64-arm64-xl                                          pass    
 test-armhf-armhf-xl                                          starved 
 test-amd64-amd64-libvirt-qemuu-debianhvm-amd64-xsm           pass    
 test-amd64-amd64-xl-qemut-stubdom-debianhvm-amd64-xsm        pass    
 test-amd64-amd64-xl-qemut-debianhvm-i386-xsm                 pass    
 test-amd64-amd64-xl-qemuu-debianhvm-i386-xsm                 pass    
 test-amd64-amd64-libvirt-xsm                                 pass    
 test-arm64-arm64-libvirt-xsm                                 pass    
 test-amd64-amd64-xl-xsm                                      pass    
 test-arm64-arm64-xl-xsm                                      pass    
 test-amd64-amd64-qemuu-nested-amd                            fail    
 test-amd64-amd64-xl-pvhv2-amd                                pass    
 test-amd64-amd64-dom0pvh-xl-amd                              pass    
 test-amd64-amd64-xl-qemut-debianhvm-amd64                    pass    
 test-amd64-amd64-xl-qemuu-debianhvm-amd64                    pass    
 test-amd64-amd64-freebsd11-amd64                             pass    
 test-amd64-amd64-freebsd12-amd64                             pass    
 test-amd64-amd64-xl-qemuu-ovmf-amd64                         pass    
 test-amd64-amd64-xl-qemut-win7-amd64                         fail    
 test-amd64-amd64-xl-qemuu-win7-amd64                         fail    
 test-amd64-amd64-xl-qemut-ws16-amd64                         fail    
 test-amd64-amd64-xl-qemuu-ws16-amd64                         fail    
 test-amd64-amd64-examine-bios                                pass    
 test-amd64-amd64-xl-credit1                                  pass    
 test-arm64-arm64-xl-credit1                                  pass    
 test-armhf-armhf-xl-credit1                                  starved 
 test-amd64-amd64-xl-credit2                                  pass    
 test-arm64-arm64-xl-credit2                                  pass    
 test-armhf-armhf-xl-credit2                                  starved 
 test-armhf-armhf-xl-cubietruck                               starved 
 test-amd64-amd64-xl-qemuu-dmrestrict-amd64-dmrestrict        pass    
 test-amd64-amd64-examine                                     pass    
 test-arm64-arm64-examine                                     pass    
 test-armhf-armhf-examine                                     starved 
 test-amd64-amd64-qemuu-nested-intel                          pass    
 test-amd64-amd64-xl-pvhv2-intel                              pass    
 test-amd64-amd64-dom0pvh-xl-intel                            pass    
 test-amd64-amd64-libvirt                                     pass    
 test-armhf-armhf-libvirt                                     starved 
 test-amd64-amd64-xl-multivcpu                                pass    
 test-armhf-armhf-xl-multivcpu                                starved 
 test-amd64-amd64-pair                                        pass    
 test-amd64-amd64-libvirt-pair                                pass    
 test-amd64-amd64-xl-pvshim                                   pass    
 test-amd64-amd64-pygrub                                      pass    
 test-amd64-amd64-libvirt-qcow2                               pass    
 test-armhf-armhf-libvirt-qcow2                               starved 
 test-amd64-amd64-libvirt-raw                                 pass    
 test-arm64-arm64-libvirt-raw                                 pass    
 test-armhf-armhf-libvirt-raw                                 starved 
 test-amd64-amd64-xl-rtds                                     pass    
 test-armhf-armhf-xl-rtds                                     starved 
 test-amd64-amd64-xl-qemuu-debianhvm-amd64-shadow             pass    
 test-amd64-amd64-xl-shadow                                   pass    
 test-arm64-arm64-xl-thunderx                                 pass    
 test-amd64-amd64-examine-uefi                                pass    
 test-amd64-amd64-xl-vhd                                      pass    
 test-arm64-arm64-xl-vhd                                      pass    
 test-armhf-armhf-xl-vhd                                      starved 


------------------------------------------------------------
sg-report-flight on osstest.test-lab.xenproject.org
logs: /home/logs/logs
images: /home/logs/images

Logs, config files, etc. are available at
    http://logs.test-lab.xenproject.org/osstest/logs

Explanation of these reports, and of osstest in general, is at
    http://xenbits.xen.org/gitweb/?p=osstest.git;a=blob;f=README.email;hb=master
    http://xenbits.xen.org/gitweb/?p=osstest.git;a=blob;f=README;hb=master

Test harness code can be found at
    http://xenbits.xen.org/gitweb?p=osstest.git;a=summary


Pushing revision :

hint: The 'hooks/update' hook was ignored because it's not set as executable.
hint: You can disable this warning with `git config advice.ignoredHook false`.
hint: The 'hooks/post-receive' hook was ignored because it's not set as 
executable.
hint: You can disable this warning with `git config advice.ignoredHook false`.
hint: The 'hooks/post-update' hook was ignored because it's not set as 
executable.
hint: You can disable this warning with `git config advice.ignoredHook false`.
To xenbits.xen.org:/home/xen/git/linux-pvops.git
   3ac88fa4605e..38f8ccde04a3  38f8ccde04a3fa317b51b05e63c3cb57e1641931 -> 
tested/linux-linus

Reply via email to