flight 177160 xen-unstable-smoke real [real]
http://logs.test-lab.xenproject.org/osstest/logs/177160/

Failures :-/ but no regressions.

Tests which did not succeed, but are not blocking:
 test-arm64-arm64-xl-xsm      15 migrate-support-check        fail   never pass
 test-arm64-arm64-xl-xsm      16 saverestore-support-check    fail   never pass
 test-amd64-amd64-libvirt     15 migrate-support-check        fail   never pass
 test-armhf-armhf-xl           1 build-check(1)               starved  n/a
 build-armhf                   2 hosts-allocate               starved  n/a

version targeted for testing:
 xen                  f4f498d08d50259b9f25c274fd7b1e8ccf5693af
baseline version:
 xen                  01e7477d1b081cff4288ff9f51ec59ee94c03ee0

Last test of basis   176840  2023-02-10 09:02:03 Z    3 days
Testing same since   177160  2023-02-13 10:03:22 Z    0 days    1 attempts

------------------------------------------------------------
People who touched revisions under test:
  Alistair Francis <[email protected]>
  Andrew Cooper <[email protected]>
  Jan Beulich <[email protected]>
  Juergen Gross <[email protected]>
  Oleksii Kurochko <[email protected]>

jobs:
 build-arm64-xsm                                              pass    
 build-amd64                                                  pass    
 build-armhf                                                  starved 
 build-amd64-libvirt                                          pass    
 test-armhf-armhf-xl                                          starved 
 test-arm64-arm64-xl-xsm                                      pass    
 test-amd64-amd64-xl-qemuu-debianhvm-amd64                    pass    
 test-amd64-amd64-libvirt                                     pass    


------------------------------------------------------------
sg-report-flight on osstest.test-lab.xenproject.org
logs: /home/logs/logs
images: /home/logs/images

Logs, config files, etc. are available at
    http://logs.test-lab.xenproject.org/osstest/logs

Explanation of these reports, and of osstest in general, is at
    http://xenbits.xen.org/gitweb/?p=osstest.git;a=blob;f=README.email;hb=master
    http://xenbits.xen.org/gitweb/?p=osstest.git;a=blob;f=README;hb=master

Test harness code can be found at
    http://xenbits.xen.org/gitweb?p=osstest.git;a=summary


Pushing revision :

To xenbits.xen.org:/home/xen/git/xen.git
   01e7477d1b..f4f498d08d  f4f498d08d50259b9f25c274fd7b1e8ccf5693af -> smoke

Reply via email to