flight 176314 linux-linus real [real]
http://logs.test-lab.xenproject.org/osstest/logs/176314/
Regressions :-(
Tests which did not succeed and are blocking,
including tests which could not be run:
build-armhf <job status> broken
test-amd64-amd64-xl-pvshim <job status> broken
test-amd64-amd64-xl-pvhv2-intel <job status> broken
test-amd64-amd64-xl-multivcpu <job status> broken
test-amd64-amd64-freebsd11-amd64 <job status> broken
test-amd64-amd64-freebsd12-amd64 <job status> broken
test-amd64-amd64-qemuu-nested-intel <job status> broken
test-amd64-amd64-qemuu-nested-intel 5 host-install(5) broken REGR. vs. 173462
test-amd64-amd64-freebsd12-amd64 5 host-install(5) broken REGR. vs. 173462
build-armhf 4 host-install(4) broken REGR. vs. 173462
test-amd64-amd64-xl-pvhv2-intel 5 host-install(5) broken REGR. vs. 173462
test-amd64-amd64-pygrub <job status> broken in 176304
test-amd64-amd64-xl-multivcpu 8 xen-boot fail in 176304 REGR. vs. 173462
test-amd64-amd64-freebsd11-amd64 19 guest-localmigrate/x10 fail in 176304
REGR. vs. 173462
build-armhf 3 syslog-server running
Tests which are failing intermittently (not blocking):
test-amd64-amd64-pygrub 5 host-install(5) broken in 176304 pass in 176314
test-amd64-amd64-freebsd11-amd64 5 host-install(5) broken pass in 176304
test-amd64-amd64-xl-pvshim 5 host-install(5) broken pass in 176304
test-amd64-amd64-xl-multivcpu 5 host-install(5) broken pass in 176304
test-amd64-amd64-xl-vhd 21 guest-start/debian.repeat fail in 176304 pass in
176314
test-amd64-amd64-libvirt-qcow2 19 guest-start/debian.repeat fail pass in 176304
Tests which did not succeed, but are not blocking:
test-armhf-armhf-examine 1 build-check(1) blocked n/a
test-armhf-armhf-libvirt 1 build-check(1) blocked n/a
test-armhf-armhf-libvirt-qcow2 1 build-check(1) blocked n/a
test-armhf-armhf-libvirt-raw 1 build-check(1) blocked n/a
test-armhf-armhf-xl 1 build-check(1) blocked n/a
test-armhf-armhf-xl-arndale 1 build-check(1) blocked n/a
test-armhf-armhf-xl-credit1 1 build-check(1) blocked n/a
test-armhf-armhf-xl-credit2 1 build-check(1) blocked n/a
test-armhf-armhf-xl-cubietruck 1 build-check(1) blocked n/a
test-armhf-armhf-xl-multivcpu 1 build-check(1) blocked n/a
test-armhf-armhf-xl-rtds 1 build-check(1) blocked n/a
test-armhf-armhf-xl-vhd 1 build-check(1) blocked n/a
build-armhf-libvirt 1 build-check(1) blocked n/a
build-armhf 5 capture-logs broken blocked in 173462
test-amd64-amd64-xl-qemut-win7-amd64 19 guest-stop fail like 173462
test-amd64-amd64-xl-qemuu-win7-amd64 19 guest-stop fail like 173462
test-amd64-amd64-xl-qemuu-ws16-amd64 19 guest-stop fail like 173462
test-amd64-amd64-qemuu-nested-amd 20 debian-hvm-install/l1/l2 fail like 173462
test-amd64-amd64-xl-qemut-ws16-amd64 19 guest-stop fail like 173462
test-arm64-arm64-xl-xsm 15 migrate-support-check fail never pass
test-arm64-arm64-xl-xsm 16 saverestore-support-check fail never pass
test-arm64-arm64-xl 15 migrate-support-check fail never pass
test-arm64-arm64-xl 16 saverestore-support-check fail never pass
test-arm64-arm64-xl-thunderx 15 migrate-support-check fail never pass
test-arm64-arm64-xl-credit1 15 migrate-support-check fail never pass
test-arm64-arm64-xl-thunderx 16 saverestore-support-check fail never pass
test-arm64-arm64-xl-credit1 16 saverestore-support-check fail never pass
test-arm64-arm64-xl-credit2 15 migrate-support-check fail never pass
test-arm64-arm64-xl-credit2 16 saverestore-support-check fail never pass
test-amd64-amd64-libvirt-qemuu-debianhvm-amd64-xsm 13 migrate-support-check
fail never pass
test-amd64-amd64-libvirt-qcow2 14 migrate-support-check fail never pass
test-arm64-arm64-libvirt-xsm 15 migrate-support-check fail never pass
test-arm64-arm64-libvirt-xsm 16 saverestore-support-check fail never pass
test-amd64-amd64-libvirt-raw 14 migrate-support-check fail never pass
test-amd64-amd64-libvirt-xsm 15 migrate-support-check fail never pass
test-arm64-arm64-libvirt-raw 14 migrate-support-check fail never pass
test-arm64-arm64-libvirt-raw 15 saverestore-support-check fail never pass
test-arm64-arm64-xl-vhd 14 migrate-support-check fail never pass
test-arm64-arm64-xl-vhd 15 saverestore-support-check fail never pass
test-amd64-amd64-libvirt 15 migrate-support-check fail never pass
version targeted for testing:
linux c0b67534c95c537f7a506a06b98e5e85d72e2b7d
baseline version:
linux 9d84bb40bcb30a7fa16f33baa967aeb9953dda78
Last test of basis 173462 2022-10-07 18:41:45 Z 117 days
Failing since 173470 2022-10-08 06:21:34 Z 117 days 240 attempts
Testing same since 176304 2023-02-01 00:13:30 Z 1 days 2 attempts
------------------------------------------------------------
3468 people touched revisions under test,
not listing them all
jobs:
build-amd64-xsm pass
build-arm64-xsm pass
build-i386-xsm pass
build-amd64 pass
build-arm64 pass
build-armhf broken
build-i386 pass
build-amd64-libvirt pass
build-arm64-libvirt pass
build-armhf-libvirt blocked
build-i386-libvirt pass
build-amd64-pvops pass
build-arm64-pvops pass
build-armhf-pvops pass
build-i386-pvops pass
test-amd64-amd64-xl pass
test-amd64-coresched-amd64-xl pass
test-arm64-arm64-xl pass
test-armhf-armhf-xl blocked
test-amd64-amd64-libvirt-qemuu-debianhvm-amd64-xsm pass
test-amd64-amd64-xl-qemut-stubdom-debianhvm-amd64-xsm pass
test-amd64-amd64-xl-qemut-debianhvm-i386-xsm pass
test-amd64-amd64-xl-qemuu-debianhvm-i386-xsm pass
test-amd64-amd64-libvirt-xsm pass
test-arm64-arm64-libvirt-xsm pass
test-amd64-amd64-xl-xsm pass
test-arm64-arm64-xl-xsm pass
test-amd64-amd64-qemuu-nested-amd fail
test-amd64-amd64-xl-pvhv2-amd pass
test-amd64-amd64-dom0pvh-xl-amd pass
test-amd64-amd64-xl-qemut-debianhvm-amd64 pass
test-amd64-amd64-xl-qemuu-debianhvm-amd64 pass
test-amd64-amd64-freebsd11-amd64 broken
test-amd64-amd64-freebsd12-amd64 broken
test-amd64-amd64-xl-qemuu-ovmf-amd64 pass
test-amd64-amd64-xl-qemut-win7-amd64 fail
test-amd64-amd64-xl-qemuu-win7-amd64 fail
test-amd64-amd64-xl-qemut-ws16-amd64 fail
test-amd64-amd64-xl-qemuu-ws16-amd64 fail
test-armhf-armhf-xl-arndale blocked
test-amd64-amd64-examine-bios pass
test-amd64-amd64-xl-credit1 pass
test-arm64-arm64-xl-credit1 pass
test-armhf-armhf-xl-credit1 blocked
test-amd64-amd64-xl-credit2 pass
test-arm64-arm64-xl-credit2 pass
test-armhf-armhf-xl-credit2 blocked
test-armhf-armhf-xl-cubietruck blocked
test-amd64-amd64-xl-qemuu-dmrestrict-amd64-dmrestrict pass
test-amd64-amd64-examine pass
test-arm64-arm64-examine pass
test-armhf-armhf-examine blocked
test-amd64-amd64-qemuu-nested-intel broken
test-amd64-amd64-xl-pvhv2-intel broken
test-amd64-amd64-dom0pvh-xl-intel pass
test-amd64-amd64-libvirt pass
test-armhf-armhf-libvirt blocked
test-amd64-amd64-xl-multivcpu broken
test-armhf-armhf-xl-multivcpu blocked
test-amd64-amd64-pair pass
test-amd64-amd64-libvirt-pair pass
test-amd64-amd64-xl-pvshim broken
test-amd64-amd64-pygrub pass
test-amd64-amd64-libvirt-qcow2 fail
test-armhf-armhf-libvirt-qcow2 blocked
test-amd64-amd64-libvirt-raw pass
test-arm64-arm64-libvirt-raw pass
test-armhf-armhf-libvirt-raw blocked
test-amd64-amd64-xl-rtds pass
test-armhf-armhf-xl-rtds blocked
test-amd64-amd64-xl-qemuu-debianhvm-amd64-shadow pass
test-amd64-amd64-xl-shadow pass
test-arm64-arm64-xl-thunderx pass
test-amd64-amd64-examine-uefi pass
test-amd64-amd64-xl-vhd pass
test-arm64-arm64-xl-vhd pass
test-armhf-armhf-xl-vhd blocked
------------------------------------------------------------
sg-report-flight on osstest.test-lab.xenproject.org
logs: /home/logs/logs
images: /home/logs/images
Logs, config files, etc. are available at
http://logs.test-lab.xenproject.org/osstest/logs
Explanation of these reports, and of osstest in general, is at
http://xenbits.xen.org/gitweb/?p=osstest.git;a=blob;f=README.email;hb=master
http://xenbits.xen.org/gitweb/?p=osstest.git;a=blob;f=README;hb=master
Test harness code can be found at
http://xenbits.xen.org/gitweb?p=osstest.git;a=summary
broken-job build-armhf broken
broken-job test-amd64-amd64-xl-pvshim broken
broken-job test-amd64-amd64-xl-pvhv2-intel broken
broken-job test-amd64-amd64-xl-multivcpu broken
broken-job test-amd64-amd64-freebsd11-amd64 broken
broken-job test-amd64-amd64-freebsd12-amd64 broken
broken-job test-amd64-amd64-qemuu-nested-intel broken
broken-step build-armhf capture-logs
broken-step test-amd64-amd64-freebsd11-amd64 host-install(5)
broken-step test-amd64-amd64-qemuu-nested-intel host-install(5)
broken-step test-amd64-amd64-xl-pvshim host-install(5)
broken-step test-amd64-amd64-freebsd12-amd64 host-install(5)
broken-step build-armhf host-install(4)
broken-step test-amd64-amd64-xl-pvhv2-intel host-install(5)
broken-step test-amd64-amd64-xl-multivcpu host-install(5)
broken-job test-amd64-amd64-qemuu-nested-intel broken
broken-job build-armhf broken
broken-job test-amd64-amd64-pygrub broken
broken-job test-amd64-amd64-freebsd12-amd64 broken
broken-job test-amd64-amd64-xl-pvhv2-intel broken
Not pushing.
(No revision log; it would be 533994 lines long.)