flight 175743 qemu-mainline real [real] http://logs.test-lab.xenproject.org/osstest/logs/175743/
Failures :-/ but no regressions. Tests which are failing intermittently (not blocking): test-amd64-i386-qemuu-rhel6hvm-amd 7 xen-install fail in 175735 pass in 175743 test-amd64-i386-pair 11 xen-install/dst_host fail in 175735 pass in 175743 test-amd64-i386-xl-vhd 21 guest-start/debian.repeat fail in 175735 pass in 175743 test-amd64-i386-pair 10 xen-install/src_host fail pass in 175735 test-armhf-armhf-xl-rtds 8 xen-boot fail pass in 175735 test-armhf-armhf-xl-multivcpu 12 debian-install fail pass in 175735 test-armhf-armhf-libvirt-qcow2 12 debian-di-install fail pass in 175735 test-armhf-armhf-libvirt-raw 12 debian-di-install fail pass in 175735 Tests which did not succeed, but are not blocking: test-armhf-armhf-libvirt-qcow2 15 saverestore-support-check fail in 175735 like 175623 test-armhf-armhf-libvirt-raw 15 saverestore-support-check fail in 175735 like 175623 test-armhf-armhf-xl-rtds 15 migrate-support-check fail in 175735 never pass test-armhf-armhf-xl-rtds 16 saverestore-support-check fail in 175735 never pass test-armhf-armhf-xl-multivcpu 15 migrate-support-check fail in 175735 never pass test-armhf-armhf-xl-multivcpu 16 saverestore-support-check fail in 175735 never pass test-armhf-armhf-libvirt-qcow2 14 migrate-support-check fail in 175735 never pass test-armhf-armhf-libvirt-raw 14 migrate-support-check fail in 175735 never pass test-amd64-amd64-xl-qemuu-win7-amd64 19 guest-stop fail like 175623 test-armhf-armhf-libvirt 16 saverestore-support-check fail like 175623 test-amd64-i386-xl-qemuu-win7-amd64 19 guest-stop fail like 175623 test-amd64-amd64-xl-qemuu-ws16-amd64 19 guest-stop fail like 175623 test-amd64-i386-xl-qemuu-ws16-amd64 19 guest-stop fail like 175623 test-amd64-amd64-qemuu-nested-amd 20 debian-hvm-install/l1/l2 fail like 175623 test-amd64-i386-xl-pvshim 14 guest-start fail never pass test-amd64-amd64-libvirt-xsm 15 migrate-support-check fail never pass test-amd64-i386-libvirt-xsm 15 migrate-support-check fail never pass test-arm64-arm64-xl-seattle 15 migrate-support-check fail never pass test-arm64-arm64-xl-seattle 16 saverestore-support-check fail never pass test-amd64-amd64-libvirt 15 migrate-support-check fail never pass test-amd64-i386-libvirt 15 migrate-support-check fail never pass test-arm64-arm64-xl 15 migrate-support-check fail never pass test-arm64-arm64-xl 16 saverestore-support-check fail never pass test-arm64-arm64-xl-credit2 15 migrate-support-check fail never pass test-arm64-arm64-xl-credit2 16 saverestore-support-check fail never pass test-arm64-arm64-xl-xsm 15 migrate-support-check fail never pass test-arm64-arm64-xl-xsm 16 saverestore-support-check fail never pass test-arm64-arm64-xl-credit1 15 migrate-support-check fail never pass test-arm64-arm64-xl-credit1 16 saverestore-support-check fail never pass test-arm64-arm64-libvirt-xsm 15 migrate-support-check fail never pass test-arm64-arm64-libvirt-xsm 16 saverestore-support-check fail never pass test-arm64-arm64-xl-thunderx 15 migrate-support-check fail never pass test-arm64-arm64-xl-thunderx 16 saverestore-support-check fail never pass test-amd64-amd64-libvirt-qemuu-debianhvm-amd64-xsm 13 migrate-support-check fail never pass test-amd64-i386-libvirt-qemuu-debianhvm-amd64-xsm 13 migrate-support-check fail never pass test-amd64-i386-libvirt-raw 14 migrate-support-check fail never pass test-arm64-arm64-libvirt-raw 14 migrate-support-check fail never pass test-arm64-arm64-libvirt-raw 15 saverestore-support-check fail never pass test-amd64-amd64-libvirt-vhd 14 migrate-support-check fail never pass test-armhf-armhf-xl-credit1 15 migrate-support-check fail never pass test-armhf-armhf-xl-credit1 16 saverestore-support-check fail never pass test-armhf-armhf-libvirt 15 migrate-support-check fail never pass test-arm64-arm64-xl-vhd 14 migrate-support-check fail never pass test-arm64-arm64-xl-vhd 15 saverestore-support-check fail never pass test-armhf-armhf-xl-cubietruck 15 migrate-support-check fail never pass test-armhf-armhf-xl-cubietruck 16 saverestore-support-check fail never pass test-armhf-armhf-xl-credit2 15 migrate-support-check fail never pass test-armhf-armhf-xl-credit2 16 saverestore-support-check fail never pass test-armhf-armhf-xl-arndale 15 migrate-support-check fail never pass test-armhf-armhf-xl-arndale 16 saverestore-support-check fail never pass test-armhf-armhf-xl 15 migrate-support-check fail never pass test-armhf-armhf-xl 16 saverestore-support-check fail never pass test-armhf-armhf-xl-vhd 14 migrate-support-check fail never pass test-armhf-armhf-xl-vhd 15 saverestore-support-check fail never pass version targeted for testing: qemuu aa96ab7c9df59c615ca82b49c9062819e0a1c287 baseline version: qemuu 0ab12aa32462817f0a53fa6f6ce4baf664ef1713 Last test of basis 175623 2023-01-07 23:09:00 Z 5 days Failing since 175627 2023-01-08 14:40:14 Z 4 days 21 attempts Testing same since 175654 2023-01-09 18:08:58 Z 3 days 16 attempts ------------------------------------------------------------ People who touched revisions under test: Ard Biesheuvel <[email protected]> Bernhard Beschow <[email protected]> Christian Borntraeger <[email protected]> Cindy Lu <[email protected]> Dongli Zhang <[email protected]> Eugenio Pérez <[email protected]> Greg Kurz <[email protected]> Guoyi Tu <[email protected]> Hyman Huang(黄勇) <[email protected]> Igor Mammedov <[email protected]> Jason Wang <[email protected]> Jonathan Cameron <[email protected]> Kai Huang <[email protected]> Laszlo Ersek <[email protected]> Lei Xiang <[email protected]> leixiang <[email protected]> Liuxiangdong <[email protected]> Longpeng <[email protected]> Lubomir Rintel <[email protected]> Marc-André Lureau <[email protected]> Markus Armbruster <[email protected]> Michael S. Tsirkin <[email protected]> Nikita Ivanov <[email protected]> Paolo Bonzini <[email protected]> Peter Maydell <[email protected]> Philippe Mathieu-Daudé <[email protected]> Richard Henderson <[email protected]> Thomas Huth <[email protected]> Yanan Wang <[email protected]> Yicong Yang <[email protected]> Zeng Chi <[email protected]> jobs: build-amd64-xsm pass build-arm64-xsm pass build-i386-xsm pass build-amd64 pass build-arm64 pass build-armhf pass build-i386 pass build-amd64-libvirt pass build-arm64-libvirt pass build-armhf-libvirt pass build-i386-libvirt pass build-amd64-pvops pass build-arm64-pvops pass build-armhf-pvops pass build-i386-pvops pass test-amd64-amd64-xl pass test-amd64-coresched-amd64-xl pass test-arm64-arm64-xl pass test-armhf-armhf-xl pass test-amd64-i386-xl pass test-amd64-coresched-i386-xl pass test-amd64-amd64-libvirt-qemuu-debianhvm-amd64-xsm pass test-amd64-i386-libvirt-qemuu-debianhvm-amd64-xsm pass test-amd64-amd64-xl-qemuu-debianhvm-i386-xsm pass test-amd64-i386-xl-qemuu-debianhvm-i386-xsm pass test-amd64-amd64-libvirt-xsm pass test-arm64-arm64-libvirt-xsm pass test-amd64-i386-libvirt-xsm pass test-amd64-amd64-xl-xsm pass test-arm64-arm64-xl-xsm pass test-amd64-i386-xl-xsm pass test-amd64-amd64-qemuu-nested-amd fail test-amd64-amd64-xl-pvhv2-amd pass test-amd64-i386-qemuu-rhel6hvm-amd pass test-amd64-amd64-dom0pvh-xl-amd pass test-amd64-amd64-xl-qemuu-debianhvm-amd64 pass test-amd64-i386-xl-qemuu-debianhvm-amd64 pass test-amd64-i386-freebsd10-amd64 pass test-amd64-amd64-qemuu-freebsd11-amd64 pass test-amd64-amd64-qemuu-freebsd12-amd64 pass test-amd64-amd64-xl-qemuu-ovmf-amd64 pass test-amd64-i386-xl-qemuu-ovmf-amd64 pass test-amd64-amd64-xl-qemuu-win7-amd64 fail test-amd64-i386-xl-qemuu-win7-amd64 fail test-amd64-amd64-xl-qemuu-ws16-amd64 fail test-amd64-i386-xl-qemuu-ws16-amd64 fail test-armhf-armhf-xl-arndale pass test-amd64-amd64-xl-credit1 pass test-arm64-arm64-xl-credit1 pass test-armhf-armhf-xl-credit1 pass test-amd64-amd64-xl-credit2 pass test-arm64-arm64-xl-credit2 pass test-armhf-armhf-xl-credit2 pass test-armhf-armhf-xl-cubietruck pass test-amd64-amd64-xl-qemuu-dmrestrict-amd64-dmrestrict pass test-amd64-i386-xl-qemuu-dmrestrict-amd64-dmrestrict pass test-amd64-i386-freebsd10-i386 pass test-amd64-amd64-qemuu-nested-intel pass test-amd64-amd64-xl-pvhv2-intel pass test-amd64-i386-qemuu-rhel6hvm-intel pass test-amd64-amd64-dom0pvh-xl-intel pass test-amd64-amd64-libvirt pass test-armhf-armhf-libvirt pass test-amd64-i386-libvirt pass test-amd64-amd64-xl-multivcpu pass test-armhf-armhf-xl-multivcpu fail test-amd64-amd64-pair pass test-amd64-i386-pair fail test-amd64-amd64-libvirt-pair pass test-amd64-i386-libvirt-pair pass test-amd64-amd64-xl-pvshim pass test-amd64-i386-xl-pvshim fail test-amd64-amd64-pygrub pass test-armhf-armhf-libvirt-qcow2 fail test-amd64-amd64-xl-qcow2 pass test-arm64-arm64-libvirt-raw pass test-armhf-armhf-libvirt-raw fail test-amd64-i386-libvirt-raw pass test-amd64-amd64-xl-rtds pass test-armhf-armhf-xl-rtds fail test-arm64-arm64-xl-seattle pass test-amd64-amd64-xl-qemuu-debianhvm-amd64-shadow pass test-amd64-i386-xl-qemuu-debianhvm-amd64-shadow pass test-amd64-amd64-xl-shadow pass test-amd64-i386-xl-shadow pass test-arm64-arm64-xl-thunderx pass test-amd64-amd64-libvirt-vhd pass test-arm64-arm64-xl-vhd pass test-armhf-armhf-xl-vhd pass test-amd64-i386-xl-vhd pass ------------------------------------------------------------ sg-report-flight on osstest.test-lab.xenproject.org logs: /home/logs/logs images: /home/logs/images Logs, config files, etc. are available at http://logs.test-lab.xenproject.org/osstest/logs Explanation of these reports, and of osstest in general, is at http://xenbits.xen.org/gitweb/?p=osstest.git;a=blob;f=README.email;hb=master http://xenbits.xen.org/gitweb/?p=osstest.git;a=blob;f=README;hb=master Test harness code can be found at http://xenbits.xen.org/gitweb?p=osstest.git;a=summary Pushing revision : To xenbits.xen.org:/home/xen/git/qemu-xen.git 0ab12aa324..aa96ab7c9d aa96ab7c9df59c615ca82b49c9062819e0a1c287 -> upstream-tested
