flight 175557 linux-5.4 real [real] http://logs.test-lab.xenproject.org/osstest/logs/175557/
Failures and problems with tests :-( Tests which did not succeed and are blocking, including tests which could not be run: test-armhf-armhf-xl-credit1 <job status> broken in 175547 Tests which are failing intermittently (not blocking): test-armhf-armhf-xl-credit1 5 host-install(5) broken in 175547 pass in 175557 test-armhf-armhf-xl-credit1 18 guest-start/debian.repeat fail in 175545 pass in 175557 test-amd64-amd64-xl-qemuu-debianhvm-i386-xsm 12 debian-hvm-install fail in 175545 pass in 175557 test-amd64-i386-xl-vhd 22 guest-start.2 fail in 175547 pass in 175545 test-amd64-i386-libvirt-pair 11 xen-install/dst_host fail in 175547 pass in 175557 test-armhf-armhf-xl-credit1 14 guest-start fail in 175551 pass in 175557 test-armhf-armhf-xl-credit2 14 guest-start fail in 175551 pass in 175557 test-armhf-armhf-xl-multivcpu 14 guest-start fail in 175553 pass in 175557 test-armhf-armhf-xl-vhd 17 guest-start/debian.repeat fail in 175553 pass in 175557 test-amd64-i386-xl-vhd 21 guest-start/debian.repeat fail pass in 175547 test-amd64-amd64-xl-qemut-debianhvm-i386-xsm 12 debian-hvm-install fail pass in 175551 test-amd64-amd64-libvirt-vhd 19 guest-start/debian.repeat fail pass in 175553 Tests which did not succeed, but are not blocking: test-armhf-armhf-libvirt-qcow2 15 saverestore-support-check fail blocked in 175197 test-armhf-armhf-xl-arndale 18 guest-start/debian.repeat fail in 175553 blocked in 175197 test-amd64-amd64-xl-qemuu-win7-amd64 19 guest-stop fail like 175197 test-amd64-i386-xl-qemut-win7-amd64 19 guest-stop fail like 175197 test-amd64-i386-xl-qemuu-win7-amd64 19 guest-stop fail like 175197 test-amd64-amd64-xl-qemut-win7-amd64 19 guest-stop fail like 175197 test-amd64-amd64-qemuu-nested-amd 20 debian-hvm-install/l1/l2 fail like 175197 test-amd64-amd64-xl-qemuu-ws16-amd64 19 guest-stop fail like 175197 test-amd64-amd64-xl-qemut-ws16-amd64 19 guest-stop fail like 175197 test-amd64-i386-xl-qemut-ws16-amd64 19 guest-stop fail like 175197 test-armhf-armhf-xl-multivcpu 18 guest-start/debian.repeat fail like 175197 test-armhf-armhf-xl-credit2 18 guest-start/debian.repeat fail like 175197 test-armhf-armhf-libvirt 16 saverestore-support-check fail like 175197 test-armhf-armhf-xl-rtds 18 guest-start/debian.repeat fail like 175197 test-armhf-armhf-libvirt-raw 15 saverestore-support-check fail like 175197 test-amd64-i386-xl-qemuu-ws16-amd64 19 guest-stop fail like 175197 test-amd64-i386-xl-pvshim 14 guest-start fail never pass test-arm64-arm64-xl-seattle 15 migrate-support-check fail never pass test-arm64-arm64-xl-seattle 16 saverestore-support-check fail never pass test-amd64-amd64-libvirt 15 migrate-support-check fail never pass test-amd64-i386-libvirt-xsm 15 migrate-support-check fail never pass test-amd64-amd64-libvirt-xsm 15 migrate-support-check fail never pass test-arm64-arm64-xl-thunderx 15 migrate-support-check fail never pass test-arm64-arm64-xl-thunderx 16 saverestore-support-check fail never pass test-amd64-i386-libvirt 15 migrate-support-check fail never pass test-arm64-arm64-xl 15 migrate-support-check fail never pass test-arm64-arm64-xl 16 saverestore-support-check fail never pass test-arm64-arm64-xl-xsm 15 migrate-support-check fail never pass test-arm64-arm64-xl-xsm 16 saverestore-support-check fail never pass test-arm64-arm64-libvirt-xsm 15 migrate-support-check fail never pass test-arm64-arm64-libvirt-xsm 16 saverestore-support-check fail never pass test-amd64-amd64-libvirt-qemuu-debianhvm-amd64-xsm 13 migrate-support-check fail never pass test-arm64-arm64-xl-credit2 15 migrate-support-check fail never pass test-arm64-arm64-xl-credit2 16 saverestore-support-check fail never pass test-amd64-i386-libvirt-qemuu-debianhvm-amd64-xsm 13 migrate-support-check fail never pass test-armhf-armhf-xl-credit1 15 migrate-support-check fail never pass test-armhf-armhf-xl-credit1 16 saverestore-support-check fail never pass test-arm64-arm64-xl-credit1 15 migrate-support-check fail never pass test-arm64-arm64-xl-credit1 16 saverestore-support-check fail never pass test-armhf-armhf-xl-arndale 15 migrate-support-check fail never pass test-armhf-armhf-xl-arndale 16 saverestore-support-check fail never pass test-amd64-i386-libvirt-raw 14 migrate-support-check fail never pass test-arm64-arm64-libvirt-raw 14 migrate-support-check fail never pass test-arm64-arm64-libvirt-raw 15 saverestore-support-check fail never pass test-arm64-arm64-xl-vhd 14 migrate-support-check fail never pass test-arm64-arm64-xl-vhd 15 saverestore-support-check fail never pass test-armhf-armhf-xl-multivcpu 15 migrate-support-check fail never pass test-armhf-armhf-xl-multivcpu 16 saverestore-support-check fail never pass test-amd64-amd64-libvirt-vhd 14 migrate-support-check fail never pass test-armhf-armhf-xl 15 migrate-support-check fail never pass test-armhf-armhf-xl 16 saverestore-support-check fail never pass test-armhf-armhf-xl-credit2 15 migrate-support-check fail never pass test-armhf-armhf-xl-credit2 16 saverestore-support-check fail never pass test-armhf-armhf-libvirt-qcow2 14 migrate-support-check fail never pass test-armhf-armhf-xl-rtds 15 migrate-support-check fail never pass test-armhf-armhf-xl-rtds 16 saverestore-support-check fail never pass test-armhf-armhf-xl-vhd 14 migrate-support-check fail never pass test-armhf-armhf-xl-vhd 15 saverestore-support-check fail never pass test-armhf-armhf-libvirt 15 migrate-support-check fail never pass test-armhf-armhf-libvirt-raw 14 migrate-support-check fail never pass test-armhf-armhf-xl-cubietruck 15 migrate-support-check fail never pass test-armhf-armhf-xl-cubietruck 16 saverestore-support-check fail never pass test-arm64-arm64-xl-seattle 3 hosts-allocate starved in 175547 n/a version targeted for testing: linux 851c2b5fb7936d54e1147f76f88e2675f9f82b52 baseline version: linux 66bb2e2b24ce52819a7070d3a3255726cb946b69 Last test of basis 175197 2022-12-14 10:43:17 Z 20 days Testing same since 175407 2022-12-19 11:42:26 Z 15 days 37 attempts ------------------------------------------------------------ People who touched revisions under test: Alexei Starovoitov <[email protected]> Andrew Morton <[email protected]> Baolin Wang <[email protected]> Charles Keepax <[email protected]> Florian Fainelli <[email protected]> Greg Kroah-Hartman <[email protected]> Guenter Roeck <[email protected]> Heiko Schocher <[email protected]> Hulk Robot <[email protected]> Jakub Kicinski <[email protected]> Jialiang Wang <[email protected]> Jon Hunter <[email protected]> Linus Walleij <[email protected]> Linux Kernel Functional Testing <[email protected]> Lorenzo Colitti <[email protected]> Maciej Żenczykowski <[email protected]> Marc Kleine-Budde <[email protected]> Mark Brown <[email protected]> Ming Lei <[email protected]> Paul E. McKenney <[email protected]> Ricardo Ribalda <[email protected]> Samuel Mendoza-Jonas <[email protected]> Sasha Levin <[email protected]> Shiwei Cui <[email protected]> Shuah Khan <[email protected]> Simon Horman <[email protected]> Sudip Mukherjee <[email protected]> Yasushi SHOJI <[email protected]> Yasushi SHOJI <[email protected]> jobs: build-amd64-xsm pass build-arm64-xsm pass build-i386-xsm pass build-amd64 pass build-arm64 pass build-armhf pass build-i386 pass build-amd64-libvirt pass build-arm64-libvirt pass build-armhf-libvirt pass build-i386-libvirt pass build-amd64-pvops pass build-arm64-pvops pass build-armhf-pvops pass build-i386-pvops pass test-amd64-amd64-xl pass test-amd64-coresched-amd64-xl pass test-arm64-arm64-xl pass test-armhf-armhf-xl pass test-amd64-i386-xl pass test-amd64-coresched-i386-xl pass test-amd64-amd64-libvirt-qemuu-debianhvm-amd64-xsm pass test-amd64-i386-libvirt-qemuu-debianhvm-amd64-xsm pass test-amd64-amd64-xl-qemut-stubdom-debianhvm-amd64-xsm pass test-amd64-i386-xl-qemut-stubdom-debianhvm-amd64-xsm pass test-amd64-amd64-xl-qemut-debianhvm-i386-xsm fail test-amd64-i386-xl-qemut-debianhvm-i386-xsm pass test-amd64-amd64-xl-qemuu-debianhvm-i386-xsm pass test-amd64-i386-xl-qemuu-debianhvm-i386-xsm pass test-amd64-amd64-libvirt-xsm pass test-arm64-arm64-libvirt-xsm pass test-amd64-i386-libvirt-xsm pass test-amd64-amd64-xl-xsm pass test-arm64-arm64-xl-xsm pass test-amd64-i386-xl-xsm pass test-amd64-amd64-qemuu-nested-amd fail test-amd64-amd64-xl-pvhv2-amd pass test-amd64-i386-qemut-rhel6hvm-amd pass test-amd64-i386-qemuu-rhel6hvm-amd pass test-amd64-amd64-dom0pvh-xl-amd pass test-amd64-amd64-xl-qemut-debianhvm-amd64 pass test-amd64-i386-xl-qemut-debianhvm-amd64 pass test-amd64-amd64-xl-qemuu-debianhvm-amd64 pass test-amd64-i386-xl-qemuu-debianhvm-amd64 pass test-amd64-i386-freebsd10-amd64 pass test-amd64-amd64-qemuu-freebsd11-amd64 pass test-amd64-amd64-qemuu-freebsd12-amd64 pass test-amd64-amd64-xl-qemuu-ovmf-amd64 pass test-amd64-i386-xl-qemuu-ovmf-amd64 pass test-amd64-amd64-xl-qemut-win7-amd64 fail test-amd64-i386-xl-qemut-win7-amd64 fail test-amd64-amd64-xl-qemuu-win7-amd64 fail test-amd64-i386-xl-qemuu-win7-amd64 fail test-amd64-amd64-xl-qemut-ws16-amd64 fail test-amd64-i386-xl-qemut-ws16-amd64 fail test-amd64-amd64-xl-qemuu-ws16-amd64 fail test-amd64-i386-xl-qemuu-ws16-amd64 fail test-armhf-armhf-xl-arndale pass test-amd64-amd64-examine-bios pass test-amd64-i386-examine-bios pass test-amd64-amd64-xl-credit1 pass test-arm64-arm64-xl-credit1 pass test-armhf-armhf-xl-credit1 pass test-amd64-amd64-xl-credit2 pass test-arm64-arm64-xl-credit2 pass test-armhf-armhf-xl-credit2 fail test-armhf-armhf-xl-cubietruck pass test-amd64-amd64-xl-qemuu-dmrestrict-amd64-dmrestrict pass test-amd64-i386-xl-qemuu-dmrestrict-amd64-dmrestrict pass test-amd64-amd64-examine pass test-arm64-arm64-examine pass test-armhf-armhf-examine pass test-amd64-i386-examine pass test-amd64-i386-freebsd10-i386 pass test-amd64-amd64-qemuu-nested-intel pass test-amd64-amd64-xl-pvhv2-intel pass test-amd64-i386-qemut-rhel6hvm-intel pass test-amd64-i386-qemuu-rhel6hvm-intel pass test-amd64-amd64-dom0pvh-xl-intel pass test-amd64-amd64-libvirt pass test-armhf-armhf-libvirt pass test-amd64-i386-libvirt pass test-amd64-amd64-xl-multivcpu pass test-armhf-armhf-xl-multivcpu fail test-amd64-amd64-pair pass test-amd64-i386-pair pass test-amd64-amd64-libvirt-pair pass test-amd64-i386-libvirt-pair pass test-amd64-amd64-xl-pvshim pass test-amd64-i386-xl-pvshim fail test-amd64-amd64-pygrub pass test-armhf-armhf-libvirt-qcow2 pass test-amd64-amd64-xl-qcow2 pass test-arm64-arm64-libvirt-raw pass test-armhf-armhf-libvirt-raw pass test-amd64-i386-libvirt-raw pass test-amd64-amd64-xl-rtds pass test-armhf-armhf-xl-rtds fail test-arm64-arm64-xl-seattle pass test-amd64-amd64-xl-qemuu-debianhvm-amd64-shadow pass test-amd64-i386-xl-qemuu-debianhvm-amd64-shadow pass test-amd64-amd64-xl-shadow pass test-amd64-i386-xl-shadow pass test-arm64-arm64-xl-thunderx pass test-amd64-amd64-examine-uefi pass test-amd64-i386-examine-uefi pass test-amd64-amd64-libvirt-vhd fail test-arm64-arm64-xl-vhd pass test-armhf-armhf-xl-vhd pass test-amd64-i386-xl-vhd fail ------------------------------------------------------------ sg-report-flight on osstest.test-lab.xenproject.org logs: /home/logs/logs images: /home/logs/images Logs, config files, etc. are available at http://logs.test-lab.xenproject.org/osstest/logs Explanation of these reports, and of osstest in general, is at http://xenbits.xen.org/gitweb/?p=osstest.git;a=blob;f=README.email;hb=master http://xenbits.xen.org/gitweb/?p=osstest.git;a=blob;f=README;hb=master Test harness code can be found at http://xenbits.xen.org/gitweb?p=osstest.git;a=summary broken-job test-armhf-armhf-xl-credit1 broken Not pushing. (No revision log; it would be 410 lines long.)
