flight 175133 xen-unstable-smoke real [real] http://logs.test-lab.xenproject.org/osstest/logs/175133/
Failures :-/ but no regressions. Tests which did not succeed, but are not blocking: test-amd64-amd64-libvirt 15 migrate-support-check fail never pass test-arm64-arm64-xl-xsm 15 migrate-support-check fail never pass test-arm64-arm64-xl-xsm 16 saverestore-support-check fail never pass test-armhf-armhf-xl 15 migrate-support-check fail never pass test-armhf-armhf-xl 16 saverestore-support-check fail never pass version targeted for testing: xen f86d0a1ff200264aaf80b65d7d200a3ba19c7845 baseline version: xen 54073350bad16b6045522df40a90be79d970aa0e Last test of basis 175131 2022-12-09 22:01:53 Z 0 days Testing same since 175133 2022-12-10 01:03:23 Z 0 days 1 attempts ------------------------------------------------------------ People who touched revisions under test: Bertrand Marquis <[email protected]> Daniel P. Smith <[email protected]> Julien Grall <[email protected]> Michal Orzel <[email protected]> Stefano Stabellini <[email protected]> Stefano Stabellini <[email protected]> jobs: build-arm64-xsm pass build-amd64 pass build-armhf pass build-amd64-libvirt pass test-armhf-armhf-xl pass test-arm64-arm64-xl-xsm pass test-amd64-amd64-xl-qemuu-debianhvm-amd64 pass test-amd64-amd64-libvirt pass ------------------------------------------------------------ sg-report-flight on osstest.test-lab.xenproject.org logs: /home/logs/logs images: /home/logs/images Logs, config files, etc. are available at http://logs.test-lab.xenproject.org/osstest/logs Explanation of these reports, and of osstest in general, is at http://xenbits.xen.org/gitweb/?p=osstest.git;a=blob;f=README.email;hb=master http://xenbits.xen.org/gitweb/?p=osstest.git;a=blob;f=README;hb=master Test harness code can be found at http://xenbits.xen.org/gitweb?p=osstest.git;a=summary Pushing revision : To xenbits.xen.org:/home/xen/git/xen.git 54073350ba..f86d0a1ff2 f86d0a1ff200264aaf80b65d7d200a3ba19c7845 -> smoke
