flight 175092 linux-5.4 real [real]
flight 175103 linux-5.4 real-retest [real]
http://logs.test-lab.xenproject.org/osstest/logs/175092/
http://logs.test-lab.xenproject.org/osstest/logs/175103/

Regressions :-(

Tests which did not succeed and are blocking,
including tests which could not be run:
 test-armhf-armhf-xl-multivcpu 18 guest-start/debian.repeat fail REGR. vs. 
174962

Tests which are failing intermittently (not blocking):
 test-armhf-armhf-xl    18 guest-start/debian.repeat fail pass in 175103-retest
 test-armhf-armhf-xl-vhd      13 guest-start         fail pass in 175103-retest
 test-armhf-armhf-xl-credit2  14 guest-start         fail pass in 175103-retest

Regressions which are regarded as allowable (not blocking):
 test-armhf-armhf-xl-rtds     14 guest-start              fail REGR. vs. 174962

Tests which did not succeed, but are not blocking:
 test-armhf-armhf-xl-credit2 18 guest-start/debian.repeat fail in 175103 like 
174962
 test-armhf-armhf-xl-vhd     14 migrate-support-check fail in 175103 never pass
 test-armhf-armhf-xl-vhd 15 saverestore-support-check fail in 175103 never pass
 test-armhf-armhf-xl-credit2 15 migrate-support-check fail in 175103 never pass
 test-armhf-armhf-xl-credit2 16 saverestore-support-check fail in 175103 never 
pass
 test-armhf-armhf-xl-credit1  14 guest-start                  fail  like 174962
 test-armhf-armhf-libvirt     16 saverestore-support-check    fail  like 174962
 test-amd64-amd64-xl-qemuu-win7-amd64 19 guest-stop            fail like 174962
 test-amd64-i386-xl-qemut-win7-amd64 19 guest-stop             fail like 174962
 test-amd64-i386-xl-qemuu-win7-amd64 19 guest-stop             fail like 174962
 test-amd64-amd64-xl-qemut-win7-amd64 19 guest-stop            fail like 174962
 test-armhf-armhf-libvirt-qcow2 15 saverestore-support-check   fail like 174962
 test-amd64-amd64-qemuu-nested-amd 20 debian-hvm-install/l1/l2 fail like 174962
 test-amd64-amd64-xl-qemuu-ws16-amd64 19 guest-stop            fail like 174962
 test-amd64-amd64-xl-qemut-ws16-amd64 19 guest-stop            fail like 174962
 test-amd64-i386-xl-qemut-ws16-amd64 19 guest-stop             fail like 174962
 test-armhf-armhf-libvirt-raw 15 saverestore-support-check    fail  like 174962
 test-amd64-i386-xl-qemuu-ws16-amd64 19 guest-stop             fail like 174962
 test-amd64-amd64-libvirt-xsm 15 migrate-support-check        fail   never pass
 test-amd64-i386-libvirt-qemuu-debianhvm-amd64-xsm 13 migrate-support-check 
fail never pass
 test-amd64-i386-xl-pvshim    14 guest-start                  fail   never pass
 test-arm64-arm64-xl-seattle  15 migrate-support-check        fail   never pass
 test-arm64-arm64-xl-seattle  16 saverestore-support-check    fail   never pass
 test-amd64-i386-libvirt-xsm  15 migrate-support-check        fail   never pass
 test-amd64-amd64-libvirt-qemuu-debianhvm-amd64-xsm 13 migrate-support-check 
fail never pass
 test-amd64-i386-libvirt      15 migrate-support-check        fail   never pass
 test-amd64-amd64-libvirt     15 migrate-support-check        fail   never pass
 test-arm64-arm64-xl-thunderx 15 migrate-support-check        fail   never pass
 test-arm64-arm64-xl-thunderx 16 saverestore-support-check    fail   never pass
 test-arm64-arm64-xl          15 migrate-support-check        fail   never pass
 test-arm64-arm64-xl          16 saverestore-support-check    fail   never pass
 test-arm64-arm64-xl-xsm      15 migrate-support-check        fail   never pass
 test-arm64-arm64-xl-xsm      16 saverestore-support-check    fail   never pass
 test-arm64-arm64-xl-credit1  15 migrate-support-check        fail   never pass
 test-arm64-arm64-xl-credit1  16 saverestore-support-check    fail   never pass
 test-arm64-arm64-libvirt-xsm 15 migrate-support-check        fail   never pass
 test-arm64-arm64-libvirt-xsm 16 saverestore-support-check    fail   never pass
 test-arm64-arm64-xl-credit2  15 migrate-support-check        fail   never pass
 test-arm64-arm64-xl-credit2  16 saverestore-support-check    fail   never pass
 test-amd64-amd64-libvirt-vhd 14 migrate-support-check        fail   never pass
 test-armhf-armhf-xl-arndale  15 migrate-support-check        fail   never pass
 test-armhf-armhf-xl-arndale  16 saverestore-support-check    fail   never pass
 test-armhf-armhf-libvirt     15 migrate-support-check        fail   never pass
 test-amd64-i386-libvirt-raw  14 migrate-support-check        fail   never pass
 test-armhf-armhf-xl          15 migrate-support-check        fail   never pass
 test-armhf-armhf-xl          16 saverestore-support-check    fail   never pass
 test-armhf-armhf-xl-cubietruck 15 migrate-support-check        fail never pass
 test-armhf-armhf-xl-cubietruck 16 saverestore-support-check    fail never pass
 test-arm64-arm64-libvirt-raw 14 migrate-support-check        fail   never pass
 test-arm64-arm64-libvirt-raw 15 saverestore-support-check    fail   never pass
 test-armhf-armhf-libvirt-qcow2 14 migrate-support-check        fail never pass
 test-armhf-armhf-xl-multivcpu 15 migrate-support-check        fail  never pass
 test-armhf-armhf-xl-multivcpu 16 saverestore-support-check    fail  never pass
 test-arm64-arm64-xl-vhd      14 migrate-support-check        fail   never pass
 test-arm64-arm64-xl-vhd      15 saverestore-support-check    fail   never pass
 test-armhf-armhf-libvirt-raw 14 migrate-support-check        fail   never pass

version targeted for testing:
 linux                316cdfc48d4db2c425370ef8575dd7d81283515d
baseline version:
 linux                4d2a309b5c28a2edc0900542d22fec3a5a22243b

Last test of basis   174962  2022-11-25 17:13:53 Z   13 days
Testing same since   175092  2022-12-08 10:44:18 Z    0 days    1 attempts

------------------------------------------------------------
People who touched revisions under test:
  Adrian Hunter <[email protected]>
  Al Viro <[email protected]>
  Alejandro Concepcion-Rodriguez <[email protected]>
  Alejandro Concepción Rodríguez <[email protected]>
  Alessandro Astone <[email protected]>
  Alex Deucher <[email protected]>
  Alexander Gordeev <[email protected]>
  Alexandre Belloni <[email protected]>
  Allen Pais <[email protected]>
  Aman Dhoot <[email protected]>
  Anand Jain <[email protected]>
  Andreas Kemnade <[email protected]>
  Andrew Davis <[email protected]>
  Andrew Morton <[email protected]>
  Andrii Nakryiko <[email protected]>
  Andrzej Hajda <[email protected]>
  Andy Shevchenko <[email protected]>
  Arnd Bergmann <[email protected]>
  Bjørn Mork <[email protected]>
  Borislav Petkov (AMD) <[email protected]>
  Borislav Petkov <[email protected]>
  Brian Norris <[email protected]>
  Carlos Llamas <[email protected]>
  Catalin Marinas <[email protected]>
  Chen Zhongjin <[email protected]>
  ChenXiaoSong <[email protected]>
  Christian Brauner <[email protected]>
  Christian König <[email protected]>
  Christian Loehle <[email protected]>
  Christian Löhle <[email protected]>
  Christoph Hellwig <[email protected]>
  Claudio Suarez <[email protected]>
  Claudiu Beznea <[email protected]>
  Conor Dooley <[email protected]>
  Daniel Vetter <[email protected]>
  Dave Hansen <[email protected]>
  David Ahern <[email protected]>
  David Howells <[email protected]>
  David S. Miller <[email protected]>
  David Sterba <[email protected]>
  Detlev Casanova <[email protected]>
  Dmitry Torokhov <[email protected]>
  Dominik Haller <[email protected]>
  Dominique Martinet <[email protected]>
  Duoming Zhou <[email protected]>
  Enrico Sau <[email protected]>
  Eric Dumazet <[email protected]>
  Fabio Estevam <[email protected]>
  Felix Kuehling <[email protected]>
  Florian Fainelli <[email protected]>
  Frieder Schrempf <[email protected]>
  Gaosheng Cui <[email protected]>
  Gleb Mazovetskiy <[email protected]>
  Greg Kroah-Hartman <[email protected]>
  Guantao Liu <[email protected]>
  Guenter Roeck <[email protected]>
  Haibo Chen <[email protected]>
  Hans de Goede <[email protected]>
  Hans Verkuil <[email protected]>
  Heiko Carstens <[email protected]>
  Heiko Stuebner <[email protected]>
  Helge Deller <[email protected]>
  Herbert Xu <[email protected]>
  Hugh Dickins <[email protected]>
  Hulk Robot <[email protected]>
  Ido Schimmel <[email protected]>
  Ilya Dryomov <[email protected]>
  Jaco Coetzee <[email protected]>
  Jakob Unterwurzacher <[email protected]>
  Jakub Kicinski <[email protected]>
  James Morse <[email protected]>
  Jan Dabros <[email protected]>
  Jann Horn <[email protected]>
  Jason A. Donenfeld <[email protected]>
  Jens Axboe <[email protected]>
  Jens Wiklander <[email protected]>
  Jernej Skrabec <[email protected]>
  Jerry Ray <[email protected]>
  Joanne Koong <[email protected]>
  Joerg Roedel <[email protected]>
  Johannes Berg <[email protected]>
  Jon Hunter <[email protected]>
  Jon Maloy <[email protected]>
  Jonas Gorski <[email protected]>
  Jonas Jelonek <[email protected]>
  Jonathan Cameron <[email protected]>
  Josef Bacik <[email protected]>
  Josh Poimboeuf <[email protected]>
  Juergen Gross <[email protected]>
  Kai-Heng Feng <[email protected]>
  Keith Busch <[email protected]>
  Kuniyuki Iwashima <[email protected]>
  Lars-Peter Clausen <[email protected]>
  Lee Jones <[email protected]>
  Leon Romanovsky <[email protected]>
  Lin Ma <[email protected]>
  Linus Torvalds <[email protected]>
  Linus Walleij <[email protected]>
  Linux Kernel Functional Testing <[email protected]>
  Liu Shixin <[email protected]>
  Lu Baolu <[email protected]>
  Luben Tuikov <[email protected]>
  Luiz Augusto von Dentz <[email protected]>
  Lukas Wunner <[email protected]>
  Lyude Paul <[email protected]>
  Marc Dionne <[email protected]>
  Marc Kleine-Budde <[email protected]>
  Marek Szyprowski <[email protected]>
  Marek Vasut <[email protected]>
  Mark Brown <[email protected]>
  Martin Faltesek <[email protected]>
  Masahiro Yamada <[email protected]>
  Masahiro Yamada <[email protected]>
  Masami Hiramatsu (Google) <[email protected]>
  Matt Ranostay <[email protected]>
  Matthias Schiffer <[email protected]>
  Mauro Carvalho Chehab <[email protected]>
  Maxim Korotkov <[email protected]>
  Michael Grzeschik <[email protected]>
  Michael Kelley <[email protected]>
  Mika Westerberg <[email protected]>
  Mike Snitzer <[email protected]>
  Miklos Szeredi <[email protected]>
  Mikulas Patocka <[email protected]>
  Mitja Spes <[email protected]>
  Moshe Shemesh <[email protected]>
  Mukesh Ojha <[email protected]>
  Nathan Chancellor <[email protected]>
  Naveen N. Rao <[email protected]>
  Nicolas Cavallari <[email protected]>
  Nikolay Aleksandrov <[email protected]>
  Nikolay Borisov <[email protected]>
  Ovidiu Panait <[email protected]>
  Palmer Dabbelt <[email protected]>
  Paolo Abeni <[email protected]>
  Patrick Rudolph <[email protected]>
  Paul Gazzillo <[email protected]>
  Paul Moore <[email protected]>
  Pawan Gupta <[email protected]>
  Peter Kosyh <[email protected]>
  Peter Oberparleiter <[email protected]>
  Peter Zijlstra <[email protected]>
  Phil Auld <[email protected]>
  Pierre-Louis Bossart <[email protected]>
  Quentin Schulz <[email protected]>
  Rafael J. Wysocki <[email protected]>
  Randy Dunlap <[email protected]>
  Randy Dunlap <[email protected]> # build-tested
  Rishabh Bhatnagar <[email protected]>
  Rob Herring <[email protected]>
  Roi Dayan <[email protected]>
  Roman Penyaev <[email protected]>
  ruanjinjie <[email protected]>
  Ryusuke Konishi <[email protected]>
  Saeed Mahameed <[email protected]>
  Samuel Holland <[email protected]>
  Sasha Levin <[email protected]>
  Sean Nyekjaer <[email protected]>
  Sebastian Falbesoner <[email protected]>
  Sergey Senozhatsky <[email protected]>
  Shawn Guo <[email protected]>
  Shigeru Yoshida <[email protected]>
  Shuah Khan <[email protected]>
  Simon Horman <[email protected]>
  Simon Ser <[email protected]>
  Soheil Hassas Yeganeh <[email protected]>
  Srikar Dronamraju <[email protected]>
  Stefan Haberland <[email protected]>
  Steffen Klassert <[email protected]>
  Steven Rostedt (Google) <[email protected]>
  Sudip Mukherjee <[email protected]>
  taozhang <[email protected]>
  Thadeu Lima de Souza Cascardo <[email protected]>
  Thinh Nguyen <[email protected]>
  Thomas Bogendoerfer <[email protected]>
  Thomas Gleixner <[email protected]>
  Tiezhu Yang <[email protected]>
  Todd Kjos <[email protected]>
  Tony Lindgren <[email protected]>
  Ulf Hansson <[email protected]>
  Vlastimil Babka <[email protected]>
  Wang Hai <[email protected]>
  Wei Liu <[email protected]>
  Wei Yongjun <[email protected]>
  Wenchao Chen <[email protected]>
  Willem de Bruijn <[email protected]>
  Xin Long <[email protected]>
  Xiongfeng Wang <[email protected]>
  Xiubo Li <[email protected]>
  Yang Yingliang <[email protected]>
  Ye Bin <[email protected]>
  Yoshihiro Shimoda <[email protected]>
  Yu Kuai <[email protected]>
  Yu Liao <[email protected]>
  Yuan Can <[email protected]>
  YueHaibing <[email protected]>
  Yuri Karpov <[email protected]>
  Zeng Heng <[email protected]>
  Zhang Changzhong <[email protected]>
  ZhangPeng <[email protected]>
  Zhen Lei <[email protected]>
  Zheng Yongjun <[email protected]>
  Zhengchao Shao <[email protected]>

jobs:
 build-amd64-xsm                                              pass    
 build-arm64-xsm                                              pass    
 build-i386-xsm                                               pass    
 build-amd64                                                  pass    
 build-arm64                                                  pass    
 build-armhf                                                  pass    
 build-i386                                                   pass    
 build-amd64-libvirt                                          pass    
 build-arm64-libvirt                                          pass    
 build-armhf-libvirt                                          pass    
 build-i386-libvirt                                           pass    
 build-amd64-pvops                                            pass    
 build-arm64-pvops                                            pass    
 build-armhf-pvops                                            pass    
 build-i386-pvops                                             pass    
 test-amd64-amd64-xl                                          pass    
 test-amd64-coresched-amd64-xl                                pass    
 test-arm64-arm64-xl                                          pass    
 test-armhf-armhf-xl                                          fail    
 test-amd64-i386-xl                                           pass    
 test-amd64-coresched-i386-xl                                 pass    
 test-amd64-amd64-libvirt-qemuu-debianhvm-amd64-xsm           pass    
 test-amd64-i386-libvirt-qemuu-debianhvm-amd64-xsm            pass    
 test-amd64-amd64-xl-qemut-stubdom-debianhvm-amd64-xsm        pass    
 test-amd64-i386-xl-qemut-stubdom-debianhvm-amd64-xsm         pass    
 test-amd64-amd64-xl-qemut-debianhvm-i386-xsm                 pass    
 test-amd64-i386-xl-qemut-debianhvm-i386-xsm                  pass    
 test-amd64-amd64-xl-qemuu-debianhvm-i386-xsm                 pass    
 test-amd64-i386-xl-qemuu-debianhvm-i386-xsm                  pass    
 test-amd64-amd64-libvirt-xsm                                 pass    
 test-arm64-arm64-libvirt-xsm                                 pass    
 test-amd64-i386-libvirt-xsm                                  pass    
 test-amd64-amd64-xl-xsm                                      pass    
 test-arm64-arm64-xl-xsm                                      pass    
 test-amd64-i386-xl-xsm                                       pass    
 test-amd64-amd64-qemuu-nested-amd                            fail    
 test-amd64-amd64-xl-pvhv2-amd                                pass    
 test-amd64-i386-qemut-rhel6hvm-amd                           pass    
 test-amd64-i386-qemuu-rhel6hvm-amd                           pass    
 test-amd64-amd64-dom0pvh-xl-amd                              pass    
 test-amd64-amd64-xl-qemut-debianhvm-amd64                    pass    
 test-amd64-i386-xl-qemut-debianhvm-amd64                     pass    
 test-amd64-amd64-xl-qemuu-debianhvm-amd64                    pass    
 test-amd64-i386-xl-qemuu-debianhvm-amd64                     pass    
 test-amd64-i386-freebsd10-amd64                              pass    
 test-amd64-amd64-qemuu-freebsd11-amd64                       pass    
 test-amd64-amd64-qemuu-freebsd12-amd64                       pass    
 test-amd64-amd64-xl-qemuu-ovmf-amd64                         pass    
 test-amd64-i386-xl-qemuu-ovmf-amd64                          pass    
 test-amd64-amd64-xl-qemut-win7-amd64                         fail    
 test-amd64-i386-xl-qemut-win7-amd64                          fail    
 test-amd64-amd64-xl-qemuu-win7-amd64                         fail    
 test-amd64-i386-xl-qemuu-win7-amd64                          fail    
 test-amd64-amd64-xl-qemut-ws16-amd64                         fail    
 test-amd64-i386-xl-qemut-ws16-amd64                          fail    
 test-amd64-amd64-xl-qemuu-ws16-amd64                         fail    
 test-amd64-i386-xl-qemuu-ws16-amd64                          fail    
 test-armhf-armhf-xl-arndale                                  pass    
 test-amd64-amd64-examine-bios                                pass    
 test-amd64-i386-examine-bios                                 pass    
 test-amd64-amd64-xl-credit1                                  pass    
 test-arm64-arm64-xl-credit1                                  pass    
 test-armhf-armhf-xl-credit1                                  fail    
 test-amd64-amd64-xl-credit2                                  pass    
 test-arm64-arm64-xl-credit2                                  pass    
 test-armhf-armhf-xl-credit2                                  fail    
 test-armhf-armhf-xl-cubietruck                               pass    
 test-amd64-amd64-xl-qemuu-dmrestrict-amd64-dmrestrict        pass    
 test-amd64-i386-xl-qemuu-dmrestrict-amd64-dmrestrict         pass    
 test-amd64-amd64-examine                                     pass    
 test-arm64-arm64-examine                                     pass    
 test-armhf-armhf-examine                                     pass    
 test-amd64-i386-examine                                      pass    
 test-amd64-i386-freebsd10-i386                               pass    
 test-amd64-amd64-qemuu-nested-intel                          pass    
 test-amd64-amd64-xl-pvhv2-intel                              pass    
 test-amd64-i386-qemut-rhel6hvm-intel                         pass    
 test-amd64-i386-qemuu-rhel6hvm-intel                         pass    
 test-amd64-amd64-dom0pvh-xl-intel                            pass    
 test-amd64-amd64-libvirt                                     pass    
 test-armhf-armhf-libvirt                                     pass    
 test-amd64-i386-libvirt                                      pass    
 test-amd64-amd64-xl-multivcpu                                pass    
 test-armhf-armhf-xl-multivcpu                                fail    
 test-amd64-amd64-pair                                        pass    
 test-amd64-i386-pair                                         pass    
 test-amd64-amd64-libvirt-pair                                pass    
 test-amd64-i386-libvirt-pair                                 pass    
 test-amd64-amd64-xl-pvshim                                   pass    
 test-amd64-i386-xl-pvshim                                    fail    
 test-amd64-amd64-pygrub                                      pass    
 test-armhf-armhf-libvirt-qcow2                               pass    
 test-amd64-amd64-xl-qcow2                                    pass    
 test-arm64-arm64-libvirt-raw                                 pass    
 test-armhf-armhf-libvirt-raw                                 pass    
 test-amd64-i386-libvirt-raw                                  pass    
 test-amd64-amd64-xl-rtds                                     pass    
 test-armhf-armhf-xl-rtds                                     fail    
 test-arm64-arm64-xl-seattle                                  pass    
 test-amd64-amd64-xl-qemuu-debianhvm-amd64-shadow             pass    
 test-amd64-i386-xl-qemuu-debianhvm-amd64-shadow              pass    
 test-amd64-amd64-xl-shadow                                   pass    
 test-amd64-i386-xl-shadow                                    pass    
 test-arm64-arm64-xl-thunderx                                 pass    
 test-amd64-amd64-examine-uefi                                pass    
 test-amd64-i386-examine-uefi                                 pass    
 test-amd64-amd64-libvirt-vhd                                 pass    
 test-arm64-arm64-xl-vhd                                      pass    
 test-armhf-armhf-xl-vhd                                      fail    
 test-amd64-i386-xl-vhd                                       pass    


------------------------------------------------------------
sg-report-flight on osstest.test-lab.xenproject.org
logs: /home/logs/logs
images: /home/logs/images

Logs, config files, etc. are available at
    http://logs.test-lab.xenproject.org/osstest/logs

Explanation of these reports, and of osstest in general, is at
    http://xenbits.xen.org/gitweb/?p=osstest.git;a=blob;f=README.email;hb=master
    http://xenbits.xen.org/gitweb/?p=osstest.git;a=blob;f=README;hb=master

Test harness code can be found at
    http://xenbits.xen.org/gitweb?p=osstest.git;a=summary


Not pushing.

(No revision log; it would be 4985 lines long.)

Reply via email to