flight 174962 linux-5.4 real [real]
flight 174965 linux-5.4 real-retest [real]
http://logs.test-lab.xenproject.org/osstest/logs/174962/
http://logs.test-lab.xenproject.org/osstest/logs/174965/

Failures :-/ but no regressions.

Tests which are failing intermittently (not blocking):
 test-amd64-amd64-xl-qcow2 21 guest-start/debian.repeat fail pass in 
174965-retest

Tests which did not succeed, but are not blocking:
 test-armhf-armhf-xl-credit1  14 guest-start                  fail  like 174746
 test-armhf-armhf-libvirt-qcow2 15 saverestore-support-check   fail like 174758
 test-armhf-armhf-xl-credit2  18 guest-start/debian.repeat    fail  like 174758
 test-amd64-amd64-xl-qemuu-win7-amd64 19 guest-stop            fail like 174765
 test-amd64-i386-xl-qemut-win7-amd64 19 guest-stop             fail like 174765
 test-amd64-i386-xl-qemuu-win7-amd64 19 guest-stop             fail like 174765
 test-amd64-amd64-xl-qemut-win7-amd64 19 guest-stop            fail like 174765
 test-amd64-amd64-qemuu-nested-amd 20 debian-hvm-install/l1/l2 fail like 174765
 test-amd64-amd64-xl-qemuu-ws16-amd64 19 guest-stop            fail like 174765
 test-amd64-amd64-xl-qemut-ws16-amd64 19 guest-stop            fail like 174765
 test-amd64-i386-xl-qemut-ws16-amd64 19 guest-stop             fail like 174765
 test-armhf-armhf-libvirt-raw 15 saverestore-support-check    fail  like 174765
 test-armhf-armhf-libvirt     16 saverestore-support-check    fail  like 174765
 test-amd64-i386-xl-qemuu-ws16-amd64 19 guest-stop             fail like 174765
 test-amd64-i386-xl-pvshim    14 guest-start                  fail   never pass
 test-arm64-arm64-xl-seattle  15 migrate-support-check        fail   never pass
 test-arm64-arm64-xl-seattle  16 saverestore-support-check    fail   never pass
 test-amd64-i386-libvirt-xsm  15 migrate-support-check        fail   never pass
 test-amd64-amd64-libvirt-xsm 15 migrate-support-check        fail   never pass
 test-amd64-i386-libvirt      15 migrate-support-check        fail   never pass
 test-amd64-amd64-libvirt     15 migrate-support-check        fail   never pass
 test-arm64-arm64-xl-xsm      15 migrate-support-check        fail   never pass
 test-arm64-arm64-xl-xsm      16 saverestore-support-check    fail   never pass
 test-arm64-arm64-xl          15 migrate-support-check        fail   never pass
 test-arm64-arm64-xl          16 saverestore-support-check    fail   never pass
 test-arm64-arm64-xl-credit1  15 migrate-support-check        fail   never pass
 test-arm64-arm64-xl-credit2  15 migrate-support-check        fail   never pass
 test-arm64-arm64-xl-credit1  16 saverestore-support-check    fail   never pass
 test-arm64-arm64-xl-credit2  16 saverestore-support-check    fail   never pass
 test-arm64-arm64-libvirt-xsm 15 migrate-support-check        fail   never pass
 test-arm64-arm64-libvirt-xsm 16 saverestore-support-check    fail   never pass
 test-arm64-arm64-xl-thunderx 15 migrate-support-check        fail   never pass
 test-arm64-arm64-xl-thunderx 16 saverestore-support-check    fail   never pass
 test-amd64-amd64-libvirt-qemuu-debianhvm-amd64-xsm 13 migrate-support-check 
fail never pass
 test-amd64-i386-libvirt-qemuu-debianhvm-amd64-xsm 13 migrate-support-check 
fail never pass
 test-armhf-armhf-xl-arndale  15 migrate-support-check        fail   never pass
 test-armhf-armhf-xl-arndale  16 saverestore-support-check    fail   never pass
 test-amd64-amd64-libvirt-vhd 14 migrate-support-check        fail   never pass
 test-amd64-i386-libvirt-raw  14 migrate-support-check        fail   never pass
 test-armhf-armhf-xl          15 migrate-support-check        fail   never pass
 test-armhf-armhf-xl          16 saverestore-support-check    fail   never pass
 test-arm64-arm64-libvirt-raw 14 migrate-support-check        fail   never pass
 test-arm64-arm64-libvirt-raw 15 saverestore-support-check    fail   never pass
 test-armhf-armhf-xl-multivcpu 15 migrate-support-check        fail  never pass
 test-armhf-armhf-xl-multivcpu 16 saverestore-support-check    fail  never pass
 test-armhf-armhf-xl-cubietruck 15 migrate-support-check        fail never pass
 test-armhf-armhf-xl-cubietruck 16 saverestore-support-check    fail never pass
 test-arm64-arm64-xl-vhd      14 migrate-support-check        fail   never pass
 test-arm64-arm64-xl-vhd      15 saverestore-support-check    fail   never pass
 test-armhf-armhf-xl-rtds     15 migrate-support-check        fail   never pass
 test-armhf-armhf-xl-rtds     16 saverestore-support-check    fail   never pass
 test-armhf-armhf-libvirt-qcow2 14 migrate-support-check        fail never pass
 test-armhf-armhf-libvirt-raw 14 migrate-support-check        fail   never pass
 test-armhf-armhf-xl-vhd      14 migrate-support-check        fail   never pass
 test-armhf-armhf-xl-vhd      15 saverestore-support-check    fail   never pass
 test-armhf-armhf-xl-credit2  15 migrate-support-check        fail   never pass
 test-armhf-armhf-xl-credit2  16 saverestore-support-check    fail   never pass
 test-armhf-armhf-libvirt     15 migrate-support-check        fail   never pass

version targeted for testing:
 linux                4d2a309b5c28a2edc0900542d22fec3a5a22243b
baseline version:
 linux                771a8acbb84145b943bd608ba376e104ebfa9664

Last test of basis   174765  2022-11-14 06:31:36 Z   11 days
Testing same since   174962  2022-11-25 17:13:53 Z    0 days    1 attempts

------------------------------------------------------------
People who touched revisions under test:
  Adam Ford <[email protected]>
  Adrian Hunter <[email protected]>
  Alex Barba <[email protected]>
  Alexander Potapenko <[email protected]>
  Alexander Schmidt <[email protected]>
  Aman Kumar <[email protected]>
  Anastasia Belova <[email protected]>
  Andreas Gruenbacher <[email protected]>
  Andrew G. Morgan <[email protected]>
  Andrew Morton <[email protected]>
  Andrew Price <[email protected]>
  Andy Gospodarek <[email protected]>
  Anna Schumaker <[email protected]>
  Ard Biesheuvel <[email protected]>
  Arend van Spriel <[email protected]>
  Arnaldo Carvalho de Melo <[email protected]>
  Athira Jajeev <[email protected]>
  Athira Rajeev <[email protected]>
  Baisong Zhong <[email protected]>
  Benjamin Block <[email protected]>
  Benjamin Coddington <[email protected]>
  Benoît Monin <[email protected]>
  Borislav Petkov <[email protected]>
  Brian Foster <[email protected]>
  Brian Norris <[email protected]>
  Chandan Babu R <[email protected]>
  Charles Keepax <[email protected]>
  Chen Jun <[email protected]>
  Chen Zhongjin <[email protected]>
  chenxiaosong (A) <[email protected]>
  Chevron Li <[email protected]>
  Christophe JAILLET <[email protected]>
  Chuang Wang <[email protected]>
  Colin Ian King <[email protected]>
  Cong Wang <[email protected]>
  Damien Le Moal <[email protected]>
  Dan Carpenter <[email protected]>
  Dan Carpenter <[email protected]>
  Daniel Borkmann <[email protected]>
  Daniil Tatianin <[email protected]>
  Darrick J. Wong <[email protected]>
  Darrick J. Wong <[email protected]>
  Dave Chinner <[email protected]>
  David E. Box <[email protected]>
  David S. Miller <[email protected]>
  David Sterba <[email protected]>
  Davide Tronchin <[email protected]>
  Disha Goel <[email protected]>
  Dmitry Torokhov <[email protected]>
  Dominique Martinet <[email protected]>
  Doug Brown <[email protected]>
  Duoming Zhou <[email protected]>
  Edwin Török <[email protected]>
  Eric Dumazet <[email protected]>
  Eric Sandeen <[email protected]>
  Filipe Manana <[email protected]>
  Gaosheng Cui <[email protected]>
  Greg Kroah-Hartman <[email protected]>
  Guenter Roeck <[email protected]>
  Guo Ren <[email protected]>
  Hans de Goede <[email protected]>
  Hawkins Jiawei <[email protected]>
  Hulk Robot <[email protected]>
  Ilpo Järvinen <[email protected]>
  Jakub Kicinski <[email protected]>
  Jakub Sitnicki <[email protected]>
  Jan Kara <[email protected]>
  Jens Axboe <[email protected]>
  Jiaxun Yang <[email protected]>
  Jiri Benc <[email protected]>
  Jiri Kosina <[email protected]>
  Jisheng Zhang <[email protected]>
  Johan Hovold <[email protected]>
  Johan Hovold <[email protected]>
  Johannes Berg <[email protected]>
  John Fastabend <[email protected]>
  Jon Hunter <[email protected]>
  Jonathan Cameron <[email protected]>
  Jorge Lopez <[email protected]>
  Juergen Gross <[email protected]>
  Jussi Laako <[email protected]>
  Kees Cook <[email protected]>
  Krzysztof Kozlowski <[email protected]>
  Li Huafei <[email protected]>
  Linus Torvalds <[email protected]>
  Linus Walleij <[email protected]>
  Linux Kernel Functional Testing <[email protected]>
  Luiz Augusto von Dentz <[email protected]>
  Maciej W. Rozycki <[email protected]>
  Marc Kleine-Budde <[email protected]>
  Marek Szyprowski <[email protected]>
  Marek Vasut <[email protected]>
  Mark Brown <[email protected]>
  Martin K. Petersen <[email protected]>
  Martin Schiller <[email protected]>
  Masami Hiramatsu (Google) <[email protected]>
  Matthew Auld <[email protected]>
  Matthias Schiffer <[email protected]>
  Mauro Lima <[email protected]>
  Maxime Ripard <[email protected]>
  Michael Chan <[email protected]>
  Mika Westerberg <[email protected]>
  Mike Snitzer <[email protected]>
  Mikulas Patocka <[email protected]>
  Mitja Spes <[email protected]>
  Mushahid Hussain <[email protected]>
  Nam Cao <[email protected]>
  Nathan Chancellor <[email protected]>
  Nathan Huckleberry <[email protected]>
  Nicolas Dumazet <[email protected]>
  Nicolas Ferre <[email protected]>
  Oliver Hartkopp <[email protected]>
  Palmer Dabbelt <[email protected]>
  Paolo Abeni <[email protected]>
  Paul Cercueil <[email protected]>
  Paul Moore <[email protected]>
  Philipp Zabel <[email protected]>
  Reinhard Speyerer <[email protected]>
  Ricardo Cañuelo <[email protected]>
  Roger Pau Monné <[email protected]>
  Roy Novich <[email protected]>
  Ryusuke Konishi <[email protected]>
  Saeed Mahameed <[email protected]>
  Samuel Thibault <[email protected]>
  Sasha Levin <[email protected]>
  Schspa Shi <[email protected]>
  Sean Anderson <[email protected]>
  Serge Semin <[email protected]>
  Shawn Guo <[email protected]>
  Shawn Guo <[email protected]>
  Shuah Khan <[email protected]>
  Siarhei Volkau <[email protected]>
  Srikanth Thokala <[email protected]>
  Steve French <[email protected]>
  Steven Rostedt (Google) <[email protected]>
  Sudip Mukherjee <[email protected]>
  Sudip Mukherjee <[email protected]>
  syzbot <[email protected]>
  [email protected]
  Takashi Iwai <[email protected]>
  Tetsuo Handa <[email protected]>
  Thinh Nguyen <[email protected]>
  Thomas Bogendoerfer <[email protected]>
  Tony Lindgren <[email protected]>
  Tudor Ambarus <[email protected]>
  Tvrtko Ursulin <[email protected]>
  Ulf Hansson <[email protected]>
  Vinod Koul <[email protected]>
  Wang ShaoBo <[email protected]>
  Wang Wensheng <[email protected]>
  Wang Yufen <[email protected]>
  Wei Yongjun <[email protected]>
  Wolfram Sang <[email protected]>
  xiafukun <[email protected]>
  Xian Wang <[email protected]>
  Xiaolei Wang <[email protected]>
  Xin Long <[email protected]>
  Xiongfeng Wang <[email protected]>
  Xiu Jianfeng <[email protected]>
  Yang Yingliang <[email protected]>
  Yann Gautier <[email protected]>
  Ye Bin <[email protected]>
  Yuan Can <[email protected]>
  Zeng Heng <[email protected]>
  Zhang Qilong <[email protected]>
  Zhang Xiaoxu <[email protected]>
  ZhangPeng <[email protected]>
  Zhengchao Shao <[email protected]>

jobs:
 build-amd64-xsm                                              pass    
 build-arm64-xsm                                              pass    
 build-i386-xsm                                               pass    
 build-amd64                                                  pass    
 build-arm64                                                  pass    
 build-armhf                                                  pass    
 build-i386                                                   pass    
 build-amd64-libvirt                                          pass    
 build-arm64-libvirt                                          pass    
 build-armhf-libvirt                                          pass    
 build-i386-libvirt                                           pass    
 build-amd64-pvops                                            pass    
 build-arm64-pvops                                            pass    
 build-armhf-pvops                                            pass    
 build-i386-pvops                                             pass    
 test-amd64-amd64-xl                                          pass    
 test-amd64-coresched-amd64-xl                                pass    
 test-arm64-arm64-xl                                          pass    
 test-armhf-armhf-xl                                          pass    
 test-amd64-i386-xl                                           pass    
 test-amd64-coresched-i386-xl                                 pass    
 test-amd64-amd64-libvirt-qemuu-debianhvm-amd64-xsm           pass    
 test-amd64-i386-libvirt-qemuu-debianhvm-amd64-xsm            pass    
 test-amd64-amd64-xl-qemut-stubdom-debianhvm-amd64-xsm        pass    
 test-amd64-i386-xl-qemut-stubdom-debianhvm-amd64-xsm         pass    
 test-amd64-amd64-xl-qemut-debianhvm-i386-xsm                 pass    
 test-amd64-i386-xl-qemut-debianhvm-i386-xsm                  pass    
 test-amd64-amd64-xl-qemuu-debianhvm-i386-xsm                 pass    
 test-amd64-i386-xl-qemuu-debianhvm-i386-xsm                  pass    
 test-amd64-amd64-libvirt-xsm                                 pass    
 test-arm64-arm64-libvirt-xsm                                 pass    
 test-amd64-i386-libvirt-xsm                                  pass    
 test-amd64-amd64-xl-xsm                                      pass    
 test-arm64-arm64-xl-xsm                                      pass    
 test-amd64-i386-xl-xsm                                       pass    
 test-amd64-amd64-qemuu-nested-amd                            fail    
 test-amd64-amd64-xl-pvhv2-amd                                pass    
 test-amd64-i386-qemut-rhel6hvm-amd                           pass    
 test-amd64-i386-qemuu-rhel6hvm-amd                           pass    
 test-amd64-amd64-dom0pvh-xl-amd                              pass    
 test-amd64-amd64-xl-qemut-debianhvm-amd64                    pass    
 test-amd64-i386-xl-qemut-debianhvm-amd64                     pass    
 test-amd64-amd64-xl-qemuu-debianhvm-amd64                    pass    
 test-amd64-i386-xl-qemuu-debianhvm-amd64                     pass    
 test-amd64-i386-freebsd10-amd64                              pass    
 test-amd64-amd64-qemuu-freebsd11-amd64                       pass    
 test-amd64-amd64-qemuu-freebsd12-amd64                       pass    
 test-amd64-amd64-xl-qemuu-ovmf-amd64                         pass    
 test-amd64-i386-xl-qemuu-ovmf-amd64                          pass    
 test-amd64-amd64-xl-qemut-win7-amd64                         fail    
 test-amd64-i386-xl-qemut-win7-amd64                          fail    
 test-amd64-amd64-xl-qemuu-win7-amd64                         fail    
 test-amd64-i386-xl-qemuu-win7-amd64                          fail    
 test-amd64-amd64-xl-qemut-ws16-amd64                         fail    
 test-amd64-i386-xl-qemut-ws16-amd64                          fail    
 test-amd64-amd64-xl-qemuu-ws16-amd64                         fail    
 test-amd64-i386-xl-qemuu-ws16-amd64                          fail    
 test-armhf-armhf-xl-arndale                                  pass    
 test-amd64-amd64-examine-bios                                pass    
 test-amd64-i386-examine-bios                                 pass    
 test-amd64-amd64-xl-credit1                                  pass    
 test-arm64-arm64-xl-credit1                                  pass    
 test-armhf-armhf-xl-credit1                                  fail    
 test-amd64-amd64-xl-credit2                                  pass    
 test-arm64-arm64-xl-credit2                                  pass    
 test-armhf-armhf-xl-credit2                                  fail    
 test-armhf-armhf-xl-cubietruck                               pass    
 test-amd64-amd64-xl-qemuu-dmrestrict-amd64-dmrestrict        pass    
 test-amd64-i386-xl-qemuu-dmrestrict-amd64-dmrestrict         pass    
 test-amd64-amd64-examine                                     pass    
 test-arm64-arm64-examine                                     pass    
 test-armhf-armhf-examine                                     pass    
 test-amd64-i386-examine                                      pass    
 test-amd64-i386-freebsd10-i386                               pass    
 test-amd64-amd64-qemuu-nested-intel                          pass    
 test-amd64-amd64-xl-pvhv2-intel                              pass    
 test-amd64-i386-qemut-rhel6hvm-intel                         pass    
 test-amd64-i386-qemuu-rhel6hvm-intel                         pass    
 test-amd64-amd64-dom0pvh-xl-intel                            pass    
 test-amd64-amd64-libvirt                                     pass    
 test-armhf-armhf-libvirt                                     pass    
 test-amd64-i386-libvirt                                      pass    
 test-amd64-amd64-xl-multivcpu                                pass    
 test-armhf-armhf-xl-multivcpu                                pass    
 test-amd64-amd64-pair                                        pass    
 test-amd64-i386-pair                                         pass    
 test-amd64-amd64-libvirt-pair                                pass    
 test-amd64-i386-libvirt-pair                                 pass    
 test-amd64-amd64-xl-pvshim                                   pass    
 test-amd64-i386-xl-pvshim                                    fail    
 test-amd64-amd64-pygrub                                      pass    
 test-armhf-armhf-libvirt-qcow2                               pass    
 test-amd64-amd64-xl-qcow2                                    fail    
 test-arm64-arm64-libvirt-raw                                 pass    
 test-armhf-armhf-libvirt-raw                                 pass    
 test-amd64-i386-libvirt-raw                                  pass    
 test-amd64-amd64-xl-rtds                                     pass    
 test-armhf-armhf-xl-rtds                                     pass    
 test-arm64-arm64-xl-seattle                                  pass    
 test-amd64-amd64-xl-qemuu-debianhvm-amd64-shadow             pass    
 test-amd64-i386-xl-qemuu-debianhvm-amd64-shadow              pass    
 test-amd64-amd64-xl-shadow                                   pass    
 test-amd64-i386-xl-shadow                                    pass    
 test-arm64-arm64-xl-thunderx                                 pass    
 test-amd64-amd64-examine-uefi                                pass    
 test-amd64-i386-examine-uefi                                 pass    
 test-amd64-amd64-libvirt-vhd                                 pass    
 test-arm64-arm64-xl-vhd                                      pass    
 test-armhf-armhf-xl-vhd                                      pass    
 test-amd64-i386-xl-vhd                                       pass    


------------------------------------------------------------
sg-report-flight on osstest.test-lab.xenproject.org
logs: /home/logs/logs
images: /home/logs/images

Logs, config files, etc. are available at
    http://logs.test-lab.xenproject.org/osstest/logs

Explanation of these reports, and of osstest in general, is at
    http://xenbits.xen.org/gitweb/?p=osstest.git;a=blob;f=README.email;hb=master
    http://xenbits.xen.org/gitweb/?p=osstest.git;a=blob;f=README;hb=master

Test harness code can be found at
    http://xenbits.xen.org/gitweb?p=osstest.git;a=summary


Pushing revision :

hint: The 'hooks/update' hook was ignored because it's not set as executable.
hint: You can disable this warning with `git config advice.ignoredHook false`.
hint: The 'hooks/post-receive' hook was ignored because it's not set as 
executable.
hint: You can disable this warning with `git config advice.ignoredHook false`.
hint: The 'hooks/post-update' hook was ignored because it's not set as 
executable.
hint: You can disable this warning with `git config advice.ignoredHook false`.
To xenbits.xen.org:/home/xen/git/linux-pvops.git
   771a8acbb841..4d2a309b5c28  4d2a309b5c28a2edc0900542d22fec3a5a22243b -> 
tested/linux-5.4

Reply via email to