On 06.11.22 10:57, osstest service owner wrote:
flight 174642 linux-5.4 real [real]
http://logs.test-lab.xenproject.org/osstest/logs/174642/

Regressions :-(

Tests which did not succeed and are blocking,
including tests which could not be run:
  build-arm64-pvops             6 kernel-build             fail REGR. vs. 174540

How nice:

"gcc: internal compiler error: Segmentation fault signal terminated program cc1"


Juergen

  test-armhf-armhf-xl-credit2 18 guest-start/debian.repeat fail in 174630 REGR. 
vs. 174540
  test-armhf-armhf-xl-multivcpu 18 guest-start/debian.repeat fail in 174638 
REGR. vs. 174540

Tests which are failing intermittently (not blocking):
  test-amd64-i386-xl-shadow     7 xen-install      fail in 174608 pass in 174642
  test-amd64-i386-xl-xsm      17 guest-saverestore fail in 174630 pass in 174642
  test-armhf-armhf-xl-rtds 18 guest-start/debian.repeat fail in 174630 pass in 
174642
  test-amd64-i386-pair     11 xen-install/dst_host fail in 174638 pass in 174642
  test-amd64-i386-libvirt-xsm   8 xen-boot         fail in 174638 pass in 174642
  test-armhf-armhf-xl-rtds     14 guest-start      fail in 174638 pass in 174642
  test-armhf-armhf-libvirt-raw 13 guest-start                fail pass in 174608
  test-amd64-i386-libvirt-qemuu-debianhvm-amd64-xsm 7 xen-install fail pass in 
174630
  test-armhf-armhf-xl-credit2  14 guest-start                fail pass in 174630
  test-amd64-i386-pair         10 xen-install/src_host       fail pass in 174638
  test-armhf-armhf-xl-multivcpu 14 guest-start               fail pass in 174638
  test-armhf-armhf-xl-credit1  18 guest-start/debian.repeat  fail pass in 174638
  test-armhf-armhf-libvirt-qcow2 13 guest-start              fail pass in 174638

Tests which did not succeed, but are not blocking:
  test-arm64-arm64-examine      1 build-check(1)               blocked  n/a
  test-arm64-arm64-libvirt-raw  1 build-check(1)               blocked  n/a
  test-arm64-arm64-libvirt-xsm  1 build-check(1)               blocked  n/a
  test-arm64-arm64-xl           1 build-check(1)               blocked  n/a
  test-arm64-arm64-xl-credit1   1 build-check(1)               blocked  n/a
  test-arm64-arm64-xl-credit2   1 build-check(1)               blocked  n/a
  test-arm64-arm64-xl-seattle   1 build-check(1)               blocked  n/a
  test-arm64-arm64-xl-thunderx  1 build-check(1)               blocked  n/a
  test-arm64-arm64-xl-vhd       1 build-check(1)               blocked  n/a
  test-arm64-arm64-xl-xsm       1 build-check(1)               blocked  n/a
  test-armhf-armhf-libvirt-raw 15 saverestore-support-check fail in 174608 like 
174540
  test-armhf-armhf-libvirt-raw 14 migrate-support-check fail in 174608 never 
pass
  test-armhf-armhf-libvirt-qcow2 15 saverestore-support-check fail in 174630 
like 174540
  test-arm64-arm64-xl-seattle 15 migrate-support-check fail in 174630 never pass
  test-arm64-arm64-xl-seattle 16 saverestore-support-check fail in 174630 never 
pass
  test-arm64-arm64-xl         15 migrate-support-check fail in 174630 never pass
  test-arm64-arm64-xl     16 saverestore-support-check fail in 174630 never pass
  test-arm64-arm64-xl-xsm     15 migrate-support-check fail in 174630 never pass
  test-arm64-arm64-xl-xsm 16 saverestore-support-check fail in 174630 never pass
  test-arm64-arm64-libvirt-xsm 15 migrate-support-check fail in 174630 never 
pass
  test-arm64-arm64-libvirt-xsm 16 saverestore-support-check fail in 174630 
never pass
  test-arm64-arm64-xl-credit2 15 migrate-support-check fail in 174630 never pass
  test-arm64-arm64-xl-credit2 16 saverestore-support-check fail in 174630 never 
pass
  test-arm64-arm64-xl-credit1 15 migrate-support-check fail in 174630 never pass
  test-arm64-arm64-xl-credit1 16 saverestore-support-check fail in 174630 never 
pass
  test-arm64-arm64-xl-thunderx 15 migrate-support-check fail in 174630 never 
pass
  test-arm64-arm64-xl-thunderx 16 saverestore-support-check fail in 174630 
never pass
  test-armhf-armhf-xl-credit2 15 migrate-support-check fail in 174630 never pass
  test-armhf-armhf-xl-credit2 16 saverestore-support-check fail in 174630 never 
pass
  test-amd64-i386-libvirt-qemuu-debianhvm-amd64-xsm 13 migrate-support-check 
fail in 174630 never pass
  test-arm64-arm64-libvirt-raw 14 migrate-support-check fail in 174630 never 
pass
  test-arm64-arm64-libvirt-raw 15 saverestore-support-check fail in 174630 
never pass
  test-arm64-arm64-xl-vhd     14 migrate-support-check fail in 174630 never pass
  test-arm64-arm64-xl-vhd 15 saverestore-support-check fail in 174630 never pass
  test-armhf-armhf-libvirt-qcow2 14 migrate-support-check fail in 174630 never 
pass
  test-armhf-armhf-xl-multivcpu 15 migrate-support-check fail in 174638 never 
pass
  test-armhf-armhf-xl-multivcpu 16 saverestore-support-check fail in 174638 
never pass
  test-amd64-amd64-xl-qemuu-win7-amd64 19 guest-stop            fail like 174540
  test-amd64-i386-xl-qemut-win7-amd64 19 guest-stop             fail like 174540
  test-amd64-i386-xl-qemuu-win7-amd64 19 guest-stop             fail like 174540
  test-amd64-amd64-xl-qemut-win7-amd64 19 guest-stop            fail like 174540
  test-amd64-amd64-qemuu-nested-amd 20 debian-hvm-install/l1/l2 fail like 174540
  test-amd64-amd64-xl-qemuu-ws16-amd64 19 guest-stop            fail like 174540
  test-amd64-amd64-xl-qemut-ws16-amd64 19 guest-stop            fail like 174540
  test-amd64-i386-xl-qemut-ws16-amd64 19 guest-stop             fail like 174540
  test-armhf-armhf-libvirt     16 saverestore-support-check    fail  like 174540
  test-amd64-i386-xl-qemuu-ws16-amd64 19 guest-stop             fail like 174540
  test-amd64-i386-xl-pvshim    14 guest-start                  fail   never pass
  test-amd64-amd64-libvirt     15 migrate-support-check        fail   never pass
  test-amd64-amd64-libvirt-xsm 15 migrate-support-check        fail   never pass
  test-amd64-i386-libvirt-xsm  15 migrate-support-check        fail   never pass
  test-amd64-i386-libvirt      15 migrate-support-check        fail   never pass
  test-amd64-amd64-libvirt-qemuu-debianhvm-amd64-xsm 13 migrate-support-check 
fail never pass
  test-amd64-i386-libvirt-raw  14 migrate-support-check        fail   never pass
  test-armhf-armhf-xl-rtds     15 migrate-support-check        fail   never pass
  test-armhf-armhf-xl-rtds     16 saverestore-support-check    fail   never pass
  test-armhf-armhf-xl-cubietruck 15 migrate-support-check        fail never pass
  test-armhf-armhf-xl-cubietruck 16 saverestore-support-check    fail never pass
  test-armhf-armhf-xl          15 migrate-support-check        fail   never pass
  test-armhf-armhf-xl          16 saverestore-support-check    fail   never pass
  test-armhf-armhf-xl-credit1  15 migrate-support-check        fail   never pass
  test-armhf-armhf-xl-credit1  16 saverestore-support-check    fail   never pass
  test-amd64-amd64-libvirt-vhd 14 migrate-support-check        fail   never pass
  test-armhf-armhf-libvirt     15 migrate-support-check        fail   never pass
  test-armhf-armhf-xl-arndale  15 migrate-support-check        fail   never pass
  test-armhf-armhf-xl-arndale  16 saverestore-support-check    fail   never pass
  test-armhf-armhf-xl-vhd      14 migrate-support-check        fail   never pass
  test-armhf-armhf-xl-vhd      15 saverestore-support-check    fail   never pass

version targeted for testing:
  linux                a0d9384967214783a92973c920092b7251c03e57
baseline version:
  linux                b70bfeb98635040588883503d2760e0f46231491

Last test of basis   174540  2022-10-29 12:41:57 Z    7 days
Failing since        174575  2022-11-01 18:42:39 Z    4 days    8 attempts
Testing same since   174608  2022-11-03 19:46:50 Z    2 days    5 attempts

------------------------------------------------------------
People who touched revisions under test:
   "Darrick J. Wong" <[email protected]>
   Aaron Conole <[email protected]>
   Abhinav Kumar <[email protected]>
   Adrian Hunter <[email protected]>
   Alexander Aring <[email protected]>
   Alexander Stein <[email protected]>
   Andrew Morton <[email protected]>
   Anssi Hannula <[email protected]>
   Arnaldo Carvalho de Melo <[email protected]>
   Biju Das <[email protected]>
   Brian Foster <[email protected]>
   Chandan Babu R <[email protected]>
   Chen Zhongjin <[email protected]>
   Chen Zhou <[email protected]>
   Chris Packham <[email protected]>
   Christian A. Ehrhardt <[email protected]>
   Darrick J. Wong <[email protected]>
   Darrick J. Wong <[email protected]>
   Dave Chinner <[email protected]>
   David S. Miller <[email protected]>
   Demi Marie Obenour <[email protected]>
   Dongliang Mu <[email protected]>
   Eric Dumazet <[email protected]>
   Florian Fainelli <[email protected]>
   Greg Kroah-Hartman <[email protected]>
   Guenter Roeck <[email protected]>
   Gurucharan <[email protected]> (A Contingent worker at Intel)
   Hannu Hartikainen <[email protected]>
   Hans Verkuil <[email protected]>
   Heiko Carstens <[email protected]>
   Helge Deller <[email protected]>
   Hyong Youb Kim <[email protected]>
   Hyunwoo Kim <[email protected]>
   Ilya Maximets <[email protected]>
   Jacob Keller <[email protected]>
   Jakub Kicinski <[email protected]>
   Jan Beulich <[email protected]>
   Jason A. Donenfeld <[email protected]>
   Jeff Vanhoof <[email protected]>
   Jens Glathe <[email protected]>
   Jimmy Assarsson <[email protected]>
   Johan Hovold <[email protected]>
   Jon Hunter <[email protected]>
   Jon Maloy <[email protected]>
   Jonathan Cameron <[email protected]>
   Josh Poimboeuf <[email protected]>
   Juergen Gross <[email protected]>
   Justin Chen <[email protected]>
   Konrad Jankowski <[email protected]>
   Kuogee Hsieh <[email protected]>
   Leon Romanovsky <[email protected]>
   Linux Kernel Functional Testing <[email protected]>
   Luiz Capitulino <[email protected]>
   M. Vefa Bicakci <[email protected]>
   Marc Kleine-Budde <[email protected]>
   Marek Marczykowski-Górecki <[email protected]>
   Mario Limonciello <[email protected]>
   Mateusz Palczewski <[email protected]>
   Mathias Nyman <[email protected]>
   Matthew Ma <[email protected]>
   Matti Vaittinen <[email protected]>
   Mauro Carvalho Chehab <[email protected]>
   Michal Jaron <[email protected]>
   Mike Kravetz <[email protected]>
   Miquel Raynal <[email protected]>
   Nathan Huckleberry <[email protected]>
   Neal Cardwell <[email protected]>
   Nicolas Dichtel <[email protected]>
   Oleksij Rempel <[email protected]>
   Paolo Abeni <[email protected]>
   Peter Zijlstra <[email protected]>
   Rafael J. Wysocki <[email protected]>
   Raju Rangoju <[email protected]>
   Randy Dunlap <[email protected]>
   Rik van Riel <[email protected]>
   Saeed Mahameed <[email protected]>
   Sakari Ailus <[email protected]>
   Sasha Levin <[email protected]>
   Shreeya Patel <[email protected]>
   Slawomir Laba <[email protected]>
   Stefan Schmidt <[email protected]>
   Steven Rostedt (Google) <[email protected]>
   Sudeep Holla <[email protected]>
   Sudip Mukherjee <[email protected]>
   Sylwester Dziedziuch <[email protected]>
   Takashi Iwai <[email protected]>
   Tariq Toukan <[email protected]>
   Tejun Heo <[email protected]>
   Thinh Nguyen <[email protected]>
   Tom Lendacky <[email protected]>
   Tony O'Brien <[email protected]>
   Ulf Hansson <[email protected]>
   Vasily Gorbik <[email protected]>
   Vineet Gupta <[email protected]>
   Vladimir Oltean <[email protected]>
   Wei Yongjun <[email protected]>
   Xin Long <[email protected]>
   Yang Yingliang <[email protected]>
   Yongqin Liu <[email protected]>
   Zhang Changzhong <[email protected]>
   Zhengchao Shao <[email protected]>

jobs:
  build-amd64-xsm                                              pass
  build-arm64-xsm                                              pass
  build-i386-xsm                                               pass
  build-amd64                                                  pass
  build-arm64                                                  pass
  build-armhf                                                  pass
  build-i386                                                   pass
  build-amd64-libvirt                                          pass
  build-arm64-libvirt                                          pass
  build-armhf-libvirt                                          pass
  build-i386-libvirt                                           pass
  build-amd64-pvops                                            pass
  build-arm64-pvops                                            fail
  build-armhf-pvops                                            pass
  build-i386-pvops                                             pass
  test-amd64-amd64-xl                                          pass
  test-amd64-coresched-amd64-xl                                pass
  test-arm64-arm64-xl                                          blocked
  test-armhf-armhf-xl                                          pass
  test-amd64-i386-xl                                           pass
  test-amd64-coresched-i386-xl                                 pass
  test-amd64-amd64-libvirt-qemuu-debianhvm-amd64-xsm           pass
  test-amd64-i386-libvirt-qemuu-debianhvm-amd64-xsm            fail
  test-amd64-amd64-xl-qemut-stubdom-debianhvm-amd64-xsm        pass
  test-amd64-i386-xl-qemut-stubdom-debianhvm-amd64-xsm         pass
  test-amd64-amd64-xl-qemut-debianhvm-i386-xsm                 pass
  test-amd64-i386-xl-qemut-debianhvm-i386-xsm                  pass
  test-amd64-amd64-xl-qemuu-debianhvm-i386-xsm                 pass
  test-amd64-i386-xl-qemuu-debianhvm-i386-xsm                  pass
  test-amd64-amd64-libvirt-xsm                                 pass
  test-arm64-arm64-libvirt-xsm                                 blocked
  test-amd64-i386-libvirt-xsm                                  pass
  test-amd64-amd64-xl-xsm                                      pass
  test-arm64-arm64-xl-xsm                                      blocked
  test-amd64-i386-xl-xsm                                       pass
  test-amd64-amd64-qemuu-nested-amd                            fail
  test-amd64-amd64-xl-pvhv2-amd                                pass
  test-amd64-i386-qemut-rhel6hvm-amd                           pass
  test-amd64-i386-qemuu-rhel6hvm-amd                           pass
  test-amd64-amd64-dom0pvh-xl-amd                              pass
  test-amd64-amd64-xl-qemut-debianhvm-amd64                    pass
  test-amd64-i386-xl-qemut-debianhvm-amd64                     pass
  test-amd64-amd64-xl-qemuu-debianhvm-amd64                    pass
  test-amd64-i386-xl-qemuu-debianhvm-amd64                     pass
  test-amd64-i386-freebsd10-amd64                              pass
  test-amd64-amd64-qemuu-freebsd11-amd64                       pass
  test-amd64-amd64-qemuu-freebsd12-amd64                       pass
  test-amd64-amd64-xl-qemuu-ovmf-amd64                         pass
  test-amd64-i386-xl-qemuu-ovmf-amd64                          pass
  test-amd64-amd64-xl-qemut-win7-amd64                         fail
  test-amd64-i386-xl-qemut-win7-amd64                          fail
  test-amd64-amd64-xl-qemuu-win7-amd64                         fail
  test-amd64-i386-xl-qemuu-win7-amd64                          fail
  test-amd64-amd64-xl-qemut-ws16-amd64                         fail
  test-amd64-i386-xl-qemut-ws16-amd64                          fail
  test-amd64-amd64-xl-qemuu-ws16-amd64                         fail
  test-amd64-i386-xl-qemuu-ws16-amd64                          fail
  test-armhf-armhf-xl-arndale                                  pass
  test-amd64-amd64-examine-bios                                pass
  test-amd64-i386-examine-bios                                 pass
  test-amd64-amd64-xl-credit1                                  pass
  test-arm64-arm64-xl-credit1                                  blocked
  test-armhf-armhf-xl-credit1                                  fail
  test-amd64-amd64-xl-credit2                                  pass
  test-arm64-arm64-xl-credit2                                  blocked
  test-armhf-armhf-xl-credit2                                  fail
  test-armhf-armhf-xl-cubietruck                               pass
  test-amd64-amd64-xl-qemuu-dmrestrict-amd64-dmrestrict        pass
  test-amd64-i386-xl-qemuu-dmrestrict-amd64-dmrestrict         pass
  test-amd64-amd64-examine                                     pass
  test-arm64-arm64-examine                                     blocked
  test-armhf-armhf-examine                                     pass
  test-amd64-i386-examine                                      pass
  test-amd64-i386-freebsd10-i386                               pass
  test-amd64-amd64-qemuu-nested-intel                          pass
  test-amd64-amd64-xl-pvhv2-intel                              pass
  test-amd64-i386-qemut-rhel6hvm-intel                         pass
  test-amd64-i386-qemuu-rhel6hvm-intel                         pass
  test-amd64-amd64-dom0pvh-xl-intel                            pass
  test-amd64-amd64-libvirt                                     pass
  test-armhf-armhf-libvirt                                     pass
  test-amd64-i386-libvirt                                      pass
  test-amd64-amd64-xl-multivcpu                                pass
  test-armhf-armhf-xl-multivcpu                                fail
  test-amd64-amd64-pair                                        pass
  test-amd64-i386-pair                                         fail
  test-amd64-amd64-libvirt-pair                                pass
  test-amd64-i386-libvirt-pair                                 pass
  test-amd64-amd64-xl-pvshim                                   pass
  test-amd64-i386-xl-pvshim                                    fail
  test-amd64-amd64-pygrub                                      pass
  test-armhf-armhf-libvirt-qcow2                               fail
  test-amd64-amd64-xl-qcow2                                    pass
  test-arm64-arm64-libvirt-raw                                 blocked
  test-armhf-armhf-libvirt-raw                                 fail
  test-amd64-i386-libvirt-raw                                  pass
  test-amd64-amd64-xl-rtds                                     pass
  test-armhf-armhf-xl-rtds                                     pass
  test-arm64-arm64-xl-seattle                                  blocked
  test-amd64-amd64-xl-qemuu-debianhvm-amd64-shadow             pass
  test-amd64-i386-xl-qemuu-debianhvm-amd64-shadow              pass
  test-amd64-amd64-xl-shadow                                   pass
  test-amd64-i386-xl-shadow                                    pass
  test-arm64-arm64-xl-thunderx                                 blocked
  test-amd64-amd64-examine-uefi                                pass
  test-amd64-i386-examine-uefi                                 pass
  test-amd64-amd64-libvirt-vhd                                 pass
  test-arm64-arm64-xl-vhd                                      blocked
  test-armhf-armhf-xl-vhd                                      pass
  test-amd64-i386-xl-vhd                                       pass


------------------------------------------------------------
sg-report-flight on osstest.test-lab.xenproject.org
logs: /home/logs/logs
images: /home/logs/images

Logs, config files, etc. are available at
     http://logs.test-lab.xenproject.org/osstest/logs

Explanation of these reports, and of osstest in general, is at
     
http://xenbits.xen.org/gitweb/?p=osstest.git;a=blob;f=README.email;hb=master
     http://xenbits.xen.org/gitweb/?p=osstest.git;a=blob;f=README;hb=master

Test harness code can be found at
     http://xenbits.xen.org/gitweb?p=osstest.git;a=summary


Not pushing.

(No revision log; it would be 2244 lines long.)


Attachment: OpenPGP_0xB0DE9DD628BF132F.asc
Description: OpenPGP public key

Attachment: OpenPGP_signature
Description: OpenPGP digital signature

Reply via email to