flight 174533 linux-5.4 real [real]
http://logs.test-lab.xenproject.org/osstest/logs/174533/

Regressions :-(

Tests which did not succeed and are blocking,
including tests which could not be run:
 build-armhf                     <job status>                 broken  in 174530
 build-armhf                  5 host-build-prep fail in 174530 REGR. vs. 174012

Tests which are failing intermittently (not blocking):
 test-amd64-amd64-xl-pvhv2-intel 20 guest-localmigrate/x10 fail in 174511 pass 
in 174533
 test-armhf-armhf-xl-multivcpu 14 guest-start     fail in 174511 pass in 174533
 test-armhf-armhf-libvirt-qcow2 13 guest-start    fail in 174511 pass in 174533
 test-armhf-armhf-xl-arndale  18 guest-start/debian.repeat  fail pass in 174511
 test-amd64-amd64-xl-qemuu-debianhvm-i386-xsm 12 debian-hvm-install fail pass 
in 174511
 test-armhf-armhf-libvirt-raw 13 guest-start                fail pass in 174511
 test-amd64-i386-xl-qemuu-dmrestrict-amd64-dmrestrict 7 xen-install fail pass 
in 174530
 test-amd64-i386-xl-qemut-debianhvm-amd64  7 xen-install    fail pass in 174530

Tests which did not succeed, but are not blocking:
 test-armhf-armhf-libvirt      1 build-check(1)           blocked in 174530 n/a
 test-armhf-armhf-libvirt-qcow2  1 build-check(1)         blocked in 174530 n/a
 build-armhf-libvirt           1 build-check(1)           blocked in 174530 n/a
 test-armhf-armhf-xl-vhd       1 build-check(1)           blocked in 174530 n/a
 test-armhf-armhf-xl-credit2   1 build-check(1)           blocked in 174530 n/a
 test-armhf-armhf-xl           1 build-check(1)           blocked in 174530 n/a
 test-armhf-armhf-xl-arndale   1 build-check(1)           blocked in 174530 n/a
 test-armhf-armhf-examine      1 build-check(1)           blocked in 174530 n/a
 test-armhf-armhf-xl-credit1   1 build-check(1)           blocked in 174530 n/a
 test-armhf-armhf-libvirt-raw  1 build-check(1)           blocked in 174530 n/a
 test-armhf-armhf-xl-rtds      1 build-check(1)           blocked in 174530 n/a
 test-armhf-armhf-xl-cubietruck  1 build-check(1)         blocked in 174530 n/a
 test-armhf-armhf-xl-multivcpu  1 build-check(1)          blocked in 174530 n/a
 test-armhf-armhf-xl-credit2 18 guest-start/debian.repeat fail blocked in 174012
 test-armhf-armhf-xl-credit1  19 guest-start.2           fail blocked in 174012
 test-armhf-armhf-xl-credit1 18 guest-start/debian.repeat fail in 174511 like 
174012
 test-armhf-armhf-xl-rtds 18 guest-start/debian.repeat fail in 174511 like 
174012
 test-armhf-armhf-libvirt-raw 15 saverestore-support-check fail in 174511 like 
174012
 test-armhf-armhf-libvirt-raw 14 migrate-support-check fail in 174511 never pass
 test-amd64-amd64-xl-qemuu-win7-amd64 19 guest-stop            fail like 174012
 test-amd64-i386-xl-qemut-win7-amd64 19 guest-stop             fail like 174012
 test-amd64-i386-xl-qemuu-win7-amd64 19 guest-stop             fail like 174012
 test-armhf-armhf-xl-multivcpu 18 guest-start/debian.repeat    fail like 174012
 test-amd64-amd64-qemuu-nested-amd 20 debian-hvm-install/l1/l2 fail like 174012
 test-amd64-amd64-xl-qemut-win7-amd64 19 guest-stop            fail like 174012
 test-armhf-armhf-libvirt     16 saverestore-support-check    fail  like 174012
 test-amd64-amd64-xl-qemuu-ws16-amd64 19 guest-stop            fail like 174012
 test-amd64-amd64-xl-qemut-ws16-amd64 19 guest-stop            fail like 174012
 test-armhf-armhf-libvirt-qcow2 15 saverestore-support-check   fail like 174012
 test-amd64-i386-xl-qemut-ws16-amd64 19 guest-stop             fail like 174012
 test-amd64-i386-xl-qemuu-ws16-amd64 19 guest-stop             fail like 174012
 test-amd64-i386-xl-pvshim    14 guest-start                  fail   never pass
 test-arm64-arm64-xl-seattle  15 migrate-support-check        fail   never pass
 test-arm64-arm64-xl-seattle  16 saverestore-support-check    fail   never pass
 test-amd64-amd64-libvirt     15 migrate-support-check        fail   never pass
 test-amd64-amd64-libvirt-xsm 15 migrate-support-check        fail   never pass
 test-amd64-i386-libvirt-xsm  15 migrate-support-check        fail   never pass
 test-amd64-i386-libvirt      15 migrate-support-check        fail   never pass
 test-amd64-amd64-libvirt-qemuu-debianhvm-amd64-xsm 13 migrate-support-check 
fail never pass
 test-arm64-arm64-xl          15 migrate-support-check        fail   never pass
 test-arm64-arm64-xl          16 saverestore-support-check    fail   never pass
 test-arm64-arm64-libvirt-xsm 15 migrate-support-check        fail   never pass
 test-arm64-arm64-xl-credit1  15 migrate-support-check        fail   never pass
 test-arm64-arm64-libvirt-xsm 16 saverestore-support-check    fail   never pass
 test-arm64-arm64-xl-credit1  16 saverestore-support-check    fail   never pass
 test-arm64-arm64-xl-credit2  15 migrate-support-check        fail   never pass
 test-arm64-arm64-xl-credit2  16 saverestore-support-check    fail   never pass
 test-arm64-arm64-xl-thunderx 15 migrate-support-check        fail   never pass
 test-arm64-arm64-xl-thunderx 16 saverestore-support-check    fail   never pass
 test-arm64-arm64-xl-xsm      15 migrate-support-check        fail   never pass
 test-arm64-arm64-xl-xsm      16 saverestore-support-check    fail   never pass
 test-amd64-i386-libvirt-qemuu-debianhvm-amd64-xsm 13 migrate-support-check 
fail never pass
 test-armhf-armhf-xl-multivcpu 15 migrate-support-check        fail  never pass
 test-armhf-armhf-xl-multivcpu 16 saverestore-support-check    fail  never pass
 test-armhf-armhf-xl-credit1  15 migrate-support-check        fail   never pass
 test-armhf-armhf-xl-credit1  16 saverestore-support-check    fail   never pass
 test-armhf-armhf-xl-credit2  15 migrate-support-check        fail   never pass
 test-armhf-armhf-xl-credit2  16 saverestore-support-check    fail   never pass
 test-armhf-armhf-xl-arndale  15 migrate-support-check        fail   never pass
 test-armhf-armhf-xl-arndale  16 saverestore-support-check    fail   never pass
 test-amd64-i386-libvirt-raw  14 migrate-support-check        fail   never pass
 test-amd64-amd64-libvirt-vhd 14 migrate-support-check        fail   never pass
 test-arm64-arm64-libvirt-raw 14 migrate-support-check        fail   never pass
 test-arm64-arm64-libvirt-raw 15 saverestore-support-check    fail   never pass
 test-arm64-arm64-xl-vhd      14 migrate-support-check        fail   never pass
 test-arm64-arm64-xl-vhd      15 saverestore-support-check    fail   never pass
 test-armhf-armhf-xl-rtds     15 migrate-support-check        fail   never pass
 test-armhf-armhf-xl-rtds     16 saverestore-support-check    fail   never pass
 test-armhf-armhf-libvirt     15 migrate-support-check        fail   never pass
 test-armhf-armhf-xl-cubietruck 15 migrate-support-check        fail never pass
 test-armhf-armhf-xl-cubietruck 16 saverestore-support-check    fail never pass
 test-armhf-armhf-xl          15 migrate-support-check        fail   never pass
 test-armhf-armhf-xl          16 saverestore-support-check    fail   never pass
 test-armhf-armhf-libvirt-qcow2 14 migrate-support-check        fail never pass
 test-armhf-armhf-xl-vhd      14 migrate-support-check        fail   never pass
 test-armhf-armhf-xl-vhd      15 saverestore-support-check    fail   never pass

version targeted for testing:
 linux                fe18f1af38a7999e05a6564c80d63e8d9df5ee60
baseline version:
 linux                fd92cfed8bc6668d314acd1e6da708a80826f768

Last test of basis   174012  2022-10-17 16:21:11 Z   11 days
Testing same since   174450  2022-10-26 11:42:18 Z    2 days    4 attempts

------------------------------------------------------------
People who touched revisions under test:
  Adrian Hunter <[email protected]>
  Ahmad Fatoum <[email protected]>
  Albert Briscoe <[email protected]>
  Alex Deucher <[email protected]>
  Alexander Aring <[email protected]>
  Alexander Coffin <[email protected]>
  Alexander Dahl <[email protected]>
  Alexander Stein <[email protected]>
  Alexei Starovoitov <[email protected]>
  Alexey Lyashkov <[email protected]>
  Allen Pais <[email protected]>
  Alvin Šipraga <[email protected]>
  Andreas Pape <[email protected]>
  Andrew Bresticker <[email protected]>
  Andrew Gaul <[email protected]>
  Andrew Gaul <[email protected]>
  Andrew Morton <[email protected]>
  Andrew Perepechko <[email protected]>
  Andri Yngvason <[email protected]>
  Andrii Nakryiko <[email protected]>
  Andy Shevchenko <[email protected]>
  AngeloGioacchino Del Regno <[email protected]>
  Anna Schumaker <[email protected]>
  Anssi Hannula <[email protected]>
  Ard Biesheuvel <[email protected]>
  Arnaldo Carvalho de Melo <[email protected]>
  Arnd Bergmann <[email protected]>
  Arvid Norlander <[email protected]>
  Baokun Li <[email protected]>
  Benjamin Tissoires <[email protected]>
  Bernard Metzler <[email protected]>
  Bitterblue Smith <[email protected]>
  Bjorn Andersson <[email protected]>
  Bjorn Helgaas <[email protected]>
  Borislav Petkov <[email protected]>
  Callum Osmotherly <[email protected]>
  Carlos Llamas <[email protected]>
  Chao Qin <[email protected]>
  Chao Yu <[email protected]>
  Chen-Yu Tsai <[email protected]>
  Chi-hsien Lin <[email protected]>
  Christian Brauner (Microsoft) <[email protected]>
  Christoph Hellwig <[email protected]>
  Christophe JAILLET <[email protected]>
  Christophe Leroy <[email protected]>
  Chuck Lever <[email protected]>
  Claudiu Beznea <[email protected]>
  Coly Li <[email protected]>
  Conor Dooley <[email protected]>
  Damien Le Moal <[email protected]>
  Dan Carpenter <[email protected]>
  Daniel Borkmann <[email protected]>
  Daniel Golle <[email protected]>
  Daniel Vetter <[email protected]>
  Dave Hansen <[email protected]>
  Dave Jiang <[email protected]>
  David Collins <[email protected]>
  David Gow <[email protected]>
  David S. Miller <[email protected]>
  David Sterba <[email protected]>
  David Teigland <[email protected]>
  Dmitry Baryshkov <[email protected]>
  Dmitry Osipenko <[email protected]>
  Dmitry Torokhov <[email protected]>
  Dongliang Mu <[email protected]>
  Duoming Zhou <[email protected]>
  Eddie James <[email protected]>
  Eric Dumazet <[email protected]>
  Eugeniu Rosca <[email protected]>
  Fangrui Song <[email protected]>
  Fenglin Wu <[email protected]>
  Filipe Manana <[email protected]>
  Florian Fainelli <[email protected]>
  Florian Westphal <[email protected]>
  Frederic Barrat <[email protected]>
  Geert Uytterhoeven <[email protected]>
  Greg Kroah-Hartman <[email protected]>
  Gregory CLEMENT <[email protected]>
  Guenter Roeck <[email protected]>
  Guilherme G. Piccoli <[email protected]>
  Guoqing Jiang <[email protected]>
  Haibo Chen <[email protected]>
  Hangyu Hua <[email protected]>
  Hans de Goede <[email protected]>
  Hans Verkuil <[email protected]>
  Hari Chandrakanthan <[email protected]>
  Hawkins Jiawei <[email protected]>
  Helge Deller <[email protected]>
  Herbert Xu <[email protected]>
  Hillf Danton <[email protected]>
  hongao <[email protected]>
  Huacai Chen <[email protected]>
  Hyunwoo Kim <[email protected]>
  Ian Nam <[email protected]>
  Ignat Korchagin <[email protected]>
  Ingo Molnar <[email protected]>
  Jack Wang <[email protected]>
  Jaegeuk Kim <[email protected]>
  Jakub Kicinski <[email protected]>
  Jan Kara <[email protected]>
  Jason Baron <[email protected]>
  Jassi Brar <[email protected]>
  Javier Martinez Canillas <[email protected]>
  Jean-Francois Le Fillatre <[email protected]>
  Jens Axboe <[email protected]>
  Jerry Lee <[email protected]>
  Jerry Lee 李修賢 <[email protected]>
  Jes Sorensen <[email protected]>
  Jianglei Nie <[email protected]>
  Jiasheng Jiang <[email protected]>
  Jim Cromie <[email protected]>
  Jimmy Assarsson <[email protected]>
  Jinke Han <[email protected]>
  Jiri Kosina <[email protected]>
  Joel Stanley <[email protected]>
  Joerg Roedel <[email protected]>
  Johannes Berg <[email protected]>
  John Fastabend <[email protected]>
  Jon Hunter <[email protected]>
  Jonathan Cameron <[email protected]>
  Josh Poimboeuf <[email protected]>
  Junichi Uekawa <[email protected]>
  Kalle Valo <[email protected]>
  Kalle Valo <[email protected]>
  Kees Cook <[email protected]>
  Kefeng Wang <[email protected]>
  Keith Busch <[email protected]>
  Kevin(Yudong) Yang <[email protected]>
  Khalid Masum <[email protected]>
  Koba Ko <[email protected]>
  Kohei Tarumizu <[email protected]>
  Krzysztof Kozlowski <[email protected]>
  Kuninori Morimoto <[email protected]>
  Lalith Rajendran <[email protected]>
  Lam Thai <[email protected]>
  Laurent Pinchart <[email protected]>
  Lee Jones <[email protected]>
  Leon Romanovsky <[email protected]>
  Letu Ren <[email protected]>
  Liang He <[email protected]>
  Liang Yang <[email protected]>
  Linus Walleij <[email protected]>
  Linux Kernel Functional Testing <[email protected]>
  Liu Jian <[email protected]>
  Logan Gunthorpe <[email protected]>
  Lorenz Bauer <[email protected]>
  Luiz Augusto von Dentz <[email protected]>
  Luke D. Jones <[email protected]>
  Lyude Paul <[email protected]>
  Maciej W. Rozycki <[email protected]>
  Marc Kleine-Budde <[email protected]>
  Marek Behún <[email protected]>
  Mario Limonciello <[email protected]>
  Mark Brown <[email protected]>
  Martin K. Petersen <[email protected]>
  Martin Liska <[email protected]>
  Masahiro Yamada <[email protected]>
  Mateusz Kwiatkowski <[email protected]>
  Mathias Nyman <[email protected]>
  Mauro Carvalho Chehab <[email protected]>
  Maxime Ripard <[email protected]>
  Maya Matuszczyk <[email protected]>
  Miaoqian Lin <[email protected]>
  Michael Ellerman <[email protected]>
  Michael Hennerich <[email protected]>
  Michael S. Tsirkin <[email protected]>
  Michael Walle <[email protected]>
  Michal Luczaj <[email protected]>
  Michal Simek <[email protected]>
  Mike Pattrick <[email protected]>
  Mingzhe Zou <[email protected]>
  Miquel Raynal <[email protected]>
  Nam Cao <[email protected]>
  Namhyung Kim <[email protected]>
  Nathan Chancellor <[email protected]>
  Neal Cardwell <[email protected]>
  Nicholas Piggin <[email protected]>
  Nick Desaulniers <[email protected]>
  Nicolas Dufresne <[email protected]>
  Niklas Cassel <[email protected]>
  Ninad Naik <[email protected]>
  Noralf Trønnes <[email protected]>
  Nuno Sá <[email protected]>
  Olga Kornievskaia <[email protected]>
  Oliver Hartkopp <[email protected]>
  Ondrej Mosnacek <[email protected]>
  Pali Rohár <[email protected]>
  Palmer Dabbelt <[email protected]>
  Paolo Bonzini <[email protected]>
  Paul Kocialkowski <[email protected]>
  Paul Moore <[email protected]>
  Paulo Alcantara (SUSE) <[email protected]>
  Pavel Begunkov <[email protected]>
  Peter Oberparleiter <[email protected]>
  Peter Robinson <[email protected]>
  Peter Rosin <[email protected]>
  Peter Xu <[email protected]>
  Petr Mladek <[email protected]>
  Phil Sutter <[email protected]>
  Philipp Hortmann <[email protected]>
  Qu Wenruo <[email protected]>
  Quanyang Wang <[email protected]>
  Quentin Monnet <[email protected]>
  Rafael J. Wysocki <[email protected]>
  Randy Dunlap <[email protected]>
  Reinette Chatre <[email protected]>
  Rich Felker <[email protected]>
  Richard Acayan <[email protected]>
  Richard Weinberger <[email protected]>
  Rik van Riel <[email protected]>
  Rob Clark <[email protected]>
  Robert Foss <[email protected]>
  Robin Guo <[email protected]>
  Robin Murphy <[email protected]>
  Ronnie Sahlberg <[email protected]>
  Russell King (Oracle) <[email protected]>
  Rustam Subkhankulov <[email protected]>
  Ryusuke Konishi <[email protected]>
  Saranya Gopal <[email protected]>
  Sasha Levin <[email protected]>
  Saurabh Sengar <[email protected]>
  Sean Christopherson <[email protected]>
  Sebastian Reichel <[email protected]>
  Serge Semin <[email protected]>
  Shawn Guo <[email protected]>
  Sherry Sun <[email protected]>
  Shigeru Yoshida <[email protected]>
  Shuah Khan <[email protected]>
  Shubhrajyoti Datta <[email protected]>
  Slade Watkins <[email protected]>
  Song Liu <[email protected]>
  Srinivas Pandruvada <[email protected]>
  Stanislaw Gruszka <[email protected]>
  Stefan Schmidt <[email protected]>
  Stefan Wahren <[email protected]>
  Steffen Klassert <[email protected]>
  Stephen Boyd <[email protected]>
  Steve French <[email protected]>
  Steven Rostedt (Google) <[email protected]>
  sunghwan jung <[email protected]>
  Sungwoo Kim <[email protected]>
  syzbot <[email protected]>
  [email protected]
  Tadeusz Struk<[email protected]>
  Takashi Iwai <[email protected]>
  Tales Aparecida <[email protected]>
  Tejun Heo <[email protected]>
  Tetsuo Handa <[email protected]>
  Thadeu Lima de Souza Cascardo <[email protected]>
  Thara Gopinath <[email protected]>
  Theodore Ts'o <[email protected]>
  Thomas Bogendoerfer <[email protected]>
  Thomas Zimmermann <[email protected]>
  Toke Høiland-Jørgensen <[email protected]>
  Tom Lendacky <[email protected]>
  Tomi Valkeinen <[email protected]>
  Tudor Ambarus <[email protected]>
  Tzung-Bi Shih <[email protected]>
  Ulf Hansson <[email protected]>
  Varun Prakash <[email protected]>
  Vincent Whitchurch <[email protected]>
  Vinod Koul <[email protected]>
  Vitaly Kuznetsov <[email protected]>
  Waiman Long <[email protected]>
  Wang Kefeng <[email protected]>
  Wei Yongjun <[email protected]>
  Wen Gong <[email protected]>
  Wenchao Chen <[email protected]>
  William Dean <[email protected]>
  Wright Feng <[email protected]>
  Xiaoke Wang <[email protected]>
  Xin Long <[email protected]>
  Xu Qiang <[email protected]>
  Yonghong Song <[email protected]>
  Yuchung Cheng <[email protected]>
  Zhang Qilong <[email protected]>
  Zhang Rui <[email protected]>
  Zhang Xiaoxu <[email protected]>
  Zheng Yejian <[email protected]>
  Zheng Yongjun <[email protected]>
  Zheyu Ma <[email protected]>
  Zhihao Cheng <[email protected]>
  Zhu Yanjun <[email protected]>
  Ziyang Xuan <[email protected]>

jobs:
 build-amd64-xsm                                              pass    
 build-arm64-xsm                                              pass    
 build-i386-xsm                                               pass    
 build-amd64                                                  pass    
 build-arm64                                                  pass    
 build-armhf                                                  pass    
 build-i386                                                   pass    
 build-amd64-libvirt                                          pass    
 build-arm64-libvirt                                          pass    
 build-armhf-libvirt                                          pass    
 build-i386-libvirt                                           pass    
 build-amd64-pvops                                            pass    
 build-arm64-pvops                                            pass    
 build-armhf-pvops                                            pass    
 build-i386-pvops                                             pass    
 test-amd64-amd64-xl                                          pass    
 test-amd64-coresched-amd64-xl                                pass    
 test-arm64-arm64-xl                                          pass    
 test-armhf-armhf-xl                                          pass    
 test-amd64-i386-xl                                           pass    
 test-amd64-coresched-i386-xl                                 pass    
 test-amd64-amd64-libvirt-qemuu-debianhvm-amd64-xsm           pass    
 test-amd64-i386-libvirt-qemuu-debianhvm-amd64-xsm            pass    
 test-amd64-amd64-xl-qemut-stubdom-debianhvm-amd64-xsm        pass    
 test-amd64-i386-xl-qemut-stubdom-debianhvm-amd64-xsm         pass    
 test-amd64-amd64-xl-qemut-debianhvm-i386-xsm                 pass    
 test-amd64-i386-xl-qemut-debianhvm-i386-xsm                  pass    
 test-amd64-amd64-xl-qemuu-debianhvm-i386-xsm                 fail    
 test-amd64-i386-xl-qemuu-debianhvm-i386-xsm                  pass    
 test-amd64-amd64-libvirt-xsm                                 pass    
 test-arm64-arm64-libvirt-xsm                                 pass    
 test-amd64-i386-libvirt-xsm                                  pass    
 test-amd64-amd64-xl-xsm                                      pass    
 test-arm64-arm64-xl-xsm                                      pass    
 test-amd64-i386-xl-xsm                                       pass    
 test-amd64-amd64-qemuu-nested-amd                            fail    
 test-amd64-amd64-xl-pvhv2-amd                                pass    
 test-amd64-i386-qemut-rhel6hvm-amd                           pass    
 test-amd64-i386-qemuu-rhel6hvm-amd                           pass    
 test-amd64-amd64-dom0pvh-xl-amd                              pass    
 test-amd64-amd64-xl-qemut-debianhvm-amd64                    pass    
 test-amd64-i386-xl-qemut-debianhvm-amd64                     fail    
 test-amd64-amd64-xl-qemuu-debianhvm-amd64                    pass    
 test-amd64-i386-xl-qemuu-debianhvm-amd64                     pass    
 test-amd64-i386-freebsd10-amd64                              pass    
 test-amd64-amd64-qemuu-freebsd11-amd64                       pass    
 test-amd64-amd64-qemuu-freebsd12-amd64                       pass    
 test-amd64-amd64-xl-qemuu-ovmf-amd64                         pass    
 test-amd64-i386-xl-qemuu-ovmf-amd64                          pass    
 test-amd64-amd64-xl-qemut-win7-amd64                         fail    
 test-amd64-i386-xl-qemut-win7-amd64                          fail    
 test-amd64-amd64-xl-qemuu-win7-amd64                         fail    
 test-amd64-i386-xl-qemuu-win7-amd64                          fail    
 test-amd64-amd64-xl-qemut-ws16-amd64                         fail    
 test-amd64-i386-xl-qemut-ws16-amd64                          fail    
 test-amd64-amd64-xl-qemuu-ws16-amd64                         fail    
 test-amd64-i386-xl-qemuu-ws16-amd64                          fail    
 test-armhf-armhf-xl-arndale                                  fail    
 test-amd64-amd64-examine-bios                                pass    
 test-amd64-i386-examine-bios                                 pass    
 test-amd64-amd64-xl-credit1                                  pass    
 test-arm64-arm64-xl-credit1                                  pass    
 test-armhf-armhf-xl-credit1                                  fail    
 test-amd64-amd64-xl-credit2                                  pass    
 test-arm64-arm64-xl-credit2                                  pass    
 test-armhf-armhf-xl-credit2                                  fail    
 test-armhf-armhf-xl-cubietruck                               pass    
 test-amd64-amd64-xl-qemuu-dmrestrict-amd64-dmrestrict        pass    
 test-amd64-i386-xl-qemuu-dmrestrict-amd64-dmrestrict         fail    
 test-amd64-amd64-examine                                     pass    
 test-arm64-arm64-examine                                     pass    
 test-armhf-armhf-examine                                     pass    
 test-amd64-i386-examine                                      pass    
 test-amd64-i386-freebsd10-i386                               pass    
 test-amd64-amd64-qemuu-nested-intel                          pass    
 test-amd64-amd64-xl-pvhv2-intel                              pass    
 test-amd64-i386-qemut-rhel6hvm-intel                         pass    
 test-amd64-i386-qemuu-rhel6hvm-intel                         pass    
 test-amd64-amd64-dom0pvh-xl-intel                            pass    
 test-amd64-amd64-libvirt                                     pass    
 test-armhf-armhf-libvirt                                     pass    
 test-amd64-i386-libvirt                                      pass    
 test-amd64-amd64-xl-multivcpu                                pass    
 test-armhf-armhf-xl-multivcpu                                fail    
 test-amd64-amd64-pair                                        pass    
 test-amd64-i386-pair                                         pass    
 test-amd64-amd64-libvirt-pair                                pass    
 test-amd64-i386-libvirt-pair                                 pass    
 test-amd64-amd64-xl-pvshim                                   pass    
 test-amd64-i386-xl-pvshim                                    fail    
 test-amd64-amd64-pygrub                                      pass    
 test-armhf-armhf-libvirt-qcow2                               pass    
 test-amd64-amd64-xl-qcow2                                    pass    
 test-arm64-arm64-libvirt-raw                                 pass    
 test-armhf-armhf-libvirt-raw                                 fail    
 test-amd64-i386-libvirt-raw                                  pass    
 test-amd64-amd64-xl-rtds                                     pass    
 test-armhf-armhf-xl-rtds                                     pass    
 test-arm64-arm64-xl-seattle                                  pass    
 test-amd64-amd64-xl-qemuu-debianhvm-amd64-shadow             pass    
 test-amd64-i386-xl-qemuu-debianhvm-amd64-shadow              pass    
 test-amd64-amd64-xl-shadow                                   pass    
 test-amd64-i386-xl-shadow                                    pass    
 test-arm64-arm64-xl-thunderx                                 pass    
 test-amd64-amd64-examine-uefi                                pass    
 test-amd64-i386-examine-uefi                                 pass    
 test-amd64-amd64-libvirt-vhd                                 pass    
 test-arm64-arm64-xl-vhd                                      pass    
 test-armhf-armhf-xl-vhd                                      pass    
 test-amd64-i386-xl-vhd                                       pass    


------------------------------------------------------------
sg-report-flight on osstest.test-lab.xenproject.org
logs: /home/logs/logs
images: /home/logs/images

Logs, config files, etc. are available at
    http://logs.test-lab.xenproject.org/osstest/logs

Explanation of these reports, and of osstest in general, is at
    http://xenbits.xen.org/gitweb/?p=osstest.git;a=blob;f=README.email;hb=master
    http://xenbits.xen.org/gitweb/?p=osstest.git;a=blob;f=README;hb=master

Test harness code can be found at
    http://xenbits.xen.org/gitweb?p=osstest.git;a=summary

broken-job build-armhf broken

Not pushing.

(No revision log; it would be 7597 lines long.)


Reply via email to