flight 174091 xen-unstable-smoke real [real] flight 174093 xen-unstable-smoke real-retest [real] http://logs.test-lab.xenproject.org/osstest/logs/174091/ http://logs.test-lab.xenproject.org/osstest/logs/174093/
Regressions :-( Tests which did not succeed and are blocking, including tests which could not be run: test-armhf-armhf-xl 14 guest-start fail REGR. vs. 173457 Tests which did not succeed, but are not blocking: test-amd64-amd64-libvirt 15 migrate-support-check fail never pass test-arm64-arm64-xl-xsm 15 migrate-support-check fail never pass test-arm64-arm64-xl-xsm 16 saverestore-support-check fail never pass version targeted for testing: xen cc4747be8ba157a3b310921e9ee07fb8545aa206 baseline version: xen 9029bc265cdf2bd63376dde9fdd91db4ce9c0586 Last test of basis 173457 2022-10-07 14:03:14 Z 12 days Failing since 173492 2022-10-11 13:01:50 Z 8 days 52 attempts Testing same since 174001 2022-10-17 15:00:30 Z 1 days 14 attempts ------------------------------------------------------------ People who touched revisions under test: Andrew Cooper <[email protected]> Anthony PERARD <[email protected]> Artem Bityutskiy <[email protected]> Borislav Petkov <[email protected]> Christian Lindig <[email protected]> Daniel P. Smith <[email protected]> George Dunlap <[email protected]> Henry Wang <[email protected]> Jan Beulich <[email protected]> Jason Andryuk <[email protected]> Julien Grall <[email protected]> Peter Zijlstra (Intel) <[email protected]> Peter Zijlstra <[email protected]> Rafael J. Wysocki <[email protected]> Roger Pau Monné <[email protected]> Tim Deegan <[email protected]> Zhang Rui <[email protected]> jobs: build-arm64-xsm pass build-amd64 pass build-armhf pass build-amd64-libvirt pass test-armhf-armhf-xl fail test-arm64-arm64-xl-xsm pass test-amd64-amd64-xl-qemuu-debianhvm-amd64 pass test-amd64-amd64-libvirt pass ------------------------------------------------------------ sg-report-flight on osstest.test-lab.xenproject.org logs: /home/logs/logs images: /home/logs/images Logs, config files, etc. are available at http://logs.test-lab.xenproject.org/osstest/logs Explanation of these reports, and of osstest in general, is at http://xenbits.xen.org/gitweb/?p=osstest.git;a=blob;f=README.email;hb=master http://xenbits.xen.org/gitweb/?p=osstest.git;a=blob;f=README;hb=master Test harness code can be found at http://xenbits.xen.org/gitweb?p=osstest.git;a=summary Not pushing. (No revision log; it would be 961 lines long.)
