flight 173923 linux-5.4 real [real] http://logs.test-lab.xenproject.org/osstest/logs/173923/
Failures :-/ but no regressions. Tests which are failing intermittently (not blocking): test-armhf-armhf-libvirt-qcow2 13 guest-start fail in 173806 pass in 173923 test-armhf-armhf-xl-credit2 14 guest-start fail pass in 173806 test-armhf-armhf-xl-multivcpu 14 guest-start fail pass in 173806 Regressions which are regarded as allowable (not blocking): test-armhf-armhf-xl-rtds 18 guest-start/debian.repeat fail REGR. vs. 173461 Tests which did not succeed, but are not blocking: test-armhf-armhf-xl-credit1 18 guest-start/debian.repeat fail blocked in 173461 test-armhf-armhf-xl-multivcpu 18 guest-start/debian.repeat fail in 173806 like 173461 test-armhf-armhf-xl-credit1 14 guest-start fail in 173806 like 173461 test-armhf-armhf-xl-credit2 18 guest-start/debian.repeat fail in 173806 like 173461 test-armhf-armhf-xl-credit2 15 migrate-support-check fail in 173806 never pass test-armhf-armhf-xl-credit2 16 saverestore-support-check fail in 173806 never pass test-armhf-armhf-xl-multivcpu 15 migrate-support-check fail in 173806 never pass test-armhf-armhf-xl-multivcpu 16 saverestore-support-check fail in 173806 never pass test-amd64-amd64-xl-qemuu-win7-amd64 19 guest-stop fail like 173461 test-amd64-i386-xl-qemut-win7-amd64 19 guest-stop fail like 173461 test-amd64-i386-xl-qemuu-win7-amd64 19 guest-stop fail like 173461 test-armhf-armhf-libvirt 16 saverestore-support-check fail like 173461 test-amd64-amd64-xl-qemut-win7-amd64 19 guest-stop fail like 173461 test-amd64-amd64-xl-qemuu-ws16-amd64 19 guest-stop fail like 173461 test-amd64-amd64-xl-qemut-ws16-amd64 19 guest-stop fail like 173461 test-amd64-amd64-qemuu-nested-amd 20 debian-hvm-install/l1/l2 fail like 173461 test-amd64-i386-xl-qemut-ws16-amd64 19 guest-stop fail like 173461 test-armhf-armhf-libvirt-qcow2 15 saverestore-support-check fail like 173461 test-armhf-armhf-libvirt-raw 15 saverestore-support-check fail like 173461 test-amd64-i386-xl-qemuu-ws16-amd64 19 guest-stop fail like 173461 test-amd64-i386-libvirt-xsm 15 migrate-support-check fail never pass test-amd64-i386-xl-pvshim 14 guest-start fail never pass test-amd64-amd64-libvirt 15 migrate-support-check fail never pass test-amd64-amd64-libvirt-xsm 15 migrate-support-check fail never pass test-arm64-arm64-xl-seattle 15 migrate-support-check fail never pass test-arm64-arm64-xl-seattle 16 saverestore-support-check fail never pass test-amd64-i386-libvirt 15 migrate-support-check fail never pass test-arm64-arm64-xl-xsm 15 migrate-support-check fail never pass test-arm64-arm64-xl-xsm 16 saverestore-support-check fail never pass test-arm64-arm64-xl-credit1 15 migrate-support-check fail never pass test-arm64-arm64-xl-credit1 16 saverestore-support-check fail never pass test-arm64-arm64-xl 15 migrate-support-check fail never pass test-arm64-arm64-xl 16 saverestore-support-check fail never pass test-arm64-arm64-xl-credit2 15 migrate-support-check fail never pass test-arm64-arm64-libvirt-xsm 15 migrate-support-check fail never pass test-arm64-arm64-xl-credit2 16 saverestore-support-check fail never pass test-arm64-arm64-libvirt-xsm 16 saverestore-support-check fail never pass test-amd64-amd64-libvirt-qemuu-debianhvm-amd64-xsm 13 migrate-support-check fail never pass test-arm64-arm64-xl-thunderx 15 migrate-support-check fail never pass test-arm64-arm64-xl-thunderx 16 saverestore-support-check fail never pass test-amd64-i386-libvirt-qemuu-debianhvm-amd64-xsm 13 migrate-support-check fail never pass test-armhf-armhf-xl-credit1 15 migrate-support-check fail never pass test-armhf-armhf-xl-credit1 16 saverestore-support-check fail never pass test-amd64-amd64-libvirt-vhd 14 migrate-support-check fail never pass test-amd64-i386-libvirt-raw 14 migrate-support-check fail never pass test-arm64-arm64-libvirt-raw 14 migrate-support-check fail never pass test-arm64-arm64-libvirt-raw 15 saverestore-support-check fail never pass test-armhf-armhf-xl-rtds 15 migrate-support-check fail never pass test-armhf-armhf-xl-rtds 16 saverestore-support-check fail never pass test-armhf-armhf-libvirt 15 migrate-support-check fail never pass test-arm64-arm64-xl-vhd 14 migrate-support-check fail never pass test-arm64-arm64-xl-vhd 15 saverestore-support-check fail never pass test-armhf-armhf-xl-cubietruck 15 migrate-support-check fail never pass test-armhf-armhf-xl-cubietruck 16 saverestore-support-check fail never pass test-armhf-armhf-xl 15 migrate-support-check fail never pass test-armhf-armhf-xl 16 saverestore-support-check fail never pass test-armhf-armhf-libvirt-qcow2 14 migrate-support-check fail never pass test-armhf-armhf-libvirt-raw 14 migrate-support-check fail never pass test-armhf-armhf-xl-vhd 14 migrate-support-check fail never pass test-armhf-armhf-xl-vhd 15 saverestore-support-check fail never pass test-armhf-armhf-xl-arndale 15 migrate-support-check fail never pass test-armhf-armhf-xl-arndale 16 saverestore-support-check fail never pass version targeted for testing: linux 1d0da8674c23e8d65398c33a4d5018eaf02e1c64 baseline version: linux 6e150d605c9e21dbe939875c13e82da33fb59ed0 Last test of basis 173461 2022-10-07 17:40:12 Z 9 days Testing same since 173806 2022-10-15 06:14:51 Z 2 days 2 attempts ------------------------------------------------------------ People who touched revisions under test: Al Viro <[email protected]> Alexey Dobriyan (SK hynix) <[email protected]> Alexey Dobriyan <[email protected]> Andrew Chernyakov <[email protected]> Andrew Morton <[email protected]> Arnaldo Carvalho de Melo <[email protected]> Arnd Bergmann <[email protected]> Bjorn Andersson <[email protected]> Brian Norris <[email protected]> Cameron Gutman <[email protected]> ChanWoo Lee <[email protected]> Cleber de Mattos Casali <[email protected]> Cristian Marussi <[email protected]> David Gow <[email protected]> David S. Miller <[email protected]> Dmitry Torokhov <[email protected]> Dongliang Mu <[email protected]> Florian Fainelli <[email protected]> Frank Wunderlich <[email protected]> Greg Kroah-Hartman <[email protected]> Guenter Roeck <[email protected]> Haimin Zhang <[email protected]> Haimin Zhang <[email protected]> Hu Weiwen <[email protected]> Ilya Dryomov <[email protected]> Jann Horn <[email protected]> Jason A. Donenfeld <[email protected]> Jasper Poppe <[email protected]> Jeremy Palmer <[email protected]> Johan Hovold <[email protected]> Johannes Berg <[email protected]> Jon Hunter <[email protected]> Krzysztof Kozlowski <[email protected]> Kyle Gospodnetich <[email protected]> Letu Ren <[email protected]> Linus Torvalds <[email protected]> Linux Kernel Functional Testing <[email protected]> Lukas Straub <[email protected]> Martin K. Petersen <[email protected]> Mimi Zohar <[email protected]> Namhyung Kim <[email protected]> Orlando Chamberlain <[email protected]> Paul Webb <[email protected]> Pavel Rojtberg <[email protected]> Randy Dunlap <[email protected]> # build-tested Richard Weinberger <[email protected]> Ruineka <[email protected]> Ryusuke Konishi <[email protected]> Samuel Jiang <[email protected]> Sasha Levin <[email protected]> Saurav Kashyap <[email protected]> Sergei Antonov <[email protected]> Shuah Khan <[email protected]> Soenke Huster <[email protected]> Steven Price <[email protected]> Sudeep Holla <[email protected]> Sudip Mukherjee <[email protected]> Swati Agarwal <[email protected]> Sönke Huster <[email protected]> Tadeusz Struk <[email protected]> Takashi Iwai <[email protected]> Ulf Hansson <[email protected]> Vinod Koul <[email protected]> Wende Tan <[email protected]> Xiubo Li <[email protected]> jobs: build-amd64-xsm pass build-arm64-xsm pass build-i386-xsm pass build-amd64 pass build-arm64 pass build-armhf pass build-i386 pass build-amd64-libvirt pass build-arm64-libvirt pass build-armhf-libvirt pass build-i386-libvirt pass build-amd64-pvops pass build-arm64-pvops pass build-armhf-pvops pass build-i386-pvops pass test-amd64-amd64-xl pass test-amd64-coresched-amd64-xl pass test-arm64-arm64-xl pass test-armhf-armhf-xl pass test-amd64-i386-xl pass test-amd64-coresched-i386-xl pass test-amd64-amd64-libvirt-qemuu-debianhvm-amd64-xsm pass test-amd64-i386-libvirt-qemuu-debianhvm-amd64-xsm pass test-amd64-amd64-xl-qemut-stubdom-debianhvm-amd64-xsm pass test-amd64-i386-xl-qemut-stubdom-debianhvm-amd64-xsm pass test-amd64-amd64-xl-qemut-debianhvm-i386-xsm pass test-amd64-i386-xl-qemut-debianhvm-i386-xsm pass test-amd64-amd64-xl-qemuu-debianhvm-i386-xsm pass test-amd64-i386-xl-qemuu-debianhvm-i386-xsm pass test-amd64-amd64-libvirt-xsm pass test-arm64-arm64-libvirt-xsm pass test-amd64-i386-libvirt-xsm pass test-amd64-amd64-xl-xsm pass test-arm64-arm64-xl-xsm pass test-amd64-i386-xl-xsm pass test-amd64-amd64-qemuu-nested-amd fail test-amd64-amd64-xl-pvhv2-amd pass test-amd64-i386-qemut-rhel6hvm-amd pass test-amd64-i386-qemuu-rhel6hvm-amd pass test-amd64-amd64-dom0pvh-xl-amd pass test-amd64-amd64-xl-qemut-debianhvm-amd64 pass test-amd64-i386-xl-qemut-debianhvm-amd64 pass test-amd64-amd64-xl-qemuu-debianhvm-amd64 pass test-amd64-i386-xl-qemuu-debianhvm-amd64 pass test-amd64-i386-freebsd10-amd64 pass test-amd64-amd64-qemuu-freebsd11-amd64 pass test-amd64-amd64-qemuu-freebsd12-amd64 pass test-amd64-amd64-xl-qemuu-ovmf-amd64 pass test-amd64-i386-xl-qemuu-ovmf-amd64 pass test-amd64-amd64-xl-qemut-win7-amd64 fail test-amd64-i386-xl-qemut-win7-amd64 fail test-amd64-amd64-xl-qemuu-win7-amd64 fail test-amd64-i386-xl-qemuu-win7-amd64 fail test-amd64-amd64-xl-qemut-ws16-amd64 fail test-amd64-i386-xl-qemut-ws16-amd64 fail test-amd64-amd64-xl-qemuu-ws16-amd64 fail test-amd64-i386-xl-qemuu-ws16-amd64 fail test-armhf-armhf-xl-arndale pass test-amd64-amd64-examine-bios pass test-amd64-i386-examine-bios pass test-amd64-amd64-xl-credit1 pass test-arm64-arm64-xl-credit1 pass test-armhf-armhf-xl-credit1 fail test-amd64-amd64-xl-credit2 pass test-arm64-arm64-xl-credit2 pass test-armhf-armhf-xl-credit2 fail test-armhf-armhf-xl-cubietruck pass test-amd64-amd64-xl-qemuu-dmrestrict-amd64-dmrestrict pass test-amd64-i386-xl-qemuu-dmrestrict-amd64-dmrestrict pass test-amd64-amd64-examine pass test-arm64-arm64-examine pass test-armhf-armhf-examine pass test-amd64-i386-examine pass test-amd64-i386-freebsd10-i386 pass test-amd64-amd64-qemuu-nested-intel pass test-amd64-amd64-xl-pvhv2-intel pass test-amd64-i386-qemut-rhel6hvm-intel pass test-amd64-i386-qemuu-rhel6hvm-intel pass test-amd64-amd64-dom0pvh-xl-intel pass test-amd64-amd64-libvirt pass test-armhf-armhf-libvirt pass test-amd64-i386-libvirt pass test-amd64-amd64-xl-multivcpu pass test-armhf-armhf-xl-multivcpu fail test-amd64-amd64-pair pass test-amd64-i386-pair pass test-amd64-amd64-libvirt-pair pass test-amd64-i386-libvirt-pair pass test-amd64-amd64-xl-pvshim pass test-amd64-i386-xl-pvshim fail test-amd64-amd64-pygrub pass test-armhf-armhf-libvirt-qcow2 pass test-amd64-amd64-xl-qcow2 pass test-arm64-arm64-libvirt-raw pass test-armhf-armhf-libvirt-raw pass test-amd64-i386-libvirt-raw pass test-amd64-amd64-xl-rtds pass test-armhf-armhf-xl-rtds fail test-arm64-arm64-xl-seattle pass test-amd64-amd64-xl-qemuu-debianhvm-amd64-shadow pass test-amd64-i386-xl-qemuu-debianhvm-amd64-shadow pass test-amd64-amd64-xl-shadow pass test-amd64-i386-xl-shadow pass test-arm64-arm64-xl-thunderx pass test-amd64-amd64-examine-uefi pass test-amd64-i386-examine-uefi pass test-amd64-amd64-libvirt-vhd pass test-arm64-arm64-xl-vhd pass test-armhf-armhf-xl-vhd pass test-amd64-i386-xl-vhd pass ------------------------------------------------------------ sg-report-flight on osstest.test-lab.xenproject.org logs: /home/logs/logs images: /home/logs/images Logs, config files, etc. are available at http://logs.test-lab.xenproject.org/osstest/logs Explanation of these reports, and of osstest in general, is at http://xenbits.xen.org/gitweb/?p=osstest.git;a=blob;f=README.email;hb=master http://xenbits.xen.org/gitweb/?p=osstest.git;a=blob;f=README;hb=master Test harness code can be found at http://xenbits.xen.org/gitweb?p=osstest.git;a=summary Pushing revision : hint: The 'hooks/update' hook was ignored because it's not set as executable. hint: You can disable this warning with `git config advice.ignoredHook false`. hint: The 'hooks/post-receive' hook was ignored because it's not set as executable. hint: You can disable this warning with `git config advice.ignoredHook false`. hint: The 'hooks/post-update' hook was ignored because it's not set as executable. hint: You can disable this warning with `git config advice.ignoredHook false`. To xenbits.xen.org:/home/xen/git/linux-pvops.git 6e150d605c9e..1d0da8674c23 1d0da8674c23e8d65398c33a4d5018eaf02e1c64 -> tested/linux-5.4
