flight 173353 linux-5.4 real [real]
flight 173359 linux-5.4 real-retest [real]
http://logs.test-lab.xenproject.org/osstest/logs/173353/
http://logs.test-lab.xenproject.org/osstest/logs/173359/

Failures :-/ but no regressions.

Tests which are failing intermittently (not blocking):
 test-amd64-i386-libvirt-pair 11 xen-install/dst_host fail in 173359 pass in 
173353
 test-amd64-i386-libvirt-pair 10 xen-install/src_host fail pass in 173359-retest
 test-armhf-armhf-libvirt-qcow2 13 guest-start       fail pass in 173359-retest
 test-amd64-amd64-xl-qemut-debianhvm-i386-xsm 12 debian-hvm-install fail pass 
in 173359-retest

Tests which did not succeed, but are not blocking:
 test-armhf-armhf-xl-credit2 18 guest-start/debian.repeat fail blocked in 173260
 test-armhf-armhf-xl-credit1 18 guest-start/debian.repeat fail blocked in 173260
 test-armhf-armhf-xl-multivcpu 19 guest-start.2          fail blocked in 173260
 test-armhf-armhf-libvirt-qcow2 15 saverestore-support-check fail in 173359 
like 173260
 test-armhf-armhf-libvirt-qcow2 14 migrate-support-check fail in 173359 never 
pass
 test-amd64-amd64-xl-qemuu-win7-amd64 19 guest-stop            fail like 173260
 test-armhf-armhf-xl-rtds     18 guest-start/debian.repeat    fail  like 173260
 test-amd64-amd64-xl-qemut-win7-amd64 19 guest-stop            fail like 173260
 test-amd64-i386-xl-qemut-win7-amd64 19 guest-stop             fail like 173260
 test-amd64-i386-xl-qemuu-win7-amd64 19 guest-stop             fail like 173260
 test-amd64-amd64-xl-qemuu-ws16-amd64 19 guest-stop            fail like 173260
 test-amd64-i386-xl-qemut-ws16-amd64 19 guest-stop             fail like 173260
 test-armhf-armhf-libvirt-raw 15 saverestore-support-check    fail  like 173260
 test-armhf-armhf-libvirt     16 saverestore-support-check    fail  like 173260
 test-amd64-amd64-qemuu-nested-amd 20 debian-hvm-install/l1/l2 fail like 173260
 test-amd64-amd64-xl-qemut-ws16-amd64 19 guest-stop            fail like 173260
 test-amd64-i386-xl-qemuu-ws16-amd64 19 guest-stop             fail like 173260
 test-amd64-i386-xl-pvshim    14 guest-start                  fail   never pass
 test-amd64-amd64-libvirt-xsm 15 migrate-support-check        fail   never pass
 test-arm64-arm64-xl-seattle  15 migrate-support-check        fail   never pass
 test-arm64-arm64-xl-seattle  16 saverestore-support-check    fail   never pass
 test-amd64-i386-libvirt      15 migrate-support-check        fail   never pass
 test-amd64-amd64-libvirt     15 migrate-support-check        fail   never pass
 test-amd64-i386-libvirt-qemuu-debianhvm-amd64-xsm 13 migrate-support-check 
fail never pass
 test-armhf-armhf-xl-credit2  15 migrate-support-check        fail   never pass
 test-armhf-armhf-xl-credit2  16 saverestore-support-check    fail   never pass
 test-arm64-arm64-xl-credit1  15 migrate-support-check        fail   never pass
 test-arm64-arm64-xl-credit1  16 saverestore-support-check    fail   never pass
 test-arm64-arm64-xl          15 migrate-support-check        fail   never pass
 test-arm64-arm64-xl          16 saverestore-support-check    fail   never pass
 test-armhf-armhf-xl-multivcpu 15 migrate-support-check        fail  never pass
 test-armhf-armhf-xl-multivcpu 16 saverestore-support-check    fail  never pass
 test-arm64-arm64-libvirt-xsm 15 migrate-support-check        fail   never pass
 test-arm64-arm64-libvirt-xsm 16 saverestore-support-check    fail   never pass
 test-arm64-arm64-xl-xsm      15 migrate-support-check        fail   never pass
 test-arm64-arm64-xl-xsm      16 saverestore-support-check    fail   never pass
 test-arm64-arm64-xl-credit2  15 migrate-support-check        fail   never pass
 test-arm64-arm64-xl-credit2  16 saverestore-support-check    fail   never pass
 test-arm64-arm64-xl-thunderx 15 migrate-support-check        fail   never pass
 test-arm64-arm64-xl-thunderx 16 saverestore-support-check    fail   never pass
 test-amd64-i386-libvirt-xsm  15 migrate-support-check        fail   never pass
 test-amd64-amd64-libvirt-qemuu-debianhvm-amd64-xsm 13 migrate-support-check 
fail never pass
 test-armhf-armhf-xl-arndale  15 migrate-support-check        fail   never pass
 test-armhf-armhf-xl-arndale  16 saverestore-support-check    fail   never pass
 test-armhf-armhf-xl-credit1  15 migrate-support-check        fail   never pass
 test-armhf-armhf-xl-credit1  16 saverestore-support-check    fail   never pass
 test-armhf-armhf-xl-rtds     15 migrate-support-check        fail   never pass
 test-armhf-armhf-xl-rtds     16 saverestore-support-check    fail   never pass
 test-amd64-amd64-libvirt-vhd 14 migrate-support-check        fail   never pass
 test-amd64-i386-libvirt-raw  14 migrate-support-check        fail   never pass
 test-arm64-arm64-libvirt-raw 14 migrate-support-check        fail   never pass
 test-arm64-arm64-libvirt-raw 15 saverestore-support-check    fail   never pass
 test-arm64-arm64-xl-vhd      14 migrate-support-check        fail   never pass
 test-arm64-arm64-xl-vhd      15 saverestore-support-check    fail   never pass
 test-armhf-armhf-xl          15 migrate-support-check        fail   never pass
 test-armhf-armhf-xl          16 saverestore-support-check    fail   never pass
 test-armhf-armhf-xl-cubietruck 15 migrate-support-check        fail never pass
 test-armhf-armhf-xl-cubietruck 16 saverestore-support-check    fail never pass
 test-armhf-armhf-libvirt-raw 14 migrate-support-check        fail   never pass
 test-armhf-armhf-libvirt     15 migrate-support-check        fail   never pass
 test-armhf-armhf-xl-vhd      14 migrate-support-check        fail   never pass
 test-armhf-armhf-xl-vhd      15 saverestore-support-check    fail   never pass

version targeted for testing:
 linux                6215647d9699cb8f1bf7333ec849242c4a9cf9a6
baseline version:
 linux                9f02aa34e179d1b0185a27980dd5bafd0f2e6e59

Last test of basis   173260  2022-09-20 10:44:01 Z    8 days
Testing same since   173353  2022-09-28 09:15:02 Z    0 days    1 attempts

------------------------------------------------------------
People who touched revisions under test:
  Adrian Hunter <[email protected]>
  Alan Stern <[email protected]>
  Alex Deucher <[email protected]>
  Alexander Sverdlin <[email protected]>
  Andrii Staikov <[email protected]>
  Ard Biesheuvel <[email protected]>
  Arnaldo Carvalho de Melo <[email protected]>
  Bartosz Golaszewski <[email protected]>
  Benjamin Poirier <[email protected]>
  Bharathi Sreenivas <[email protected]>
  Bjørn Mork <[email protected]>
  Borislav Petkov <[email protected]>
  Brett Creeley <[email protected]>
  Brian Foster <[email protected]>
  Brian Norris <[email protected]>
  Callum Osmotherly <[email protected]>
  Carl Yin <[email protected]>
  Carl Yin(殷张成) <[email protected]>
  Chandan Babu R <[email protected]>
  Chao Yu <[email protected]>
  Christoph Hellwig <[email protected]>
  Chunfeng Yun <[email protected]>
  Codrin Ciubotariu <[email protected]>
  [email protected] <[email protected]>
  Daniel Dao <[email protected]>
  Daniel Wheeler <[email protected]>
  Darrick J. Wong <[email protected]>
  Darrick J. Wong <[email protected]>
  Dave Chinner <[email protected]>
  David Howells <[email protected]>
  David Leadbeater <[email protected]>
  David Rientjes <[email protected]>
  David S. Miller <[email protected]>
  Fabio Estevam <[email protected]>
  Felipe Balbi <[email protected]>
  Florian Fainelli <[email protected]>
  Florian Westphal <[email protected]>
  Greg Kroah-Hartman <[email protected]>
  Guenter Roeck <[email protected]>
  Hamza Mahfooz <[email protected]>
  Hangyu Hua <[email protected]>
  Heiko Stuebner <[email protected]>
  Helge Deller <[email protected]>
  huangwenhui <[email protected]>
  Hulk Robot <[email protected]>
  Hyunwoo Kim <[email protected]>
  Igor Ryzhov <[email protected]>
  Ikjoon Jang <[email protected]>
  Ilpo Järvinen <[email protected]>
  Jakub Kicinski <[email protected]>
  Jan Kara <[email protected]>
  Jean-Francois Le Fillatre <[email protected]>
  Jens Axboe <[email protected]>
  jerry meng <[email protected]>
  jerry.meng <[email protected]>
  Johan Hovold <[email protected]>
  Johannes Berg <[email protected]>
  Jon Hunter <[email protected]>
  Kai Vehmanen <[email protected]>
  kaixuxia <[email protected]>
  kaixuxia <[email protected]>
  Keguang Zhang <[email protected]>
  Konrad Jankowski <[email protected]>
  Leo Yan <[email protected]>
  Liang He <[email protected]>
  Lieven Hey <[email protected]>
  Lino Sanfilippo <[email protected]>
  Linus Torvalds <[email protected]>
  Linux Kernel Functional Testing <[email protected]>
  Lu Wei <[email protected]>
  Luke D. Jones <[email protected]>
  Luís Henriques <[email protected]>
  Marc Kleine-Budde <[email protected]>
  Mark Brown <[email protected]>
  Masahiro Yamada <[email protected]>
  Mateusz Palczewski <[email protected]>
  Miaoqian Lin <[email protected]>
  Michal Jaron <[email protected]>
  Mohan Kumar <[email protected]>
  Namhyung Kim <[email protected]>
  Nathan Huckleberry <[email protected]>
  Neil Armstrong <[email protected]>
  Norbert Zulinski <[email protected]>
  Ojaswin Mujoo <[email protected]>
  Pablo Neira Ayuso <[email protected]>
  Pali Rohár <[email protected]>
  Paolo Abeni <[email protected]>
  Pavle Kotarac <[email protected]>
  Pawel Laszczak <[email protected]>
  Peter Chen <[email protected]>
  Peter Zijlstra (Intel) <[email protected]>
  Piyush Mehta <[email protected]>
  Randy Dunlap <[email protected]>
  Richard Genoud <[email protected]>
  Rob Herring <[email protected]>
  Ronnie Sahlberg <[email protected]>
  Sasha Levin <[email protected]>
  Sean Anderson <[email protected]>
  Serge Semin <[email protected]>
  Sergey Shtylyov <[email protected]>
  Sergiu Moga <[email protected]>
  Shuah Khan <[email protected]>
  Siddh Raman Pant <[email protected]>
  Stefan Haberland <[email protected]>
  Stefan Metzmacher <[email protected]>
  Stefan Wahren <[email protected]>
  Steve French <[email protected]>
  Steven Rostedt (Google) <[email protected]>
  Stuart Menefy <[email protected]>
  Sudip Mukherjee <[email protected]>
  Takashi Iwai <[email protected]>
  Tejun Heo <[email protected]>
  Tetsuo Handa <[email protected]>
  Theodore Ts'o <[email protected]>
  Thinh Nguyen <[email protected]>
  Thomas Bogendoerfer <[email protected]>
  Tony Nguyen <[email protected]>
  Trond Myklebust <[email protected]>
  Vitaly Kuznetsov <[email protected]>
  Vladimir Oltean <[email protected]>
  Vlastimil Babka <[email protected]>
  Wei Liu <[email protected]>
  Wesley Cheng <[email protected]>
  Wesley Cheng <[email protected]>
  Xiaolei Wang <[email protected]>
  Yang Yingliang <[email protected]>
  Yao Wang1 <[email protected]>
  Yipeng Zou <[email protected]>
  Youling Tang <[email protected]>
  zain wang <[email protected]>

jobs:
 build-amd64-xsm                                              pass    
 build-arm64-xsm                                              pass    
 build-i386-xsm                                               pass    
 build-amd64                                                  pass    
 build-arm64                                                  pass    
 build-armhf                                                  pass    
 build-i386                                                   pass    
 build-amd64-libvirt                                          pass    
 build-arm64-libvirt                                          pass    
 build-armhf-libvirt                                          pass    
 build-i386-libvirt                                           pass    
 build-amd64-pvops                                            pass    
 build-arm64-pvops                                            pass    
 build-armhf-pvops                                            pass    
 build-i386-pvops                                             pass    
 test-amd64-amd64-xl                                          pass    
 test-amd64-coresched-amd64-xl                                pass    
 test-arm64-arm64-xl                                          pass    
 test-armhf-armhf-xl                                          pass    
 test-amd64-i386-xl                                           pass    
 test-amd64-coresched-i386-xl                                 pass    
 test-amd64-amd64-libvirt-qemuu-debianhvm-amd64-xsm           pass    
 test-amd64-i386-libvirt-qemuu-debianhvm-amd64-xsm            pass    
 test-amd64-amd64-xl-qemut-stubdom-debianhvm-amd64-xsm        pass    
 test-amd64-i386-xl-qemut-stubdom-debianhvm-amd64-xsm         pass    
 test-amd64-amd64-xl-qemut-debianhvm-i386-xsm                 fail    
 test-amd64-i386-xl-qemut-debianhvm-i386-xsm                  pass    
 test-amd64-amd64-xl-qemuu-debianhvm-i386-xsm                 pass    
 test-amd64-i386-xl-qemuu-debianhvm-i386-xsm                  pass    
 test-amd64-amd64-libvirt-xsm                                 pass    
 test-arm64-arm64-libvirt-xsm                                 pass    
 test-amd64-i386-libvirt-xsm                                  pass    
 test-amd64-amd64-xl-xsm                                      pass    
 test-arm64-arm64-xl-xsm                                      pass    
 test-amd64-i386-xl-xsm                                       pass    
 test-amd64-amd64-qemuu-nested-amd                            fail    
 test-amd64-amd64-xl-pvhv2-amd                                pass    
 test-amd64-i386-qemut-rhel6hvm-amd                           pass    
 test-amd64-i386-qemuu-rhel6hvm-amd                           pass    
 test-amd64-amd64-dom0pvh-xl-amd                              pass    
 test-amd64-amd64-xl-qemut-debianhvm-amd64                    pass    
 test-amd64-i386-xl-qemut-debianhvm-amd64                     pass    
 test-amd64-amd64-xl-qemuu-debianhvm-amd64                    pass    
 test-amd64-i386-xl-qemuu-debianhvm-amd64                     pass    
 test-amd64-i386-freebsd10-amd64                              pass    
 test-amd64-amd64-qemuu-freebsd11-amd64                       pass    
 test-amd64-amd64-qemuu-freebsd12-amd64                       pass    
 test-amd64-amd64-xl-qemuu-ovmf-amd64                         pass    
 test-amd64-i386-xl-qemuu-ovmf-amd64                          pass    
 test-amd64-amd64-xl-qemut-win7-amd64                         fail    
 test-amd64-i386-xl-qemut-win7-amd64                          fail    
 test-amd64-amd64-xl-qemuu-win7-amd64                         fail    
 test-amd64-i386-xl-qemuu-win7-amd64                          fail    
 test-amd64-amd64-xl-qemut-ws16-amd64                         fail    
 test-amd64-i386-xl-qemut-ws16-amd64                          fail    
 test-amd64-amd64-xl-qemuu-ws16-amd64                         fail    
 test-amd64-i386-xl-qemuu-ws16-amd64                          fail    
 test-armhf-armhf-xl-arndale                                  pass    
 test-amd64-amd64-examine-bios                                pass    
 test-amd64-i386-examine-bios                                 pass    
 test-amd64-amd64-xl-credit1                                  pass    
 test-arm64-arm64-xl-credit1                                  pass    
 test-armhf-armhf-xl-credit1                                  fail    
 test-amd64-amd64-xl-credit2                                  pass    
 test-arm64-arm64-xl-credit2                                  pass    
 test-armhf-armhf-xl-credit2                                  fail    
 test-armhf-armhf-xl-cubietruck                               pass    
 test-amd64-amd64-xl-qemuu-dmrestrict-amd64-dmrestrict        pass    
 test-amd64-i386-xl-qemuu-dmrestrict-amd64-dmrestrict         pass    
 test-amd64-amd64-examine                                     pass    
 test-arm64-arm64-examine                                     pass    
 test-armhf-armhf-examine                                     pass    
 test-amd64-i386-examine                                      pass    
 test-amd64-i386-freebsd10-i386                               pass    
 test-amd64-amd64-qemuu-nested-intel                          pass    
 test-amd64-amd64-xl-pvhv2-intel                              pass    
 test-amd64-i386-qemut-rhel6hvm-intel                         pass    
 test-amd64-i386-qemuu-rhel6hvm-intel                         pass    
 test-amd64-amd64-dom0pvh-xl-intel                            pass    
 test-amd64-amd64-libvirt                                     pass    
 test-armhf-armhf-libvirt                                     pass    
 test-amd64-i386-libvirt                                      pass    
 test-amd64-amd64-xl-multivcpu                                pass    
 test-armhf-armhf-xl-multivcpu                                fail    
 test-amd64-amd64-pair                                        pass    
 test-amd64-i386-pair                                         pass    
 test-amd64-amd64-libvirt-pair                                pass    
 test-amd64-i386-libvirt-pair                                 fail    
 test-amd64-amd64-xl-pvshim                                   pass    
 test-amd64-i386-xl-pvshim                                    fail    
 test-amd64-amd64-pygrub                                      pass    
 test-armhf-armhf-libvirt-qcow2                               fail    
 test-amd64-amd64-xl-qcow2                                    pass    
 test-arm64-arm64-libvirt-raw                                 pass    
 test-armhf-armhf-libvirt-raw                                 pass    
 test-amd64-i386-libvirt-raw                                  pass    
 test-amd64-amd64-xl-rtds                                     pass    
 test-armhf-armhf-xl-rtds                                     fail    
 test-arm64-arm64-xl-seattle                                  pass    
 test-amd64-amd64-xl-qemuu-debianhvm-amd64-shadow             pass    
 test-amd64-i386-xl-qemuu-debianhvm-amd64-shadow              pass    
 test-amd64-amd64-xl-shadow                                   pass    
 test-amd64-i386-xl-shadow                                    pass    
 test-arm64-arm64-xl-thunderx                                 pass    
 test-amd64-amd64-examine-uefi                                pass    
 test-amd64-i386-examine-uefi                                 pass    
 test-amd64-amd64-libvirt-vhd                                 pass    
 test-arm64-arm64-xl-vhd                                      pass    
 test-armhf-armhf-xl-vhd                                      pass    
 test-amd64-i386-xl-vhd                                       pass    


------------------------------------------------------------
sg-report-flight on osstest.test-lab.xenproject.org
logs: /home/logs/logs
images: /home/logs/images

Logs, config files, etc. are available at
    http://logs.test-lab.xenproject.org/osstest/logs

Explanation of these reports, and of osstest in general, is at
    http://xenbits.xen.org/gitweb/?p=osstest.git;a=blob;f=README.email;hb=master
    http://xenbits.xen.org/gitweb/?p=osstest.git;a=blob;f=README;hb=master

Test harness code can be found at
    http://xenbits.xen.org/gitweb?p=osstest.git;a=summary


Pushing revision :

hint: The 'hooks/update' hook was ignored because it's not set as executable.
hint: You can disable this warning with `git config advice.ignoredHook false`.
hint: The 'hooks/post-receive' hook was ignored because it's not set as 
executable.
hint: You can disable this warning with `git config advice.ignoredHook false`.
hint: The 'hooks/post-update' hook was ignored because it's not set as 
executable.
hint: You can disable this warning with `git config advice.ignoredHook false`.
To xenbits.xen.org:/home/xen/git/linux-pvops.git
   9f02aa34e179..6215647d9699  6215647d9699cb8f1bf7333ec849242c4a9cf9a6 -> 
tested/linux-5.4

Reply via email to