flight 173296 linux-linus real [real]
flight 173299 linux-linus real-retest [real]
http://logs.test-lab.xenproject.org/osstest/logs/173296/
http://logs.test-lab.xenproject.org/osstest/logs/173299/

Failures :-/ but no regressions.

Tests which are failing intermittently (not blocking):
 test-armhf-armhf-libvirt      8 xen-boot            fail pass in 173299-retest

Tests which did not succeed, but are not blocking:
 test-armhf-armhf-libvirt 16 saverestore-support-check fail in 173299 like 
173283
 test-armhf-armhf-libvirt    15 migrate-support-check fail in 173299 never pass
 test-amd64-amd64-xl-qemut-win7-amd64 19 guest-stop            fail like 173283
 test-amd64-amd64-xl-qemuu-ws16-amd64 19 guest-stop            fail like 173283
 test-amd64-amd64-qemuu-nested-amd 20 debian-hvm-install/l1/l2 fail like 173283
 test-amd64-amd64-xl-qemuu-win7-amd64 19 guest-stop            fail like 173283
 test-armhf-armhf-libvirt-qcow2 15 saverestore-support-check   fail like 173283
 test-armhf-armhf-xl-rtds     18 guest-start/debian.repeat    fail  like 173283
 test-armhf-armhf-libvirt-raw 15 saverestore-support-check    fail  like 173283
 test-amd64-amd64-xl-qemut-ws16-amd64 19 guest-stop            fail like 173283
 test-arm64-arm64-xl-seattle  15 migrate-support-check        fail   never pass
 test-arm64-arm64-xl-seattle  16 saverestore-support-check    fail   never pass
 test-amd64-amd64-libvirt-xsm 15 migrate-support-check        fail   never pass
 test-amd64-amd64-libvirt     15 migrate-support-check        fail   never pass
 test-arm64-arm64-xl-xsm      15 migrate-support-check        fail   never pass
 test-arm64-arm64-xl-xsm      16 saverestore-support-check    fail   never pass
 test-arm64-arm64-xl          15 migrate-support-check        fail   never pass
 test-arm64-arm64-xl          16 saverestore-support-check    fail   never pass
 test-arm64-arm64-libvirt-xsm 15 migrate-support-check        fail   never pass
 test-arm64-arm64-libvirt-xsm 16 saverestore-support-check    fail   never pass
 test-arm64-arm64-xl-credit2  15 migrate-support-check        fail   never pass
 test-arm64-arm64-xl-credit2  16 saverestore-support-check    fail   never pass
 test-arm64-arm64-xl-thunderx 15 migrate-support-check        fail   never pass
 test-arm64-arm64-xl-thunderx 16 saverestore-support-check    fail   never pass
 test-arm64-arm64-xl-credit1  15 migrate-support-check        fail   never pass
 test-arm64-arm64-xl-credit1  16 saverestore-support-check    fail   never pass
 test-amd64-amd64-libvirt-qemuu-debianhvm-amd64-xsm 13 migrate-support-check 
fail never pass
 test-amd64-amd64-libvirt-qcow2 14 migrate-support-check        fail never pass
 test-amd64-amd64-libvirt-raw 14 migrate-support-check        fail   never pass
 test-arm64-arm64-libvirt-raw 14 migrate-support-check        fail   never pass
 test-arm64-arm64-libvirt-raw 15 saverestore-support-check    fail   never pass
 test-arm64-arm64-xl-vhd      14 migrate-support-check        fail   never pass
 test-arm64-arm64-xl-vhd      15 saverestore-support-check    fail   never pass
 test-armhf-armhf-xl-multivcpu 15 migrate-support-check        fail  never pass
 test-armhf-armhf-xl-multivcpu 16 saverestore-support-check    fail  never pass
 test-armhf-armhf-xl-cubietruck 15 migrate-support-check        fail never pass
 test-armhf-armhf-xl-cubietruck 16 saverestore-support-check    fail never pass
 test-armhf-armhf-xl-credit1  15 migrate-support-check        fail   never pass
 test-armhf-armhf-xl-credit1  16 saverestore-support-check    fail   never pass
 test-armhf-armhf-xl-credit2  15 migrate-support-check        fail   never pass
 test-armhf-armhf-xl-credit2  16 saverestore-support-check    fail   never pass
 test-armhf-armhf-libvirt-qcow2 14 migrate-support-check        fail never pass
 test-armhf-armhf-xl-rtds     15 migrate-support-check        fail   never pass
 test-armhf-armhf-xl-rtds     16 saverestore-support-check    fail   never pass
 test-armhf-armhf-xl-arndale  15 migrate-support-check        fail   never pass
 test-armhf-armhf-xl-arndale  16 saverestore-support-check    fail   never pass
 test-armhf-armhf-libvirt-raw 14 migrate-support-check        fail   never pass
 test-armhf-armhf-xl-vhd      14 migrate-support-check        fail   never pass
 test-armhf-armhf-xl-vhd      15 saverestore-support-check    fail   never pass
 test-armhf-armhf-xl          15 migrate-support-check        fail   never pass
 test-armhf-armhf-xl          16 saverestore-support-check    fail   never pass

version targeted for testing:
 linux                1707c39ae309bf91965aa6f04d63816a090d90a1
baseline version:
 linux                bf682942cd26ce9cd5e87f73ae099b383041e782

Last test of basis   173283  2022-09-23 01:11:09 Z    0 days
Testing same since   173296  2022-09-23 16:41:26 Z    0 days    1 attempts

------------------------------------------------------------
People who touched revisions under test:
  Al Viro <[email protected]>
  Alan Stern <[email protected]>
  Alex Deucher <[email protected]>
  Allen-KH Cheng <[email protected]>
  Alvin Lee <[email protected]>
  Andi Shyti <[email protected]>
  AngeloGioacchino Del Regno <[email protected]>
  Carl Yin <[email protected]>
  Carl Yin(殷张成) <[email protected]>
  Catalin Marinas <[email protected]>
  Charlene Liu <[email protected]>
  Chen-Yu Tsai <[email protected]>
  Chris Park <[email protected]>
  Chris Wilson <[email protected]>
  Christian Borntraeger <[email protected]>
  Chun-Kuang Hu <[email protected]>
  Conor Dooley <[email protected]>
  Cruise Hung <[email protected]>
  Daniel Miess <[email protected]>
  Daniel Wheeler <[email protected]>
  Dave Airlie <[email protected]>
  Dmytro Laktyushkin <[email protected]>
  Dr. David Alan Gilbert <[email protected]>
  Evan Quan <[email protected]>
  Fabio Estevam <[email protected]>
  George Shen <[email protected]>
  Gil Fine <[email protected]>
  Greg Kroah-Hartman <[email protected]>
  Guchun Chen <[email protected]>
  Heikki Krogerus <[email protected]>
  Heiko Schocher <[email protected]>
  Heiko Stuebner <[email protected]>
  Hsin-Yi Wang <[email protected]>
  Hugo Hu <[email protected]>
  Janis Schoetterl-Glausch <[email protected]>
  Janosch Frank <[email protected]>
  Janusz Krzysztofik <[email protected]>
  Javier Martinez Canillas <[email protected]>
  jerry meng <[email protected]>
  Jinrong Liang <[email protected]>
  Johan Hovold <[email protected]>
  Juergen Gross <[email protected]>
  Leo Li <[email protected]>
  Linus Torvalds <[email protected]>
  Marc Zyngier <[email protected]>
  Marek Vasut <[email protected]>
  Matthew Rosato <[email protected]>
  Maíra Canal <[email protected]>
  Meenakshikumar Somasundaram <[email protected]>
  Miaohe Lin <[email protected]>
  Michael Strauss <[email protected]>
  Mickaël Salaün <[email protected]>
  Mika Westerberg <[email protected]>
  Mukul Joshi <[email protected]>
  Nathan Chancellor <[email protected]>
  Nicholas Kazlauskas <[email protected]>
  Nico Boehr <[email protected]>
  Nícolas F. R. A. Prado <[email protected]>
  Palmer Dabbelt <[email protected]>
  Paolo Bonzini <[email protected]>
  Phil Auld <[email protected]>
  Randy Dunlap <[email protected]>
  Ren Zhijie <[email protected]>
  Rodrigo Vivi <[email protected]>
  Sean Christopherson <[email protected]>
  Thomas Zimmermann <[email protected]>
  Wang Yugui <[email protected]>
  Wayne Lin <[email protected]>
  William Wu <[email protected]>
  Yifan Zhang <[email protected]>
  Yongqiang Niu <[email protected]>
  Yury Norov <[email protected]>
  Zenghui Yu <[email protected]>
  zhikzhai <[email protected]>

jobs:
 build-amd64-xsm                                              pass    
 build-arm64-xsm                                              pass    
 build-i386-xsm                                               pass    
 build-amd64                                                  pass    
 build-arm64                                                  pass    
 build-armhf                                                  pass    
 build-i386                                                   pass    
 build-amd64-libvirt                                          pass    
 build-arm64-libvirt                                          pass    
 build-armhf-libvirt                                          pass    
 build-i386-libvirt                                           pass    
 build-amd64-pvops                                            pass    
 build-arm64-pvops                                            pass    
 build-armhf-pvops                                            pass    
 build-i386-pvops                                             pass    
 test-amd64-amd64-xl                                          pass    
 test-amd64-coresched-amd64-xl                                pass    
 test-arm64-arm64-xl                                          pass    
 test-armhf-armhf-xl                                          pass    
 test-amd64-amd64-libvirt-qemuu-debianhvm-amd64-xsm           pass    
 test-amd64-amd64-xl-qemut-stubdom-debianhvm-amd64-xsm        pass    
 test-amd64-amd64-xl-qemut-debianhvm-i386-xsm                 pass    
 test-amd64-amd64-xl-qemuu-debianhvm-i386-xsm                 pass    
 test-amd64-amd64-libvirt-xsm                                 pass    
 test-arm64-arm64-libvirt-xsm                                 pass    
 test-amd64-amd64-xl-xsm                                      pass    
 test-arm64-arm64-xl-xsm                                      pass    
 test-amd64-amd64-qemuu-nested-amd                            fail    
 test-amd64-amd64-xl-pvhv2-amd                                pass    
 test-amd64-amd64-dom0pvh-xl-amd                              pass    
 test-amd64-amd64-xl-qemut-debianhvm-amd64                    pass    
 test-amd64-amd64-xl-qemuu-debianhvm-amd64                    pass    
 test-amd64-amd64-freebsd11-amd64                             pass    
 test-amd64-amd64-freebsd12-amd64                             pass    
 test-amd64-amd64-xl-qemuu-ovmf-amd64                         pass    
 test-amd64-amd64-xl-qemut-win7-amd64                         fail    
 test-amd64-amd64-xl-qemuu-win7-amd64                         fail    
 test-amd64-amd64-xl-qemut-ws16-amd64                         fail    
 test-amd64-amd64-xl-qemuu-ws16-amd64                         fail    
 test-armhf-armhf-xl-arndale                                  pass    
 test-amd64-amd64-examine-bios                                pass    
 test-amd64-amd64-xl-credit1                                  pass    
 test-arm64-arm64-xl-credit1                                  pass    
 test-armhf-armhf-xl-credit1                                  pass    
 test-amd64-amd64-xl-credit2                                  pass    
 test-arm64-arm64-xl-credit2                                  pass    
 test-armhf-armhf-xl-credit2                                  pass    
 test-armhf-armhf-xl-cubietruck                               pass    
 test-amd64-amd64-xl-qemuu-dmrestrict-amd64-dmrestrict        pass    
 test-amd64-amd64-examine                                     pass    
 test-arm64-arm64-examine                                     pass    
 test-armhf-armhf-examine                                     pass    
 test-amd64-amd64-qemuu-nested-intel                          pass    
 test-amd64-amd64-xl-pvhv2-intel                              pass    
 test-amd64-amd64-dom0pvh-xl-intel                            pass    
 test-amd64-amd64-libvirt                                     pass    
 test-armhf-armhf-libvirt                                     fail    
 test-amd64-amd64-xl-multivcpu                                pass    
 test-armhf-armhf-xl-multivcpu                                pass    
 test-amd64-amd64-pair                                        pass    
 test-amd64-amd64-libvirt-pair                                pass    
 test-amd64-amd64-xl-pvshim                                   pass    
 test-amd64-amd64-pygrub                                      pass    
 test-amd64-amd64-libvirt-qcow2                               pass    
 test-armhf-armhf-libvirt-qcow2                               pass    
 test-amd64-amd64-libvirt-raw                                 pass    
 test-arm64-arm64-libvirt-raw                                 pass    
 test-armhf-armhf-libvirt-raw                                 pass    
 test-amd64-amd64-xl-rtds                                     pass    
 test-armhf-armhf-xl-rtds                                     fail    
 test-arm64-arm64-xl-seattle                                  pass    
 test-amd64-amd64-xl-qemuu-debianhvm-amd64-shadow             pass    
 test-amd64-amd64-xl-shadow                                   pass    
 test-arm64-arm64-xl-thunderx                                 pass    
 test-amd64-amd64-examine-uefi                                pass    
 test-amd64-amd64-xl-vhd                                      pass    
 test-arm64-arm64-xl-vhd                                      pass    
 test-armhf-armhf-xl-vhd                                      pass    


------------------------------------------------------------
sg-report-flight on osstest.test-lab.xenproject.org
logs: /home/logs/logs
images: /home/logs/images

Logs, config files, etc. are available at
    http://logs.test-lab.xenproject.org/osstest/logs

Explanation of these reports, and of osstest in general, is at
    http://xenbits.xen.org/gitweb/?p=osstest.git;a=blob;f=README.email;hb=master
    http://xenbits.xen.org/gitweb/?p=osstest.git;a=blob;f=README;hb=master

Test harness code can be found at
    http://xenbits.xen.org/gitweb?p=osstest.git;a=summary


Pushing revision :

hint: The 'hooks/update' hook was ignored because it's not set as executable.
hint: You can disable this warning with `git config advice.ignoredHook false`.
hint: The 'hooks/post-receive' hook was ignored because it's not set as 
executable.
hint: You can disable this warning with `git config advice.ignoredHook false`.
hint: The 'hooks/post-update' hook was ignored because it's not set as 
executable.
hint: You can disable this warning with `git config advice.ignoredHook false`.
To xenbits.xen.org:/home/xen/git/linux-pvops.git
   bf682942cd26..1707c39ae309  1707c39ae309bf91965aa6f04d63816a090d90a1 -> 
tested/linux-linus

Reply via email to