flight 173279 linux-linus real [real]
http://logs.test-lab.xenproject.org/osstest/logs/173279/

Failures :-/ but no regressions.

Tests which did not succeed, but are not blocking:
 test-amd64-amd64-xl-qemut-win7-amd64 19 guest-stop            fail like 173271
 test-armhf-armhf-libvirt     16 saverestore-support-check    fail  like 173271
 test-amd64-amd64-xl-qemuu-ws16-amd64 19 guest-stop            fail like 173271
 test-amd64-amd64-qemuu-nested-amd 20 debian-hvm-install/l1/l2 fail like 173271
 test-amd64-amd64-xl-qemuu-win7-amd64 19 guest-stop            fail like 173271
 test-armhf-armhf-libvirt-qcow2 15 saverestore-support-check   fail like 173271
 test-armhf-armhf-libvirt-raw 15 saverestore-support-check    fail  like 173271
 test-amd64-amd64-xl-qemut-ws16-amd64 19 guest-stop            fail like 173271
 test-arm64-arm64-xl-seattle  15 migrate-support-check        fail   never pass
 test-arm64-arm64-xl-seattle  16 saverestore-support-check    fail   never pass
 test-amd64-amd64-libvirt-xsm 15 migrate-support-check        fail   never pass
 test-amd64-amd64-libvirt     15 migrate-support-check        fail   never pass
 test-arm64-arm64-libvirt-xsm 15 migrate-support-check        fail   never pass
 test-arm64-arm64-xl          15 migrate-support-check        fail   never pass
 test-arm64-arm64-libvirt-xsm 16 saverestore-support-check    fail   never pass
 test-arm64-arm64-xl          16 saverestore-support-check    fail   never pass
 test-arm64-arm64-xl-xsm      15 migrate-support-check        fail   never pass
 test-arm64-arm64-xl-xsm      16 saverestore-support-check    fail   never pass
 test-arm64-arm64-xl-credit2  15 migrate-support-check        fail   never pass
 test-arm64-arm64-xl-credit2  16 saverestore-support-check    fail   never pass
 test-arm64-arm64-xl-thunderx 15 migrate-support-check        fail   never pass
 test-arm64-arm64-xl-thunderx 16 saverestore-support-check    fail   never pass
 test-arm64-arm64-xl-credit1  15 migrate-support-check        fail   never pass
 test-arm64-arm64-xl-credit1  16 saverestore-support-check    fail   never pass
 test-amd64-amd64-libvirt-qcow2 14 migrate-support-check        fail never pass
 test-amd64-amd64-libvirt-qemuu-debianhvm-amd64-xsm 13 migrate-support-check 
fail never pass
 test-amd64-amd64-libvirt-raw 14 migrate-support-check        fail   never pass
 test-arm64-arm64-libvirt-raw 14 migrate-support-check        fail   never pass
 test-arm64-arm64-libvirt-raw 15 saverestore-support-check    fail   never pass
 test-arm64-arm64-xl-vhd      14 migrate-support-check        fail   never pass
 test-arm64-arm64-xl-vhd      15 saverestore-support-check    fail   never pass
 test-armhf-armhf-libvirt     15 migrate-support-check        fail   never pass
 test-armhf-armhf-xl-cubietruck 15 migrate-support-check        fail never pass
 test-armhf-armhf-xl-cubietruck 16 saverestore-support-check    fail never pass
 test-armhf-armhf-xl-credit1  15 migrate-support-check        fail   never pass
 test-armhf-armhf-xl-credit1  16 saverestore-support-check    fail   never pass
 test-armhf-armhf-libvirt-qcow2 14 migrate-support-check        fail never pass
 test-armhf-armhf-xl-credit2  15 migrate-support-check        fail   never pass
 test-armhf-armhf-xl-credit2  16 saverestore-support-check    fail   never pass
 test-armhf-armhf-xl-multivcpu 15 migrate-support-check        fail  never pass
 test-armhf-armhf-xl-multivcpu 16 saverestore-support-check    fail  never pass
 test-armhf-armhf-xl-rtds     15 migrate-support-check        fail   never pass
 test-armhf-armhf-xl-rtds     16 saverestore-support-check    fail   never pass
 test-armhf-armhf-xl-arndale  15 migrate-support-check        fail   never pass
 test-armhf-armhf-xl-arndale  16 saverestore-support-check    fail   never pass
 test-armhf-armhf-libvirt-raw 14 migrate-support-check        fail   never pass
 test-armhf-armhf-xl-vhd      14 migrate-support-check        fail   never pass
 test-armhf-armhf-xl-vhd      15 saverestore-support-check    fail   never pass
 test-armhf-armhf-xl          15 migrate-support-check        fail   never pass
 test-armhf-armhf-xl          16 saverestore-support-check    fail   never pass

version targeted for testing:
 linux                c69cf88cda5faca0e411babb67ac0d8bfd8b4646
baseline version:
 linux                dc164f4fb00a0abebdfff132f8bc7291a28f5401

Last test of basis   173271  2022-09-22 00:41:19 Z    1 days
Testing same since   173279  2022-09-22 18:41:27 Z    0 days    1 attempts

------------------------------------------------------------
People who touched revisions under test:
  Adam Ford <[email protected]>
  Adrian Hunter <[email protected]>
  Alex Elder <[email protected]>
  Alexander Stein <[email protected]>
  Andrii Staikov <[email protected]>
  Andy Shevchenko <[email protected]>
  Ard Biesheuvel <[email protected]>
  Arnaldo Carvalho de Melo <[email protected]>
  Arnd Bergmann <[email protected]>
  Arpana Arland <[email protected]> (A Contingent worker at Intel)
  Arınç ÜNAL <[email protected]>
  Bartosz Golaszewski <[email protected]>
  Benjamin Poirier <[email protected]>
  Bharathi Sreenivas <[email protected]>
  Bhupesh Sharma <[email protected]>
  Brett Creeley <[email protected]>
  Brian Norris <[email protected]>
  Claudiu Beznea <[email protected]>
  Cong Wang <[email protected]>
  Cristian Marussi <[email protected]>
  Daniel Dao <[email protected]>
  Dave Ertman <[email protected]>
  David Leadbeater <[email protected]>
  David S. Miller <[email protected]>
  David Thompson <[email protected]>
  Ding Hui <[email protected]>
  Dongliang Mu <[email protected]>
  Edward Cree <[email protected]>
  Emmanuel Grumbach <[email protected]>
  Fabio Estevam <[email protected]>
  Felix Fietkau <[email protected]>
  Florian Fainelli <[email protected]>
  Florian Westphal <[email protected]>
  Francesco Dolcini <[email protected]>
  Frank Wunderlich <[email protected]>
  Geert Uytterhoeven <[email protected]>
  Guilherme G. Piccoli <[email protected]>
  Gurucharan <[email protected]> (A Contingent worker at Intel)
  Haimin Zhang <[email protected]>
  Haimin Zhang <[email protected]>
  Haiyang Zhang <[email protected]>
  Hangbin Liu <[email protected]>
  Hangyu Hua <[email protected]>
  Heiko Stuebner <[email protected]>
  Helena Anna Dubel <[email protected]>
  Horatiu Vultur <[email protected]>
  Ido Schimmel <[email protected]>
  Igor Ryzhov <[email protected]>
  Ioana Ciornei <[email protected]>
  Jagan Teki <[email protected]>
  Jakub Kicinski <[email protected]>
  Jason A. Donenfeld <[email protected]>
  Jay Vosburgh <[email protected]>
  Jeroen de Borst <[email protected]>
  Jianglei Nie <[email protected]>
  Jie2x Zhou <[email protected]>
  Jonathan Toppins <[email protected]>
  Kalle Valo <[email protected]>
  Konrad Jankowski <[email protected]>
  Krzysztof Kozlowski <[email protected]>
  Larysa Zaremba <[email protected]>
  Leo Yan <[email protected]>
  Liang He <[email protected]>
  Lieven Hey <[email protected]>
  Linus Torvalds <[email protected]>
  Linus Walleij <[email protected]>
  Lorenzo Bianconi <[email protected]>
  Lu Wei <[email protected]>
  Lucas Stach <[email protected]>
  Ludovic Cintrat <[email protected]>
  Luiz Augusto von Dentz <[email protected]>
  Marc Kleine-Budde <[email protected]>
  Marc Zyngier <[email protected]>
  Marcel Ziswiler <[email protected]>
  Marco Felsch <[email protected]>
  Marek Vasut <[email protected]>
  Mateusz Palczewski <[email protected]>
  Matthieu Baerts <[email protected]>
  Meng Li <[email protected]>
  Miaoqian Lin <[email protected]>
  Michael Riesch <[email protected]>
  Michael Walle <[email protected]>
  Michal Jaron <[email protected]>
  Michal Swiatkowski <[email protected]>
  Namhyung Kim <[email protected]>
  Nicolas Frattaroli <[email protected]>
  Norbert Zulinski <[email protected]>
  Oleksandr Mazur <[email protected]>
  Pablo Neira Ayuso <[email protected]>
  Paolo Abeni <[email protected]>
  Peilin Ye <[email protected]>
  Peng Fan <[email protected]>
  Peter Geis <[email protected]>
  Petr Oros <[email protected]>
  Philippe Schenker <[email protected]>
  Rakesh Sankaranarayanan <[email protected]>
  Roberto Ricci <[email protected]>
  Sean Anderson <[email protected]>
  Sergei Antonov <[email protected]>
  Sergio Paracuellos <[email protected]>
  Shailend Chand <[email protected]>
  Shawn Guo <[email protected]>
  Shigeru Yoshida <[email protected]>
  Simon Wunderlich <[email protected]>
  Sudeep Holla <[email protected]>
  Sven Eckelmann <[email protected]>
  Sylwester Dziedziuch <[email protected]>
  syzbot <[email protected]>
  Tetsuo Handa <[email protected]>
  Thorsten Scherer <[email protected]>
  Tim Harvey <[email protected]>
  Toke Høiland-Jørgensen <[email protected]>
  Tony Nguyen <[email protected]>
  Vadim Fedorenko <[email protected]>
  Vinod Koul <[email protected]>
  Vladimir Oltean <[email protected]>
  Wen Gu <[email protected]>
  zain wang <[email protected]>
  Íñigo Huguet <[email protected]>

jobs:
 build-amd64-xsm                                              pass    
 build-arm64-xsm                                              pass    
 build-i386-xsm                                               pass    
 build-amd64                                                  pass    
 build-arm64                                                  pass    
 build-armhf                                                  pass    
 build-i386                                                   pass    
 build-amd64-libvirt                                          pass    
 build-arm64-libvirt                                          pass    
 build-armhf-libvirt                                          pass    
 build-i386-libvirt                                           pass    
 build-amd64-pvops                                            pass    
 build-arm64-pvops                                            pass    
 build-armhf-pvops                                            pass    
 build-i386-pvops                                             pass    
 test-amd64-amd64-xl                                          pass    
 test-amd64-coresched-amd64-xl                                pass    
 test-arm64-arm64-xl                                          pass    
 test-armhf-armhf-xl                                          pass    
 test-amd64-amd64-libvirt-qemuu-debianhvm-amd64-xsm           pass    
 test-amd64-amd64-xl-qemut-stubdom-debianhvm-amd64-xsm        pass    
 test-amd64-amd64-xl-qemut-debianhvm-i386-xsm                 pass    
 test-amd64-amd64-xl-qemuu-debianhvm-i386-xsm                 pass    
 test-amd64-amd64-libvirt-xsm                                 pass    
 test-arm64-arm64-libvirt-xsm                                 pass    
 test-amd64-amd64-xl-xsm                                      pass    
 test-arm64-arm64-xl-xsm                                      pass    
 test-amd64-amd64-qemuu-nested-amd                            fail    
 test-amd64-amd64-xl-pvhv2-amd                                pass    
 test-amd64-amd64-dom0pvh-xl-amd                              pass    
 test-amd64-amd64-xl-qemut-debianhvm-amd64                    pass    
 test-amd64-amd64-xl-qemuu-debianhvm-amd64                    pass    
 test-amd64-amd64-freebsd11-amd64                             pass    
 test-amd64-amd64-freebsd12-amd64                             pass    
 test-amd64-amd64-xl-qemuu-ovmf-amd64                         pass    
 test-amd64-amd64-xl-qemut-win7-amd64                         fail    
 test-amd64-amd64-xl-qemuu-win7-amd64                         fail    
 test-amd64-amd64-xl-qemut-ws16-amd64                         fail    
 test-amd64-amd64-xl-qemuu-ws16-amd64                         fail    
 test-armhf-armhf-xl-arndale                                  pass    
 test-amd64-amd64-examine-bios                                pass    
 test-amd64-amd64-xl-credit1                                  pass    
 test-arm64-arm64-xl-credit1                                  pass    
 test-armhf-armhf-xl-credit1                                  pass    
 test-amd64-amd64-xl-credit2                                  pass    
 test-arm64-arm64-xl-credit2                                  pass    
 test-armhf-armhf-xl-credit2                                  pass    
 test-armhf-armhf-xl-cubietruck                               pass    
 test-amd64-amd64-xl-qemuu-dmrestrict-amd64-dmrestrict        pass    
 test-amd64-amd64-examine                                     pass    
 test-arm64-arm64-examine                                     pass    
 test-armhf-armhf-examine                                     pass    
 test-amd64-amd64-qemuu-nested-intel                          pass    
 test-amd64-amd64-xl-pvhv2-intel                              pass    
 test-amd64-amd64-dom0pvh-xl-intel                            pass    
 test-amd64-amd64-libvirt                                     pass    
 test-armhf-armhf-libvirt                                     pass    
 test-amd64-amd64-xl-multivcpu                                pass    
 test-armhf-armhf-xl-multivcpu                                pass    
 test-amd64-amd64-pair                                        pass    
 test-amd64-amd64-libvirt-pair                                pass    
 test-amd64-amd64-xl-pvshim                                   pass    
 test-amd64-amd64-pygrub                                      pass    
 test-amd64-amd64-libvirt-qcow2                               pass    
 test-armhf-armhf-libvirt-qcow2                               pass    
 test-amd64-amd64-libvirt-raw                                 pass    
 test-arm64-arm64-libvirt-raw                                 pass    
 test-armhf-armhf-libvirt-raw                                 pass    
 test-amd64-amd64-xl-rtds                                     pass    
 test-armhf-armhf-xl-rtds                                     pass    
 test-arm64-arm64-xl-seattle                                  pass    
 test-amd64-amd64-xl-qemuu-debianhvm-amd64-shadow             pass    
 test-amd64-amd64-xl-shadow                                   pass    
 test-arm64-arm64-xl-thunderx                                 pass    
 test-amd64-amd64-examine-uefi                                pass    
 test-amd64-amd64-xl-vhd                                      pass    
 test-arm64-arm64-xl-vhd                                      pass    
 test-armhf-armhf-xl-vhd                                      pass    


------------------------------------------------------------
sg-report-flight on osstest.test-lab.xenproject.org
logs: /home/logs/logs
images: /home/logs/images

Logs, config files, etc. are available at
    http://logs.test-lab.xenproject.org/osstest/logs

Explanation of these reports, and of osstest in general, is at
    http://xenbits.xen.org/gitweb/?p=osstest.git;a=blob;f=README.email;hb=master
    http://xenbits.xen.org/gitweb/?p=osstest.git;a=blob;f=README;hb=master

Test harness code can be found at
    http://xenbits.xen.org/gitweb?p=osstest.git;a=summary


Pushing revision :

hint: The 'hooks/update' hook was ignored because it's not set as executable.
hint: You can disable this warning with `git config advice.ignoredHook false`.
hint: The 'hooks/post-receive' hook was ignored because it's not set as 
executable.
hint: You can disable this warning with `git config advice.ignoredHook false`.
hint: The 'hooks/post-update' hook was ignored because it's not set as 
executable.
hint: You can disable this warning with `git config advice.ignoredHook false`.
To xenbits.xen.org:/home/xen/git/linux-pvops.git
   dc164f4fb00a..c69cf88cda5f  c69cf88cda5faca0e411babb67ac0d8bfd8b4646 -> 
tested/linux-linus

Reply via email to