flight 173029 xen-unstable-smoke real [real]
http://logs.test-lab.xenproject.org/osstest/logs/173029/

Failures :-/ but no regressions.

Tests which did not succeed, but are not blocking:
 test-amd64-amd64-libvirt      1 build-check(1)               blocked  n/a
 build-amd64-libvirt           6 libvirt-build                fail  like 173026
 test-arm64-arm64-xl-xsm      15 migrate-support-check        fail   never pass
 test-arm64-arm64-xl-xsm      16 saverestore-support-check    fail   never pass
 test-armhf-armhf-xl          15 migrate-support-check        fail   never pass
 test-armhf-armhf-xl          16 saverestore-support-check    fail   never pass

version targeted for testing:
 xen                  172015009a6acc20357a2698800e13058ba1d3db
baseline version:
 xen                  48f35317c2e2707fc66a839690fe41e6f16180de

Last test of basis   173026  2022-09-06 15:00:30 Z    0 days
Testing same since   173029  2022-09-06 19:01:53 Z    0 days    1 attempts

------------------------------------------------------------
People who touched revisions under test:
  Bertrand Marquis <[email protected]>
  Bixuan Cui <[email protected]>
  Christophe JAILLET <[email protected]>
  Gustavo A. R. Silva <[email protected]>
  Jan Beulich <[email protected]>
  Jean-Philippe Brucker <[email protected]>
  Julien Grall <[email protected]>
  Penny Zheng <[email protected]>
  Rahul Singh <[email protected]>
  Robin Murphy <[email protected]>
  Stefano Stabellini <[email protected]>
  Will Deacon <[email protected]>
  Zenghui Yu <[email protected]>
  Zhen Lei <[email protected]>
  Zhou Wang <[email protected]>

jobs:
 build-arm64-xsm                                              pass    
 build-amd64                                                  pass    
 build-armhf                                                  pass    
 build-amd64-libvirt                                          fail    
 test-armhf-armhf-xl                                          pass    
 test-arm64-arm64-xl-xsm                                      pass    
 test-amd64-amd64-xl-qemuu-debianhvm-amd64                    pass    
 test-amd64-amd64-libvirt                                     blocked 


------------------------------------------------------------
sg-report-flight on osstest.test-lab.xenproject.org
logs: /home/logs/logs
images: /home/logs/images

Logs, config files, etc. are available at
    http://logs.test-lab.xenproject.org/osstest/logs

Explanation of these reports, and of osstest in general, is at
    http://xenbits.xen.org/gitweb/?p=osstest.git;a=blob;f=README.email;hb=master
    http://xenbits.xen.org/gitweb/?p=osstest.git;a=blob;f=README;hb=master

Test harness code can be found at
    http://xenbits.xen.org/gitweb?p=osstest.git;a=summary


Pushing revision :

To xenbits.xen.org:/home/xen/git/xen.git
   48f35317c2..172015009a  172015009a6acc20357a2698800e13058ba1d3db -> smoke

Reply via email to