flight 172955 qemu-mainline real [real]
http://logs.test-lab.xenproject.org/osstest/logs/172955/

Regressions :-(

Tests which did not succeed and are blocking,
including tests which could not be run:
 test-amd64-amd64-xl-qemuu-ovmf-amd64    <job status>          broken in 172945
 build-arm64-xsm               6 xen-build                fail REGR. vs. 172123
 build-amd64-libvirt           6 libvirt-build            fail REGR. vs. 172123
 build-i386-libvirt            6 libvirt-build            fail REGR. vs. 172123
 build-arm64                   6 xen-build                fail REGR. vs. 172123
 build-armhf                   6 xen-build                fail REGR. vs. 172123
 build-arm64-libvirt           6 libvirt-build  fail in 172945 REGR. vs. 172123
 build-armhf-libvirt           6 libvirt-build  fail in 172945 REGR. vs. 172123

Tests which are failing intermittently (not blocking):
 test-amd64-amd64-xl-qemuu-ovmf-amd64 5 host-install(5) broken in 172945 pass 
in 172955
 test-amd64-i386-pair         11 xen-install/dst_host       fail pass in 172945
 test-amd64-i386-qemuu-rhel6hvm-amd  7 xen-install          fail pass in 172945

Tests which did not succeed, but are not blocking:
 test-arm64-arm64-libvirt-raw  1 build-check(1)               blocked  n/a
 test-arm64-arm64-libvirt-xsm  1 build-check(1)               blocked  n/a
 test-arm64-arm64-xl           1 build-check(1)               blocked  n/a
 test-arm64-arm64-xl-credit1   1 build-check(1)               blocked  n/a
 test-arm64-arm64-xl-credit2   1 build-check(1)               blocked  n/a
 test-arm64-arm64-xl-seattle   1 build-check(1)               blocked  n/a
 test-arm64-arm64-xl-thunderx  1 build-check(1)               blocked  n/a
 test-arm64-arm64-xl-vhd       1 build-check(1)               blocked  n/a
 test-arm64-arm64-xl-xsm       1 build-check(1)               blocked  n/a
 test-armhf-armhf-libvirt      1 build-check(1)               blocked  n/a
 test-armhf-armhf-libvirt-qcow2  1 build-check(1)               blocked  n/a
 test-armhf-armhf-libvirt-raw  1 build-check(1)               blocked  n/a
 test-armhf-armhf-xl           1 build-check(1)               blocked  n/a
 test-armhf-armhf-xl-credit2   1 build-check(1)               blocked  n/a
 test-armhf-armhf-xl-cubietruck  1 build-check(1)               blocked  n/a
 test-armhf-armhf-xl-multivcpu  1 build-check(1)               blocked  n/a
 test-armhf-armhf-xl-rtds      1 build-check(1)               blocked  n/a
 test-armhf-armhf-xl-vhd       1 build-check(1)               blocked  n/a
 test-amd64-i386-libvirt-xsm   1 build-check(1)               blocked  n/a
 test-amd64-i386-libvirt-raw   1 build-check(1)               blocked  n/a
 test-amd64-i386-libvirt-qemuu-debianhvm-amd64-xsm 1 build-check(1) blocked n/a
 test-amd64-i386-libvirt-pair  1 build-check(1)               blocked  n/a
 test-amd64-i386-libvirt       1 build-check(1)               blocked  n/a
 build-arm64-libvirt           1 build-check(1)               blocked  n/a
 build-armhf-libvirt           1 build-check(1)               blocked  n/a
 test-amd64-amd64-libvirt      1 build-check(1)               blocked  n/a
 test-amd64-amd64-libvirt-pair  1 build-check(1)               blocked  n/a
 test-amd64-amd64-libvirt-qemuu-debianhvm-amd64-xsm 1 build-check(1) blocked n/a
 test-amd64-amd64-libvirt-vhd  1 build-check(1)               blocked  n/a
 test-amd64-amd64-libvirt-xsm  1 build-check(1)               blocked  n/a
 test-armhf-armhf-xl-arndale   1 build-check(1)               blocked  n/a
 test-armhf-armhf-xl-credit1   1 build-check(1)               blocked  n/a
 test-arm64-arm64-xl-seattle 15 migrate-support-check fail in 172945 never pass
 test-arm64-arm64-xl-seattle 16 saverestore-support-check fail in 172945 never 
pass
 test-arm64-arm64-xl-thunderx 15 migrate-support-check fail in 172945 never pass
 test-arm64-arm64-xl-thunderx 16 saverestore-support-check fail in 172945 never 
pass
 test-arm64-arm64-xl-xsm     15 migrate-support-check fail in 172945 never pass
 test-arm64-arm64-xl-xsm 16 saverestore-support-check fail in 172945 never pass
 test-arm64-arm64-xl-credit2 15 migrate-support-check fail in 172945 never pass
 test-arm64-arm64-xl-credit2 16 saverestore-support-check fail in 172945 never 
pass
 test-arm64-arm64-xl         15 migrate-support-check fail in 172945 never pass
 test-arm64-arm64-xl     16 saverestore-support-check fail in 172945 never pass
 test-arm64-arm64-xl-credit1 15 migrate-support-check fail in 172945 never pass
 test-arm64-arm64-xl-credit1 16 saverestore-support-check fail in 172945 never 
pass
 test-armhf-armhf-xl-arndale 15 migrate-support-check fail in 172945 never pass
 test-armhf-armhf-xl-arndale 16 saverestore-support-check fail in 172945 never 
pass
 test-arm64-arm64-xl-vhd     14 migrate-support-check fail in 172945 never pass
 test-arm64-arm64-xl-vhd 15 saverestore-support-check fail in 172945 never pass
 test-armhf-armhf-xl-credit2 15 migrate-support-check fail in 172945 never pass
 test-armhf-armhf-xl-credit2 16 saverestore-support-check fail in 172945 never 
pass
 test-armhf-armhf-xl-multivcpu 15 migrate-support-check fail in 172945 never 
pass
 test-armhf-armhf-xl-multivcpu 16 saverestore-support-check fail in 172945 
never pass
 test-armhf-armhf-xl-cubietruck 15 migrate-support-check fail in 172945 never 
pass
 test-armhf-armhf-xl-cubietruck 16 saverestore-support-check fail in 172945 
never pass
 test-armhf-armhf-xl-rtds    15 migrate-support-check fail in 172945 never pass
 test-armhf-armhf-xl-rtds 16 saverestore-support-check fail in 172945 never pass
 test-armhf-armhf-xl         15 migrate-support-check fail in 172945 never pass
 test-armhf-armhf-xl     16 saverestore-support-check fail in 172945 never pass
 test-armhf-armhf-xl-credit1 15 migrate-support-check fail in 172945 never pass
 test-armhf-armhf-xl-credit1 16 saverestore-support-check fail in 172945 never 
pass
 test-armhf-armhf-xl-vhd     14 migrate-support-check fail in 172945 never pass
 test-armhf-armhf-xl-vhd 15 saverestore-support-check fail in 172945 never pass
 test-amd64-amd64-xl-qemuu-win7-amd64 19 guest-stop            fail like 172123
 test-amd64-i386-xl-qemuu-win7-amd64 19 guest-stop             fail like 172123
 test-amd64-amd64-qemuu-nested-amd 20 debian-hvm-install/l1/l2 fail like 172123
 test-amd64-i386-xl-qemuu-ws16-amd64 19 guest-stop             fail like 172123
 test-amd64-amd64-xl-qemuu-ws16-amd64 19 guest-stop            fail like 172123
 test-amd64-i386-xl-pvshim    14 guest-start                  fail   never pass

version targeted for testing:
 qemuu                61fd710b8da8aedcea9b4f197283dc38638e4b60
baseline version:
 qemuu                2480f3bbd03814b0651a1f74959f5c6631ee5819

Last test of basis   172123  2022-08-03 18:10:07 Z   30 days
Failing since        172148  2022-08-04 21:39:38 Z   29 days   68 attempts
Testing same since   172945  2022-09-02 23:10:19 Z    0 days    2 attempts

------------------------------------------------------------
People who touched revisions under test:
  Akihiko Odaki <[email protected]>
  Akihiko Odaki <[email protected]>
  Alex Bennée <[email protected]>
  Alexey Kardashevskiy <[email protected]>
  Andrea Bolognani <[email protected]>
  Anton Kochkov <[email protected]>
  BALATON Zoltan <[email protected]>
  Bin Meng <[email protected]>
  Christian Borntraeger <[email protected]>
  Cornelia Huck <[email protected]>
  Cédric Le Goater <[email protected]>
  Daniel Henrique Barboza <[email protected]>
  Daniel P. Berrangé <[email protected]>
  David Hildenbrand <[email protected]>
  Eugenio Pérez <[email protected]>
  Gerd Hoffmann <[email protected]>
  Helge Deller <[email protected]>
  Igor Mammedov <[email protected]>
  Ilya Leoshkevich <[email protected]>
  Jason Wang <[email protected]>
  John Millikin <[email protected]>
  John Snow <[email protected]>
  Jonathan Cameron <[email protected]>
  Kevin Wolf <[email protected]>
  Laurent Vivier <[email protected]>
  Leonardo Bras <[email protected]>
  Lucas Mateus Castro (alqotel) <[email protected]>
  Marc-André Lureau <[email protected]>
  Mark Cave-Ayland <[email protected]>
  Markus Armbruster <[email protected]>
  Matheus Tavares Bernardino <[email protected]>
  Michael S. Tsirkin <[email protected]>
  Nicholas Piggin <[email protected]>
  Paolo Bonzini <[email protected]>
  Paul Brook <[email protected]>
  Pavel Dovgalyuk <[email protected]>
  Peter Maydell <[email protected]>
  Philippe Mathieu-Daudé <[email protected]>
  Priyankar Jain <[email protected]>
  Qi Hu <[email protected]>
  Qiang Liu <[email protected]>
  Richard Henderson <[email protected]>
  Richard W.M. Jones <[email protected]>
  Samuel Thibault <[email protected]>
  Song Gao <[email protected]>
  Stefan Hajnoczi <[email protected]>
  Stefan Weil <[email protected]>
  Thomas Huth <[email protected]>
  Tomasz Martyniak <gitlab.com/tom4r>
  Vitaly Buka <[email protected]>
  Vitaly Kuznetsov <[email protected]>
  Xiaojuan Yang <[email protected]>
  Xuzhou Cheng <[email protected]>
  Yonggang Luo <[email protected]>
  Zenghui Yu <[email protected]>
  Zhang Chen <[email protected]>
  Zheyu Ma <[email protected]>

jobs:
 build-amd64-xsm                                              pass    
 build-arm64-xsm                                              fail    
 build-i386-xsm                                               pass    
 build-amd64                                                  pass    
 build-arm64                                                  fail    
 build-armhf                                                  fail    
 build-i386                                                   pass    
 build-amd64-libvirt                                          fail    
 build-arm64-libvirt                                          blocked 
 build-armhf-libvirt                                          blocked 
 build-i386-libvirt                                           fail    
 build-amd64-pvops                                            pass    
 build-arm64-pvops                                            pass    
 build-armhf-pvops                                            pass    
 build-i386-pvops                                             pass    
 test-amd64-amd64-xl                                          pass    
 test-amd64-coresched-amd64-xl                                pass    
 test-arm64-arm64-xl                                          blocked 
 test-armhf-armhf-xl                                          blocked 
 test-amd64-i386-xl                                           pass    
 test-amd64-coresched-i386-xl                                 pass    
 test-amd64-amd64-libvirt-qemuu-debianhvm-amd64-xsm           blocked 
 test-amd64-i386-libvirt-qemuu-debianhvm-amd64-xsm            blocked 
 test-amd64-amd64-xl-qemuu-debianhvm-i386-xsm                 pass    
 test-amd64-i386-xl-qemuu-debianhvm-i386-xsm                  pass    
 test-amd64-amd64-libvirt-xsm                                 blocked 
 test-arm64-arm64-libvirt-xsm                                 blocked 
 test-amd64-i386-libvirt-xsm                                  blocked 
 test-amd64-amd64-xl-xsm                                      pass    
 test-arm64-arm64-xl-xsm                                      blocked 
 test-amd64-i386-xl-xsm                                       pass    
 test-amd64-amd64-qemuu-nested-amd                            fail    
 test-amd64-amd64-xl-pvhv2-amd                                pass    
 test-amd64-i386-qemuu-rhel6hvm-amd                           fail    
 test-amd64-amd64-dom0pvh-xl-amd                              pass    
 test-amd64-amd64-xl-qemuu-debianhvm-amd64                    pass    
 test-amd64-i386-xl-qemuu-debianhvm-amd64                     pass    
 test-amd64-i386-freebsd10-amd64                              pass    
 test-amd64-amd64-qemuu-freebsd11-amd64                       pass    
 test-amd64-amd64-qemuu-freebsd12-amd64                       pass    
 test-amd64-amd64-xl-qemuu-ovmf-amd64                         pass    
 test-amd64-i386-xl-qemuu-ovmf-amd64                          pass    
 test-amd64-amd64-xl-qemuu-win7-amd64                         fail    
 test-amd64-i386-xl-qemuu-win7-amd64                          fail    
 test-amd64-amd64-xl-qemuu-ws16-amd64                         fail    
 test-amd64-i386-xl-qemuu-ws16-amd64                          fail    
 test-armhf-armhf-xl-arndale                                  blocked 
 test-amd64-amd64-xl-credit1                                  pass    
 test-arm64-arm64-xl-credit1                                  blocked 
 test-armhf-armhf-xl-credit1                                  blocked 
 test-amd64-amd64-xl-credit2                                  pass    
 test-arm64-arm64-xl-credit2                                  blocked 
 test-armhf-armhf-xl-credit2                                  blocked 
 test-armhf-armhf-xl-cubietruck                               blocked 
 test-amd64-amd64-xl-qemuu-dmrestrict-amd64-dmrestrict        pass    
 test-amd64-i386-xl-qemuu-dmrestrict-amd64-dmrestrict         pass    
 test-amd64-i386-freebsd10-i386                               pass    
 test-amd64-amd64-qemuu-nested-intel                          pass    
 test-amd64-amd64-xl-pvhv2-intel                              pass    
 test-amd64-i386-qemuu-rhel6hvm-intel                         pass    
 test-amd64-amd64-dom0pvh-xl-intel                            pass    
 test-amd64-amd64-libvirt                                     blocked 
 test-armhf-armhf-libvirt                                     blocked 
 test-amd64-i386-libvirt                                      blocked 
 test-amd64-amd64-xl-multivcpu                                pass    
 test-armhf-armhf-xl-multivcpu                                blocked 
 test-amd64-amd64-pair                                        pass    
 test-amd64-i386-pair                                         fail    
 test-amd64-amd64-libvirt-pair                                blocked 
 test-amd64-i386-libvirt-pair                                 blocked 
 test-amd64-amd64-xl-pvshim                                   pass    
 test-amd64-i386-xl-pvshim                                    fail    
 test-amd64-amd64-pygrub                                      pass    
 test-armhf-armhf-libvirt-qcow2                               blocked 
 test-amd64-amd64-xl-qcow2                                    pass    
 test-arm64-arm64-libvirt-raw                                 blocked 
 test-armhf-armhf-libvirt-raw                                 blocked 
 test-amd64-i386-libvirt-raw                                  blocked 
 test-amd64-amd64-xl-rtds                                     pass    
 test-armhf-armhf-xl-rtds                                     blocked 
 test-arm64-arm64-xl-seattle                                  blocked 
 test-amd64-amd64-xl-qemuu-debianhvm-amd64-shadow             pass    
 test-amd64-i386-xl-qemuu-debianhvm-amd64-shadow              pass    
 test-amd64-amd64-xl-shadow                                   pass    
 test-amd64-i386-xl-shadow                                    pass    
 test-arm64-arm64-xl-thunderx                                 blocked 
 test-amd64-amd64-libvirt-vhd                                 blocked 
 test-arm64-arm64-xl-vhd                                      blocked 
 test-armhf-armhf-xl-vhd                                      blocked 
 test-amd64-i386-xl-vhd                                       pass    


------------------------------------------------------------
sg-report-flight on osstest.test-lab.xenproject.org
logs: /home/logs/logs
images: /home/logs/images

Logs, config files, etc. are available at
    http://logs.test-lab.xenproject.org/osstest/logs

Explanation of these reports, and of osstest in general, is at
    http://xenbits.xen.org/gitweb/?p=osstest.git;a=blob;f=README.email;hb=master
    http://xenbits.xen.org/gitweb/?p=osstest.git;a=blob;f=README;hb=master

Test harness code can be found at
    http://xenbits.xen.org/gitweb?p=osstest.git;a=summary

broken-job test-amd64-amd64-xl-qemuu-ovmf-amd64 broken

Not pushing.

(No revision log; it would be 5434 lines long.)

Reply via email to