flight 172084 linux-linus real [real] http://logs.test-lab.xenproject.org/osstest/logs/172084/
Failures :-/ but no regressions. Tests which did not succeed, but are not blocking: test-amd64-amd64-xl-qemut-win7-amd64 19 guest-stop fail like 172074 test-armhf-armhf-libvirt 16 saverestore-support-check fail like 172074 test-amd64-amd64-qemuu-nested-amd 20 debian-hvm-install/l1/l2 fail like 172074 test-amd64-amd64-xl-qemuu-ws16-amd64 19 guest-stop fail like 172074 test-amd64-amd64-xl-qemuu-win7-amd64 19 guest-stop fail like 172074 test-armhf-armhf-libvirt-raw 15 saverestore-support-check fail like 172074 test-armhf-armhf-libvirt-qcow2 15 saverestore-support-check fail like 172074 test-amd64-amd64-xl-qemut-ws16-amd64 19 guest-stop fail like 172074 test-amd64-amd64-libvirt-xsm 15 migrate-support-check fail never pass test-amd64-amd64-libvirt 15 migrate-support-check fail never pass test-arm64-arm64-xl 15 migrate-support-check fail never pass test-arm64-arm64-xl 16 saverestore-support-check fail never pass test-arm64-arm64-xl-credit2 15 migrate-support-check fail never pass test-arm64-arm64-xl-credit2 16 saverestore-support-check fail never pass test-arm64-arm64-xl-xsm 15 migrate-support-check fail never pass test-arm64-arm64-xl-xsm 16 saverestore-support-check fail never pass test-arm64-arm64-xl-thunderx 15 migrate-support-check fail never pass test-arm64-arm64-xl-thunderx 16 saverestore-support-check fail never pass test-arm64-arm64-libvirt-xsm 15 migrate-support-check fail never pass test-arm64-arm64-libvirt-xsm 16 saverestore-support-check fail never pass test-armhf-armhf-xl-arndale 15 migrate-support-check fail never pass test-armhf-armhf-xl-arndale 16 saverestore-support-check fail never pass test-amd64-amd64-libvirt-qemuu-debianhvm-amd64-xsm 13 migrate-support-check fail never pass test-amd64-amd64-libvirt-qcow2 14 migrate-support-check fail never pass test-amd64-amd64-libvirt-raw 14 migrate-support-check fail never pass test-armhf-armhf-xl 15 migrate-support-check fail never pass test-armhf-armhf-xl 16 saverestore-support-check fail never pass test-armhf-armhf-xl-credit2 15 migrate-support-check fail never pass test-armhf-armhf-xl-credit2 16 saverestore-support-check fail never pass test-armhf-armhf-xl-multivcpu 15 migrate-support-check fail never pass test-armhf-armhf-xl-multivcpu 16 saverestore-support-check fail never pass test-arm64-arm64-libvirt-raw 14 migrate-support-check fail never pass test-arm64-arm64-libvirt-raw 15 saverestore-support-check fail never pass test-armhf-armhf-xl-credit1 15 migrate-support-check fail never pass test-armhf-armhf-xl-credit1 16 saverestore-support-check fail never pass test-armhf-armhf-libvirt 15 migrate-support-check fail never pass test-armhf-armhf-xl-cubietruck 15 migrate-support-check fail never pass test-armhf-armhf-xl-cubietruck 16 saverestore-support-check fail never pass test-armhf-armhf-xl-rtds 15 migrate-support-check fail never pass test-armhf-armhf-xl-rtds 16 saverestore-support-check fail never pass test-arm64-arm64-xl-vhd 14 migrate-support-check fail never pass test-arm64-arm64-xl-vhd 15 saverestore-support-check fail never pass test-arm64-arm64-xl-seattle 15 migrate-support-check fail never pass test-arm64-arm64-xl-seattle 16 saverestore-support-check fail never pass test-arm64-arm64-xl-credit1 15 migrate-support-check fail never pass test-arm64-arm64-xl-credit1 16 saverestore-support-check fail never pass test-armhf-armhf-libvirt-raw 14 migrate-support-check fail never pass test-armhf-armhf-xl-vhd 14 migrate-support-check fail never pass test-armhf-armhf-xl-vhd 15 saverestore-support-check fail never pass test-armhf-armhf-libvirt-qcow2 14 migrate-support-check fail never pass version targeted for testing: linux 7d0d3fa7339ed5a06d6608b7cde9f079eba62bb1 baseline version: linux 9de1f9c8ca5100a02a2e271bdbde36202e251b4b Last test of basis 172074 2022-08-02 02:01:19 Z 0 days Testing same since 172084 2022-08-02 16:41:39 Z 0 days 1 attempts ------------------------------------------------------------ People who touched revisions under test: Aaro Koskinen <[email protected]> Abel Vesa <[email protected]> Abel Vesa <[email protected]> Ahmad Fatoum <[email protected]> Akash Gajjar <[email protected]> Akhil R <[email protected]> Alec Su <[email protected]> Alexander Martinz <[email protected]> Alexander Stein <[email protected]> Alexander Sverdlin <[email protected]> Alexandre Torgue <[email protected]> Alim Akhtar <[email protected]> Allen-KH Cheng <[email protected]> Anand Gore <[email protected]> Andre Przywara <[email protected]> Andreas Kemnade <[email protected]> Andrew-sh.Cheng <[email protected]> Andrey Konovalov <[email protected]> André Almeida <[email protected]> AngeloGioacchino Del Regno <[email protected]> Ansuel Smith <[email protected]> Anton Bambura <[email protected]> Arnd Bergmann <[email protected]> Aswath Govindraju <[email protected]> Baruch Siach <[email protected]> Bhadram Varka <[email protected]> Bharat Uppal <[email protected]> Bhupesh Sharma <[email protected]> Biju Das <[email protected]> Bjorn Andersson <[email protected]> Bryan O'Donoghue <[email protected]> Caleb Connolly <[email protected]> Chanho Park <[email protected]> Chen-Yu Tsai <[email protected]> Chris Packham <[email protected]> Chris Paterson <[email protected]> Christian Lamparter <[email protected]> Christian Marangi <[email protected]> Chun-Kuang Hu <[email protected]> Chunfeng Yun <[email protected]> Claudiu Beznea <[email protected]> Clément Léger <[email protected]> Cristian Marussi <[email protected]> Damien Le Moal <[email protected]> Dan Williams <[email protected]> Dang Huynh <[email protected]> David Heidelberg <[email protected]> David Virag <[email protected]> David Wang <[email protected]> Denys Drozdov <[email protected]> Dinh Nguyen <[email protected]> Dmitry Baryshkov <[email protected]> Douglas Anderson <[email protected]> Dylan Van Assche <[email protected]> Emma Anholt <[email protected]> Enric Balletbo i Serra <[email protected]> Eric Chanudet <[email protected]> Fabien Dessenne <[email protected]> Fabien Parent <[email protected]> Fabio Estevam <[email protected]> Fabio Estevam <[email protected]> Felix Fietkau <[email protected]> Florian Fainelli <[email protected]> Frank Wunderlich <[email protected]> Furkan Kardame <[email protected]> Gabriel Fernandez <[email protected]> Geert Uytterhoeven <[email protected]> Georgi Djakov <[email protected]> Gregari Ivanov <[email protected]> Gregory CLEMENT <[email protected]> Guenter Roeck <[email protected]> Guillaume La Roque <[email protected]> Gwendal Grignou <[email protected]> Heiko Stuebner <[email protected]> Herve Codina <[email protected]> Hitomi Hasegawa <[email protected]> Horatiu Vultur <[email protected]> Hsin-Yi Wang <[email protected]> Jacek Anaszewski <[email protected]> Jayesh Choudhary <[email protected]> Jernej Skrabec <[email protected]> Jiang Jian <[email protected]> Johan Hovold <[email protected]> Johan Jonker <[email protected]> John Garry <[email protected]> Jonathan Marek <[email protected]> Jonathan McDowell <[email protected]> Joseph S. Barrera III <[email protected]> Juerg Haefliger <[email protected]> Juerg Haefliger <[email protected]> Julia Lawall <[email protected]> Kartik <[email protected]> Kaushal Kumar <[email protected]> Kavyasree Kotagiri <[email protected]> Kevin Hilman <[email protected]> Kishon Vijay Abraham I <[email protected]> Konrad Dybcio <[email protected]> Krzysztof Kozlowski <[email protected]> Krzysztof Kozlowski <[email protected]> Kuogee Hsieh <[email protected]> Kursad Oney <[email protected]> Laurent Pinchart <[email protected]> Lee Jones <[email protected]> Leonard Göhrs <[email protected]> Liang He <[email protected]> Lin, Meng-Bo <[email protected]> Linh Phung <[email protected]> Linus Torvalds <[email protected]> Linus Walleij <[email protected]> Liviu Dudau <[email protected]> Luca Weiss <[email protected]> Luca Weiss <[email protected]> Lucas Stach <[email protected]> Lukas Bulwahn <[email protected]> Lv Ruyi <[email protected]> Macpaul Lin <[email protected]> Manivannan Sadhasivam <[email protected]> Marc Zyngier <[email protected]> Marcel Ziswiler <[email protected]> Marek Behún <[email protected]> Marek Vasut <[email protected]> Marijn Suijten <[email protected]> Mark Brown <[email protected]> Markus Niebel <[email protected]> Markuss Broks <[email protected]> Martin Blumenstingl <[email protected]> Martin Jücker <[email protected]> Martin Kaiser <[email protected]> Martin Kepplinger <[email protected]> Matthias Brugger <[email protected]> Matthias Kaehlcke <[email protected]> Mauro Carvalho Chehab <[email protected]> Max Krummenacher <[email protected]> Miaoqian Lin <[email protected]> Michael Riesch <[email protected]> Michael Trimarchi <[email protected]> Michael Walle <[email protected]> Michal Simek <[email protected]> Michal Simek <[email protected]> Mikko Perttunen <[email protected]> Molly Sophia <[email protected]> Moudy Ho <[email protected]> Nathan Chancellor <[email protected]> Neil Armstrong <[email protected]> Nick Hainke <[email protected]> Nicolas Ferre <[email protected]> Nicolas Frattaroli <[email protected]> Nicolas Saenz Julienne <[email protected]> Niklas Söderlund <[email protected]> Niravkumar L Rabara <[email protected]> Nishanth Menon <[email protected]> Nícolas F. R. A. Prado <[email protected]> Oleksandr Suvorov <[email protected]> Pali Rohár <[email protected]> Parikshit Pareek <[email protected]> Paweł Anikiel <[email protected]> Peng Fan <[email protected]> Peng Wu <[email protected]> Peter Geis <[email protected]> Peter Robinson <[email protected]> Phil Edworthy <[email protected]> Philipp Zabel <[email protected]> Philippe Schenker <[email protected]> qianfan Zhao <[email protected]> Qin Jian <[email protected]> Rafał Miłecki <[email protected]> Rex-BC Chen <[email protected]> Rob Herring <[email protected]> Robert Foss <[email protected]> Robert Hancock <[email protected]> Robert Marko <[email protected]> Robin van der Gracht <[email protected]> Roger Lu <[email protected]> Rohit Agarwal <[email protected]> Runyang Chen <[email protected]> Sameer Pujar <[email protected]> Samuel Holland <[email protected]> Sascha Hauer <[email protected]> Sean Anderson <[email protected]> Serge Semin <[email protected]> Shawn Guo <[email protected]> Shengjiu Wang <[email protected]> Sibi Sankar <[email protected]> Simon Holesch <[email protected]> Simon Horman <[email protected]> Sireesh Kodali <[email protected]> Sjoerd Simons <[email protected]> Srinivasa Rao Mandadapu <[email protected]> Steev Klimaszewski <[email protected]> Stefan Agner <[email protected]> Stefan Hansson <[email protected]> Stefan Wahren <[email protected]> Stephan Gerhold <[email protected]> Stephen Boyd <[email protected]> Stephen Boyd <[email protected]> Sudeep Holla <[email protected]> Sumit Garg <[email protected]> Sumit Gupta <[email protected]> Tamás Szűcs <[email protected]> Tanmay Shah <[email protected]> Teh Wen Ping <[email protected]> Teresa Remmet <[email protected]> Thara Gopinath <[email protected]> Thierry Reding <[email protected]> Tho Vu <[email protected]> Tim Harvey <[email protected]> Timo Alho <[email protected]> Tomer Maimon <[email protected]> Tony Lindgren <[email protected]> Ulrich Ölmann <[email protected]> Uwe Kleine-König <[email protected]> Vadym Kochan <[email protected]> Venkata Prasad Potturu <[email protected]> Vinod Koul <[email protected]> Vinod Polimera <[email protected]> Viorel Suman <[email protected]> Viresh Kumar <[email protected]> Vladimir Zapolskiy <[email protected]> Vladimir Zapolskiy <[email protected]> William Zhang <[email protected]> Wolfram Sang <[email protected]> Wolfram Sang <[email protected]> Xiang wangx <[email protected]> Xiangsheng Hou <[email protected]> XueBing Chen <[email protected]> Yang Li <[email protected]> Yang Yingliang <[email protected]> Yassine Oudjana <[email protected]> Yoshihiro Shimoda <[email protected]> Zelong Dong <[email protected]> jobs: build-amd64-xsm pass build-arm64-xsm pass build-i386-xsm pass build-amd64 pass build-arm64 pass build-armhf pass build-i386 pass build-amd64-libvirt pass build-arm64-libvirt pass build-armhf-libvirt pass build-i386-libvirt pass build-amd64-pvops pass build-arm64-pvops pass build-armhf-pvops pass build-i386-pvops pass test-amd64-amd64-xl pass test-amd64-coresched-amd64-xl pass test-arm64-arm64-xl pass test-armhf-armhf-xl pass test-amd64-amd64-libvirt-qemuu-debianhvm-amd64-xsm pass test-amd64-amd64-xl-qemut-stubdom-debianhvm-amd64-xsm pass test-amd64-amd64-xl-qemut-debianhvm-i386-xsm pass test-amd64-amd64-xl-qemuu-debianhvm-i386-xsm pass test-amd64-amd64-libvirt-xsm pass test-arm64-arm64-libvirt-xsm pass test-amd64-amd64-xl-xsm pass test-arm64-arm64-xl-xsm pass test-amd64-amd64-qemuu-nested-amd fail test-amd64-amd64-xl-pvhv2-amd pass test-amd64-amd64-dom0pvh-xl-amd pass test-amd64-amd64-xl-qemut-debianhvm-amd64 pass test-amd64-amd64-xl-qemuu-debianhvm-amd64 pass test-amd64-amd64-freebsd11-amd64 pass test-amd64-amd64-freebsd12-amd64 pass test-amd64-amd64-xl-qemuu-ovmf-amd64 pass test-amd64-amd64-xl-qemut-win7-amd64 fail test-amd64-amd64-xl-qemuu-win7-amd64 fail test-amd64-amd64-xl-qemut-ws16-amd64 fail test-amd64-amd64-xl-qemuu-ws16-amd64 fail test-armhf-armhf-xl-arndale pass test-amd64-amd64-examine-bios pass test-amd64-amd64-xl-credit1 pass test-arm64-arm64-xl-credit1 pass test-armhf-armhf-xl-credit1 pass test-amd64-amd64-xl-credit2 pass test-arm64-arm64-xl-credit2 pass test-armhf-armhf-xl-credit2 pass test-armhf-armhf-xl-cubietruck pass test-amd64-amd64-xl-qemuu-dmrestrict-amd64-dmrestrict pass test-amd64-amd64-examine pass test-arm64-arm64-examine pass test-armhf-armhf-examine pass test-amd64-amd64-qemuu-nested-intel pass test-amd64-amd64-xl-pvhv2-intel pass test-amd64-amd64-dom0pvh-xl-intel pass test-amd64-amd64-libvirt pass test-armhf-armhf-libvirt pass test-amd64-amd64-xl-multivcpu pass test-armhf-armhf-xl-multivcpu pass test-amd64-amd64-pair pass test-amd64-amd64-libvirt-pair pass test-amd64-amd64-xl-pvshim pass test-amd64-amd64-pygrub pass test-amd64-amd64-libvirt-qcow2 pass test-armhf-armhf-libvirt-qcow2 pass test-amd64-amd64-libvirt-raw pass test-arm64-arm64-libvirt-raw pass test-armhf-armhf-libvirt-raw pass test-amd64-amd64-xl-rtds pass test-armhf-armhf-xl-rtds pass test-arm64-arm64-xl-seattle pass test-amd64-amd64-xl-qemuu-debianhvm-amd64-shadow pass test-amd64-amd64-xl-shadow pass test-arm64-arm64-xl-thunderx pass test-amd64-amd64-examine-uefi pass test-amd64-amd64-xl-vhd pass test-arm64-arm64-xl-vhd pass test-armhf-armhf-xl-vhd pass ------------------------------------------------------------ sg-report-flight on osstest.test-lab.xenproject.org logs: /home/logs/logs images: /home/logs/images Logs, config files, etc. are available at http://logs.test-lab.xenproject.org/osstest/logs Explanation of these reports, and of osstest in general, is at http://xenbits.xen.org/gitweb/?p=osstest.git;a=blob;f=README.email;hb=master http://xenbits.xen.org/gitweb/?p=osstest.git;a=blob;f=README;hb=master Test harness code can be found at http://xenbits.xen.org/gitweb?p=osstest.git;a=summary Pushing revision : hint: The 'hooks/update' hook was ignored because it's not set as executable. hint: You can disable this warning with `git config advice.ignoredHook false`. hint: The 'hooks/post-receive' hook was ignored because it's not set as executable. hint: You can disable this warning with `git config advice.ignoredHook false`. hint: The 'hooks/post-update' hook was ignored because it's not set as executable. hint: You can disable this warning with `git config advice.ignoredHook false`. To xenbits.xen.org:/home/xen/git/linux-pvops.git 9de1f9c8ca51..7d0d3fa7339e 7d0d3fa7339ed5a06d6608b7cde9f079eba62bb1 -> tested/linux-linus
